CRAN Package Check Results for Package crossrun

Last updated on 2022-01-27 15:53:31 CET.

Flavor Version Tinstall Tcheck Ttotal Status Flags
r-devel-linux-x86_64-debian-clang 0.1.0 2.48 55.97 58.45 NOTE
r-devel-linux-x86_64-debian-gcc 0.1.0 2.44 42.96 45.40 NOTE
r-devel-linux-x86_64-fedora-clang 0.1.0 70.89 OK
r-devel-linux-x86_64-fedora-gcc 0.1.0 60.98 OK
r-devel-windows-x86_64-new-UL 0.1.0 37.00 88.00 125.00 NOTE
r-devel-windows-x86_64-new-TK 0.1.0 OK
r-patched-linux-x86_64 0.1.0 3.34 53.49 56.83 NOTE
r-release-linux-x86_64 0.1.0 2.83 53.20 56.03 NOTE
r-release-macos-arm64 0.1.0 OK
r-release-macos-x86_64 0.1.0 OK
r-release-windows-ix86+x86_64 0.1.0 7.00 64.00 71.00 NOTE
r-oldrel-macos-x86_64 0.1.0 OK
r-oldrel-windows-ix86+x86_64 0.1.0 6.00 66.00 72.00 NOTE

Check Details

Version: 0.1.0
Check: package vignettes
Result: NOTE
    Package vignette with placeholder title 'Vignette Title':
     'vignettecrossrun.Rmd'
Flavors: r-devel-linux-x86_64-debian-clang, r-devel-linux-x86_64-debian-gcc, r-devel-windows-x86_64-new-UL, r-patched-linux-x86_64, r-release-linux-x86_64, r-release-windows-ix86+x86_64, r-oldrel-windows-ix86+x86_64