CRAN Package Check Results for Package crops

Last updated on 2022-06-27 15:53:41 CEST.

Flavor Version Tinstall Tcheck Ttotal Status Flags
r-devel-linux-x86_64-debian-clang 1.0.1 12.15 89.57 101.72 OK
r-devel-linux-x86_64-debian-gcc 1.0.1 9.37 66.53 75.90 OK
r-devel-linux-x86_64-fedora-clang 1.0.1 128.09 NOTE
r-devel-linux-x86_64-fedora-gcc 1.0.1 124.20 NOTE
r-devel-windows-x86_64 1.0.1 24.00 107.00 131.00 OK
r-patched-linux-x86_64 1.0.1 10.07 83.29 93.36 OK
r-release-linux-x86_64 1.0.1 7.70 84.71 92.41 OK
r-release-macos-arm64 1.0.1 36.00 NOTE
r-release-macos-x86_64 1.0.1 66.00 NOTE
r-release-windows-x86_64 1.0.1 19.00 109.00 128.00 OK
r-oldrel-macos-arm64 1.0.1 37.00 NOTE
r-oldrel-macos-x86_64 1.0.1 49.00 NOTE
r-oldrel-windows-ix86+x86_64 1.0.1 26.00 106.00 132.00 OK

Check Details

Version: 1.0.1
Check: dependencies in R code
Result: NOTE
    Namespaces in Imports field not imported from:
     ‘Rdpack’ ‘pacman’
     All declared Imports should be used.
Flavors: r-devel-linux-x86_64-fedora-clang, r-devel-linux-x86_64-fedora-gcc, r-release-macos-arm64, r-release-macos-x86_64, r-oldrel-macos-arm64, r-oldrel-macos-x86_64