CRAN Package Check Results for Package crctStepdown

Last updated on 2022-01-25 15:54:14 CET.

Flavor Version Tinstall Tcheck Ttotal Status Flags
r-devel-linux-x86_64-debian-clang 0.2.1 21.92 84.13 106.05 OK
r-devel-linux-x86_64-debian-gcc 0.2.1 16.72 67.61 84.33 OK
r-devel-linux-x86_64-fedora-clang 0.2.1 130.29 OK
r-devel-linux-x86_64-fedora-gcc 0.2.1 115.17 OK
r-devel-windows-x86_64-new-UL 0.2.1 52.00 122.00 174.00 OK
r-devel-windows-x86_64-new-TK 0.2.1 ERROR
r-patched-linux-x86_64 0.2.1 16.54 75.78 92.32 OK
r-release-linux-x86_64 0.2.1 18.47 75.00 93.47 OK
r-release-macos-arm64 0.2.1 OK
r-release-macos-x86_64 0.2.1 OK
r-release-windows-ix86+x86_64 0.2.1 54.00 142.00 196.00 OK
r-oldrel-macos-x86_64 0.2.1 OK
r-oldrel-windows-ix86+x86_64 0.2.1 53.00 147.00 200.00 OK

Check Details

Version: 0.2.1
Check: package dependencies
Result: ERROR
    Packages required but not available: 'ggpubr', 'lme4'
    
    See section 'The DESCRIPTION file' in the 'Writing R Extensions'
    manual.
Flavor: r-devel-windows-x86_64-new-TK