Last updated on 2025-01-14 04:49:21 CET.
Flavor | Version | Tinstall | Tcheck | Ttotal | Status | Flags |
---|---|---|---|---|---|---|
r-devel-linux-x86_64-debian-clang | 0.5.2 | 101.45 | 34.38 | 135.83 | OK | |
r-devel-linux-x86_64-debian-gcc | 0.5.2 | 84.01 | 34.91 | 118.92 | OK | |
r-devel-linux-x86_64-fedora-clang | 0.5.2 | 227.68 | OK | |||
r-devel-linux-x86_64-fedora-gcc | 0.5.2 | 293.00 | OK | |||
r-devel-windows-x86_64 | 0.5.2 | 98.00 | 91.00 | 189.00 | OK | |
r-patched-linux-x86_64 | 0.5.2 | 105.59 | 44.64 | 150.23 | OK | |
r-release-linux-x86_64 | 0.5.2 | 110.63 | 45.24 | 155.87 | OK | |
r-release-macos-arm64 | 0.5.2 | 63.00 | NOTE | |||
r-release-macos-x86_64 | 0.5.2 | 84.00 | NOTE | |||
r-release-windows-x86_64 | 0.5.2 | 96.00 | 86.00 | 182.00 | OK | |
r-oldrel-macos-arm64 | 0.5.2 | 67.00 | NOTE | |||
r-oldrel-macos-x86_64 | 0.5.2 | 106.00 | NOTE | |||
r-oldrel-windows-x86_64 | 0.5.2 | 127.00 | 100.00 | 227.00 | OK |
Version: 0.5.2
Check: installed package size
Result: NOTE
installed size is 50.5Mb
sub-directories of 1Mb or more:
libs 50.4Mb
Flavors: r-release-macos-arm64, r-release-macos-x86_64, r-oldrel-macos-arm64, r-oldrel-macos-x86_64