CRAN Package Check Results for Package cpss

Last updated on 2021-10-26 15:51:07 CEST.

Flavor Version Tinstall Tcheck Ttotal Status Flags
r-devel-linux-x86_64-debian-clang 0.0.2 70.42 71.93 142.35 NOTE
r-devel-linux-x86_64-debian-gcc 0.0.2 52.75 53.91 106.66 NOTE
r-devel-linux-x86_64-fedora-clang 0.0.2 214.54 NOTE
r-devel-linux-x86_64-fedora-gcc 0.0.2 193.14 NOTE
r-devel-windows-x86_64 0.0.2 94.00 109.00 203.00 NOTE
r-devel-windows-x86_64-gcc10-UCRT 0.0.2 NOTE
r-patched-linux-x86_64 0.0.2 69.53 67.81 137.34 NOTE
r-patched-solaris-x86 0.0.2 197.20 NOTE
r-release-linux-x86_64 0.0.2 54.93 68.36 123.29 NOTE
r-release-macos-arm64 0.0.2 NOTE
r-release-macos-x86_64 0.0.2 NOTE
r-release-windows-ix86+x86_64 0.0.2 131.00 135.00 266.00 NOTE
r-oldrel-macos-x86_64 0.0.2 OK
r-oldrel-windows-ix86+x86_64 0.0.2 177.00 155.00 332.00 OK

Check Details

Version: 0.0.2
Check: LazyData
Result: NOTE
     'LazyData' is specified without a 'data' directory
Flavors: r-devel-linux-x86_64-debian-clang, r-devel-linux-x86_64-debian-gcc, r-devel-linux-x86_64-fedora-clang, r-devel-linux-x86_64-fedora-gcc, r-devel-windows-x86_64, r-devel-windows-x86_64-gcc10-UCRT, r-patched-linux-x86_64, r-patched-solaris-x86, r-release-linux-x86_64, r-release-macos-arm64, r-release-macos-x86_64, r-release-windows-ix86+x86_64

Version: 0.0.2
Check: installed package size
Result: NOTE
     installed size is 5.1Mb
     sub-directories of 1Mb or more:
     libs 4.9Mb
Flavor: r-release-macos-arm64