CRAN Package Check Results for Package cppRouting

Last updated on 2022-06-26 03:49:58 CEST.

Flavor Version Tinstall Tcheck Ttotal Status Flags
r-devel-linux-x86_64-debian-clang 2.0 264.87 34.99 299.86 OK
r-devel-linux-x86_64-debian-gcc 2.0 205.05 27.44 232.49 OK
r-devel-linux-x86_64-fedora-clang 2.0 502.92 NOTE
r-devel-linux-x86_64-fedora-gcc 2.0 398.57 NOTE
r-devel-windows-x86_64 2.0 216.00 85.00 301.00 OK
r-patched-linux-x86_64 2.0 214.34 35.00 249.34 OK
r-release-linux-x86_64 2.0 215.58 34.40 249.98 OK
r-release-macos-arm64 2.0 88.00 NOTE
r-release-macos-x86_64 2.0 121.00 NOTE
r-release-windows-x86_64 2.0 214.00 86.00 300.00 OK
r-oldrel-macos-arm64 2.0 92.00 NOTE
r-oldrel-macos-x86_64 2.0 196.00 NOTE
r-oldrel-windows-ix86+x86_64 2.0 626.00 88.00 714.00 OK

Check Details

Version: 2.0
Check: installed package size
Result: NOTE
     installed size is 6.8Mb
     sub-directories of 1Mb or more:
     libs 6.6Mb
Flavors: r-devel-linux-x86_64-fedora-clang, r-release-macos-arm64, r-release-macos-x86_64, r-oldrel-macos-arm64, r-oldrel-macos-x86_64

Version: 2.0
Check: dependencies in R code
Result: NOTE
    Namespace in Imports field not imported from: ‘RcppProgress’
     All declared Imports should be used.
Flavors: r-devel-linux-x86_64-fedora-clang, r-devel-linux-x86_64-fedora-gcc, r-release-macos-arm64, r-release-macos-x86_64, r-oldrel-macos-arm64, r-oldrel-macos-x86_64