CRAN Package Check Results for Package covid19br

Last updated on 2022-10-02 15:54:22 CEST.

Flavor Version Tinstall Tcheck Ttotal Status Flags
r-devel-linux-x86_64-debian-clang 0.1.4 6.43 160.44 166.87 OK
r-devel-linux-x86_64-debian-gcc 0.1.4 4.89 117.44 122.33 OK
r-devel-linux-x86_64-fedora-clang 0.1.4 201.92 NOTE
r-devel-linux-x86_64-fedora-gcc 0.1.4 190.54 NOTE
r-devel-windows-x86_64 0.1.4 18.00 208.00 226.00 NOTE
r-patched-linux-x86_64 0.1.4 6.69 147.24 153.93 OK
r-release-linux-x86_64 0.1.4 5.82 147.70 153.52 OK
r-release-macos-arm64 0.1.4 101.00 NOTE
r-release-macos-x86_64 0.1.4 169.00 NOTE
r-release-windows-x86_64 0.1.4 28.00 211.00 239.00 NOTE
r-oldrel-macos-arm64 0.1.4 94.00 NOTE
r-oldrel-macos-x86_64 0.1.4 127.00 NOTE
r-oldrel-windows-ix86+x86_64 0.1.4 15.00 236.00 251.00 NOTE

Additional issues

OpenBLAS

Check Details

Version: 0.1.4
Check: installed package size
Result: NOTE
     installed size is 6.5Mb
     sub-directories of 1Mb or more:
     doc 6.3Mb
Flavors: r-devel-linux-x86_64-fedora-clang, r-devel-windows-x86_64, r-release-macos-arm64, r-release-macos-x86_64, r-release-windows-x86_64, r-oldrel-macos-arm64, r-oldrel-macos-x86_64, r-oldrel-windows-ix86+x86_64

Version: 0.1.4
Check: data for non-ASCII characters
Result: NOTE
     Note: found 2385 marked UTF-8 strings
Flavors: r-devel-linux-x86_64-fedora-clang, r-devel-linux-x86_64-fedora-gcc, r-release-macos-arm64, r-release-macos-x86_64, r-oldrel-macos-arm64, r-oldrel-macos-x86_64