CRAN Package Check Results for Package covatest

Last updated on 2022-01-27 15:53:30 CET.

Flavor Version Tinstall Tcheck Ttotal Status Flags
r-devel-linux-x86_64-debian-clang 1.2.0 19.31 101.35 120.66 OK
r-devel-linux-x86_64-debian-gcc 1.2.0 16.80 78.25 95.05 OK
r-devel-linux-x86_64-fedora-clang 1.2.0 151.11 NOTE
r-devel-linux-x86_64-fedora-gcc 1.2.0 137.96 NOTE
r-devel-windows-x86_64-new-UL 1.2.0 46.00 124.00 170.00 OK
r-devel-windows-x86_64-new-TK 1.2.0 NOTE
r-patched-linux-x86_64 1.2.0 18.44 96.76 115.20 OK
r-release-linux-x86_64 1.2.0 17.71 97.65 115.36 OK
r-release-macos-arm64 1.2.0 NOTE
r-release-macos-x86_64 1.2.0 NOTE
r-release-windows-ix86+x86_64 1.2.0 33.00 109.00 142.00 OK
r-oldrel-macos-x86_64 1.2.0 NOTE
r-oldrel-windows-ix86+x86_64 1.2.0 31.00 110.00 141.00 OK

Check Details

Version: 1.2.0
Check: dependencies in R code
Result: NOTE
    Namespace in Imports field not imported from: ‘gstat’
     All declared Imports should be used.
Flavors: r-devel-linux-x86_64-fedora-clang, r-devel-linux-x86_64-fedora-gcc, r-devel-windows-x86_64-new-TK, r-release-macos-arm64, r-release-macos-x86_64, r-oldrel-macos-x86_64