CRAN Package Check Results for Package coursekata

Last updated on 2024-07-25 03:53:02 CEST.

Flavor Version Tinstall Tcheck Ttotal Status Flags
r-devel-linux-x86_64-debian-clang 0.17.0 20.47 191.37 211.84 OK
r-devel-linux-x86_64-debian-gcc 0.17.0 16.02 146.45 162.47 NOTE
r-devel-linux-x86_64-fedora-clang 0.17.0 250.79 OK
r-devel-linux-x86_64-fedora-gcc 0.17.0 250.95 OK
r-devel-windows-x86_64 0.17.0 20.00 5.00 25.00 ERROR
r-patched-linux-x86_64 0.17.0 26.97 181.81 208.78 OK
r-release-linux-x86_64 0.17.0 15.00 182.46 197.46 OK
r-release-macos-arm64 0.17.0 97.00 OK
r-release-macos-x86_64 0.17.0 160.00 OK
r-release-windows-x86_64 0.17.0 20.00 5.00 25.00 ERROR
r-oldrel-macos-arm64 0.17.0 110.00 OK
r-oldrel-macos-x86_64 0.17.0 204.00 OK
r-oldrel-windows-x86_64 0.17.0 28.00 8.00 36.00 ERROR

Check Details

Version: 0.17.0
Check: Rd cross-references
Result: NOTE Found the following Rd file(s) with Rd \link{} targets missing package anchors: gf_model.Rd: gf_lm, gf_hline, gf_segment penguins.Rd: palmerpenguins theme_coursekata.Rd: theme_bw Please provide package anchors for all Rd \link{} targets not in the package itself and the base packages. Flavor: r-devel-linux-x86_64-debian-gcc

Version: 0.17.0
Check: whether package can be installed
Result: ERROR Installation failed. Flavors: r-devel-windows-x86_64, r-release-windows-x86_64, r-oldrel-windows-x86_64