CRAN Package Check Results for Package countrycode

Last updated on 2022-09-30 04:59:06 CEST.

Flavor Version Tinstall Tcheck Ttotal Status Flags
r-devel-linux-x86_64-debian-clang 1.4.0 4.17 91.11 95.28 OK
r-devel-linux-x86_64-debian-gcc 1.4.0 2.59 66.47 69.06 OK
r-devel-linux-x86_64-fedora-clang 1.4.0 128.25 NOTE
r-devel-linux-x86_64-fedora-gcc 1.4.0 121.76 NOTE
r-devel-windows-x86_64 1.4.0 16.00 255.00 271.00 OK
r-patched-linux-x86_64 1.4.0 5.05 89.98 95.03 OK
r-release-linux-x86_64 1.4.0 4.48 86.94 91.42 OK
r-release-macos-arm64 1.4.0 46.00 NOTE
r-release-macos-x86_64 1.4.0 74.00 NOTE
r-release-windows-x86_64 1.4.0 29.00 251.00 280.00 OK
r-oldrel-macos-arm64 1.4.0 51.00 NOTE
r-oldrel-macos-x86_64 1.4.0 64.00 NOTE
r-oldrel-windows-ix86+x86_64 1.4.0 19.00 195.00 214.00 OK

Check Details

Version: 1.4.0
Check: data for non-ASCII characters
Result: NOTE
     Note: found 139613 marked UTF-8 strings
Flavors: r-devel-linux-x86_64-fedora-clang, r-devel-linux-x86_64-fedora-gcc, r-release-macos-arm64, r-release-macos-x86_64, r-oldrel-macos-arm64, r-oldrel-macos-x86_64