CRAN Package Check Results for Package corpustools

Last updated on 2021-10-26 15:51:07 CEST.

Flavor Version Tinstall Tcheck Ttotal Status Flags
r-devel-linux-x86_64-debian-clang 0.4.8 97.72 168.65 266.37 OK
r-devel-linux-x86_64-debian-gcc 0.4.8 68.25 117.72 185.97 OK
r-devel-linux-x86_64-fedora-clang 0.4.8 368.45 NOTE
r-devel-linux-x86_64-fedora-gcc 0.4.8 325.30 NOTE
r-devel-windows-x86_64 0.4.8 132.00 223.00 355.00 OK
r-devel-windows-x86_64-gcc10-UCRT 0.4.8 NOTE
r-patched-linux-x86_64 0.4.8 98.30 153.41 251.71 OK
r-patched-solaris-x86 0.4.8 303.30 NOTE
r-release-linux-x86_64 0.4.8 89.73 152.81 242.54 OK
r-release-macos-arm64 0.4.8 FAIL
r-release-macos-x86_64 0.4.8 NOTE
r-release-windows-ix86+x86_64 0.4.8 180.00 231.00 411.00 OK
r-oldrel-macos-x86_64 0.4.8 NOTE
r-oldrel-windows-ix86+x86_64 0.4.8 249.00 275.00 524.00 OK

Check Details

Version: 0.4.8
Check: data for non-ASCII characters
Result: NOTE
     Note: found 438 marked UTF-8 strings
Flavors: r-devel-linux-x86_64-fedora-clang, r-devel-linux-x86_64-fedora-gcc, r-devel-windows-x86_64-gcc10-UCRT, r-patched-solaris-x86, r-release-macos-arm64, r-release-macos-x86_64, r-oldrel-macos-x86_64

Version: 0.4.8
Check: installed package size
Result: NOTE
     installed size is 5.2Mb
     sub-directories of 1Mb or more:
     libs 3.9Mb
Flavor: r-release-macos-arm64

Version: 0.4.8
Check: re-building of vignette outputs
Result: WARN
    Error(s) in re-building vignettes:
    --- re-building ‘corpustools.Rmd’ using rmarkdown
    Warning in engine$weave(file, quiet = quiet, encoding = enc) :
     Pandoc (>= 1.12.3) not available. Falling back to R Markdown v1.
    Deleting 1 duplicates
    Deleting 1 duplicates
    Warning in doTryCatch(return(expr), name, parentenv, handler) :
     font "Times-Roman" could not be found for family "serif"
    Warning in doTryCatch(return(expr), name, parentenv, handler) :
     font "Times-Roman" could not be found for family "serif"
    Warning in doTryCatch(return(expr), name, parentenv, handler) :
     font "Times-Roman" could not be found for family "serif"
    Warning in doTryCatch(return(expr), name, parentenv, handler) :
     font "Times-Roman" could not be found for family "serif"
    Warning in doTryCatch(return(expr), name, parentenv, handler) :
     font "Times-Roman" could not be found for family "serif"
    Warning in doTryCatch(return(expr), name, parentenv, handler) :
     font "Times-Roman" could not be found for family "serif"
    Warning in doTryCatch(return(expr), name, parentenv, handler) :
     font "Times-Roman" could not be found for family "serif"
    Warning in doTryCatch(return(expr), name, parentenv, handler) :
     font "Times-Roman" could not be found for family "serif"
    Warning in doTryCatch(return(expr), name, parentenv, handler) :
     font "Times-Roman" could not be found for family "serif"
    Warning in doTryCatch(return(expr), name, parentenv, handler) :
     font "Times-Roman" could not be found for family "serif"
    Warning in doTryCatch(return(expr), name, parentenv, handler) :
     font "Times-Roman" could not be found for family "serif"
    Warning in doTryCatch(return(expr), name, parentenv, handler) :
     font "Times-Roman" could not be found for family "serif"
    Warning in doTryCatch(return(expr), name, parentenv, handler) :
     font "Times-Roman" could not be found for family "serif"
    Warning in doTryCatch(return(expr), name, parentenv, handler) :
     font "Times-Roman" could not be found for family "serif"
    Warning in doTryCatch(return(expr), name, parentenv, handler) :
     font "Times-Roman" could not be found for family "serif"
    Warning in doTryCatch(return(expr), name, parentenv, handler) :
     font "Times-Roman" could not be found for family "serif"
    Warning in doTryCatch(return(expr), name, parentenv, handler) :
     font "Times-Roman" could not be found for family "serif"
    Warning in doTryCatch(return(expr), name, parentenv, handler) :
     font "Times-Roman" could not be found for family "serif"
    Warning in doTryCatch(return(expr), name, parentenv, handler) :
     font "Times-Roman" could not be found for family "serif"
    Warning in doTryCatch(return(expr), name, parentenv, handler) :
     font "Times-Roman" could not be found for family "serif"
    Warning in doTryCatch(return(expr), name, parentenv, handler) :
     font "Times-Roman" could not be found for family "serif"
    Warning in doTryCatch(return(expr), name, parentenv, handler) :
     font "Times-Roman" could not be found for family "serif"
    Warning in doTryCatch(return(expr), name, parentenv, handler) :
     font "Times-Roman" could not be found for family "serif"
    Warning in doTryCatch(return(expr), name, parentenv, handler) :
     font "Times-Roman" could not be found for family "serif"
    Warning in doTryCatch(return(expr), name, parentenv, handler) :
     font "Times-Roman" could not be found for family "serif"
    Warning in doTryCatch(return(expr), name, parentenv, handler) :
     font "Times-Roman" could not be found for family "serif"
    Warning in doTryCatch(return(expr), name, parentenv, handler) :
     font "Times-Roman" could not be found for family "serif"
    Warning in doTryCatch(return(expr), name, parentenv, handler) :
     font "Times-Roman" could not be found for family "serif"
    Warning in doTryCatch(return(expr), name, parentenv, handler) :
     font "Times-Roman" could not be found for family "serif"
    Warning in doTryCatch(return(expr), name, parentenv, handler) :
     font "Times-Roman" could not be found for family "serif"
    Warning in doTryCatch(return(expr), name, parentenv, handler) :
     font "Times-Roman" could not be found for family "serif"
    Warning in doTryCatch(return(expr), name, parentenv, handler) :
     font "Times-Roman" could not be found for family "serif"
    Warning in doTryCatch(return(expr), name, parentenv, handler) :
     font "Times-Roman" could not be found for family "serif"
    Warning in doTryCatch(return(expr), name, parentenv, handler) :
     font "Times-Roman" could not be found for family "serif"
    Warning in doTryCatch(return(expr), name, parentenv, handler) :
     font "Times-Roman" could not be found for family "serif"
    Warning in doTryCatch(return(expr), name, parentenv, handler) :
     font "Times-Roman" could not be found for family "serif"
    Warning in doTryCatch(return(expr), name, parentenv, handler) :
     font "Times-Roman" could not be found for family "serif"
    Warning in doTryCatch(return(expr), name, parentenv, handler) :
     font "Times-Roman" could not be found for family "serif"
    Warning in doTryCatch(return(expr), name, parentenv, handler) :
     font "Times-Roman" could not be found for family "serif"
    Warning in doTryCatch(return(expr), name, parentenv, handler) :
     font "Times-Roman" could not be found for family "serif"
    Warning in doTryCatch(return(expr), name, parentenv, handler) :
     font "Times-Roman" could not be found for family "serif"
    Warning in doTryCatch(return(expr), name, parentenv, handler) :
     font "Times-Roman" could not be found for family "serif"
    Warning in doTryCatch(return(expr), name, parentenv, handler) :
     font "Times-Roman" could not be found for family "serif"
    Warning in doTryCatch(return(expr), name, parentenv, handler) :
     font "Times-Roman" could not be found for family "serif"
    Warning in doTryCatch(return(expr), name, parentenv, handler) :
     font "Times-Roman" could not be found for family "serif"
    Warning in doTryCatch(return(expr), name, parentenv, handler) :
     font "Times-Roman" could not be found for family "serif"
    Warning in doTryCatch(return(expr), name, parentenv, handler) :
     font "Times-Roman" could not be found for family "serif"
    Warning in doTryCatch(return(expr), name, parentenv, handler) :
     font "Times-Roman" could not be found for family "serif"
    Warning in doTryCatch(return(expr), name, parentenv, handler) :
     font "Times-Roman" could not be found for family "serif"
    Warning in doTryCatch(return(expr), name, parentenv, handler) :
     font "Times-Roman" could not be found for family "serif"
    Warning in doTryCatch(return(expr), name, parentenv, handler) :
     font "Times-Roman" could not be found for family "serif"
    Warning in doTryCatch(return(expr), name, parentenv, handler) :
     font "Times-Roman" could not be found for family "serif"
    Warning in doTryCatch(return(expr), name, parentenv, handler) :
     font "Times-Roman" could not be found for family "serif"
    Warning in doTryCatch(return(expr), name, parentenv, handler) :
     font "Times-Roman" could not be found for family "serif"
    Warning in doTryCatch(return(expr), name, parentenv, handler) :
     font "Times-Roman" could not be found for family "serif"
    Warning in doTryCatch(return(expr), name, parentenv, handler) :
     font "Times-Roman" could not be found for family "serif"
    Warning in doTryCatch(return(expr), name, parentenv, handler) :
     font "Times-Roman" could not be found for family "serif"
    Warning in doTryCatch(return(expr), name, parentenv, handler) :
     font "Times-Roman" could not be found for family "serif"
    Warning in doTryCatch(return(expr), name, parentenv, handler) :
     font "Times-Roman" could not be found for family "serif"
    Warning in doTryCatch(return(expr), name, parentenv, handler) :
     font "Times-Roman" could not be found for family "serif"
    Warning in doTryCatch(return(expr), name, parentenv, handler) :
     font "Times-Roman" could not be found for family "serif"
    Warning in doTryCatch(return(expr), name, parentenv, handler) :
     font "Times-Roman" could not be found for family "serif"
    Warning in doTryCatch(return(expr), name, parentenv, handler) :
     font "Times-Roman" could not be found for family "serif"
    Warning in doTryCatch(return(expr), name, parentenv, handler) :
     font "Times-Roman" could not be found for family "serif"
    Warning in doTryCatch(return(expr), name, parentenv, handler) :
     font "Times-Roman" could not be found for family "serif"
    Warning in doTryCatch(return(expr), name, parentenv, handler) :
     font "Times-Roman" could not be found for family "serif"
    Warning in doTryCatch(return(expr), name, parentenv, handler) :
     font "Times-Roman" could not be found for family "serif"
    Warning in doTryCatch(return(expr), name, parentenv, handler) :
     font "Times-Roman" could not be found for family "serif"
    Warning in doTryCatch(return(expr), name, parentenv, handler) :
     font "Times-Roman" could not be found for family "serif"
    Warning in doTryCatch(return(expr), name, parentenv, handler) :
     font "Times-Roman" could not be found for family "serif"
    Warning in doTryCatch(return(expr), name, parentenv, handler) :
     font "Times-Roman" could not be found for family "serif"
    Warning in doTryCatch(return(expr), name, parentenv, handler) :
     font "Times-Roman" could not be found for family "serif"
    Warning in doTryCatch(return(expr), name, parentenv, handler) :
     font "Times-Roman" could not be found for family "serif"
    Warning in doTryCatch(return(expr), name, parentenv, handler) :
     font "Times-Roman" could not be found for family "serif"
    Warning in doTryCatch(return(expr), name, parentenv, handler) :
     font "Times-Roman" could not be found for family "serif"
    Warning in doTryCatch(return(expr), name, parentenv, handler) :
     font "Times-Roman" could not be found for family "serif"
    Warning in doTryCatch(return(expr), name, parentenv, handler) :
     font "Times-Roman" could not be found for family "serif"
    Warning in doTryCatch(return(expr), name, parentenv, handler) :
     font "Times-Roman" could not be found for family "serif"
    Warning in doTryCatch(return(expr), name, parentenv, handler) :
     font "Times-Roman" could not be found for family "serif"
    Warning in doTryCatch(return(expr), name, parentenv, handler) :
     font "Times-Roman" could not be found for family "serif"
    Warning in doTryCatch(return(expr), name, parentenv, handler) :
     font "Times-Roman" could not be found for family "serif"
    Warning in doTryCatch(return(expr), name, parentenv, handler) :
     font "Times-Roman" could not be found for family "serif"
    Warning in doTryCatch(return(expr), name, parentenv, handler) :
     font "Times-Roman" could not be found for family "serif"
    Warning in doTryCatch(return(expr), name, parentenv, handler) :
     font "Times-Roman" could not be found for family "serif"
    Warning in doTryCatch(return(expr), name, parentenv, handler) :
     font "Times-Roman" could not be found for family "serif"
    Warning in doTryCatch(return(expr), name, parentenv, handler) :
     font "Times-Roman" could not be found for family "serif"
    Warning in doTryCatch(return(expr), name, parentenv, handler) :
     font "Times-Roman" could not be found for family "serif"
    Warning in doTryCatch(return(expr), name, parentenv, handler) :
     font "Times-Roman" could not be found for family "serif"
    Warning in doTryCatch(return(expr), name, parentenv, handler) :
     font "Times-Roman" could not be found for family "serif"
    Warning in doTryCatch(return(expr), name, parentenv, handler) :
     font "Times-Roman" could not be found for family "serif"
    Warning in doTryCatch(return(expr), name, parentenv, handler) :
     font "Times-Roman" could not be found for family "serif"
    Warning in doTryCatch(return(expr), name, parentenv, handler) :
     font "Times-Roman" could not be found for family "serif"
    Warning in doTryCatch(return(expr), name, parentenv, handler) :
     font "Times-Roman" could not be found for family "serif"
    Warning in doTryCatch(return(expr), name, parentenv, handler) :
     font "Times-Roman" could not be found for family "serif"
    Warning in doTryCatch(return(expr), name, parentenv, handler) :
     font "Times-Roman" could not be found for family "serif"
    Warning in doTryCatch(return(expr), name, parentenv, handler) :
     font "Times-Roman" could not be found for family "serif"
    Warning in doTryCatch(return(expr), name, parentenv, handler) :
     font "Times-Roman" could not be found for family "serif"
    Warning in doTryCatch(return(expr), name, parentenv, handler) :
     font "Times-Roman" could not be found for family "serif"
    Warning in doTryCatch(return(expr), name, parentenv, handler) :
     font "Times-Roman" could not be found for family "serif"
    Warning in doTryCatch(return(expr), name, parentenv, handler) :
     font "Times-Roman" could not be found for family "serif"
    Warning in doTryCatch(return(expr), name, parentenv, handler) :
     font "Times-Roman" could not be found for family "serif"
    Warning in doTryCatch(return(expr), name, parentenv, handler) :
     font "Times-Roman" could not be found for family "serif"
    Warning in doTryCatch(return(expr), name, parentenv, handler) :
     font "Times-Roman" could not be found for family "serif"
    Warning in doTryCatch(return(expr), name, parentenv, handler) :
     font "Times-Roman" could not be found for family "serif"
    Warning in doTryCatch(return(expr), name, parentenv, handler) :
     font "Times-Roman" could not be found for family "serif"
    Warning in doTryCatch(return(expr), name, parentenv, handler) :
     font "Times-Roman" could not be found for family "serif"
    Warning in doTryCatch(return(expr), name, parentenv, handler) :
     font "Times-Roman" could not be found for family "serif"
    Warning in doTryCatch(return(expr), name, parentenv, handler) :
     font "Times-Roman" could not be found for family "serif"
    Warning in doTryCatch(return(expr), name, parentenv, handler) :
     font "Times-Roman" could not be found for family "serif"
    Warning in doTryCatch(return(expr), name, parentenv, handler) :
     font "Times-Roman" could not be found for family "serif"
    Warning in doTryCatch(return(expr), name, parentenv, handler) :
     font "Times-Roman" could not be found for family "serif"
    Warning in doTryCatch(return(expr), name, parentenv, handler) :
     font "Times-Roman" could not be found for family "serif"
    Warning in doTryCatch(return(expr), name, parentenv, handler) :
     font "Times-Roman" could not be found for family "serif"
    Warning in doTryCatch(return(expr), name, parentenv, handler) :
     font "Times-Roman" could not be found for family "serif"
    Warning in doTryCatch(return(expr), name, parentenv, handler) :
     font "Times-Roman" could not be found for family "serif"
    Warning in doTryCatch(return(expr), name, parentenv, handler) :
     font "Times-Roman" could not be found for family "serif"
    Warning in doTryCatch(return(expr), name, parentenv, handler) :
     font "Times-Roman" could not be found for family "serif"
    Warning in doTryCatch(return(expr), name, parentenv, handler) :
     font "Times-Roman" could not be found for family "serif"
    Warning in doTryCatch(return(expr), name, parentenv, handler) :
     font "Times-Roman" could not be found for family "serif"
    Warning in doTryCatch(return(expr), name, parentenv, handler) :
     font "Times-Roman" could not be found for family "serif"
    Warning in doTryCatch(return(expr), name, parentenv, handler) :
     font "Times-Roman" could not be found for family "serif"
    Warning in doTryCatch(return(expr), name, parentenv, handler) :
     font "Times-Roman" could not be found for family "serif"
    Warning in doTryCatch(return(expr), name, parentenv, handler) :
     font "Times-Roman" could not be found for family "serif"
    Warning in doTryCatch(return(expr), name, parentenv, handler) :
     font "Times-Roman" could not be found for family "serif"
    Warning in doTryCatch(return(expr), name, parentenv, handler) :
     font "Times-Roman" could not be found for family "serif"
    Warning in doTryCatch(return(expr), name, parentenv, handler) :
     font "Times-Roman" could not be found for family "serif"
    Warning in doTryCatch(return(expr), name, parentenv, handler) :
     font "Times-Roman" could not be found for family "serif"
    Warning in doTryCatch(return(expr), name, parentenv, handler) :
     font "Times-Roman" could not be found for family "serif"
    Warning in doTryCatch(return(expr), name, parentenv, handler) :
     font "Times-Roman" could not be found for family "serif"
    Warning in doTryCatch(return(expr), name, parentenv, handler) :
     font "Times-Roman" could not be found for family "serif"
    Warning in doTryCatch(return(expr), name, parentenv, handler) :
     font "Times-Roman" could not be found for family "serif"
    Warning in doTryCatch(return(expr), name, parentenv, handler) :
     font "Times-Roman" could not be found for family "serif"
    Warning in doTryCatch(return(expr), name, parentenv, handler) :
     font "Times-Roman" could not be found for family "serif"
    Warning in doTryCatch(return(expr), name, parentenv, handler) :
     font "Times-Roman" could not be found for family "serif"
    Warning in doTryCatch(return(expr), name, parentenv, handler) :
     font "Times-Roman" could not be found for family "serif"
    Warning in doTryCatch(return(expr), name, parentenv, handler) :
     font "Times-Roman" could not be found for family "serif"
    Warning in doTryCatch(return(expr), name, parentenv, handler) :
     font "Times-Roman" could not be found for family "serif"
    Warning in doTryCatch(return(expr), name, parentenv, handler) :
     font "Times-Roman" could not be found for family "serif"
    Warning in doTryCatch(return(expr), name, parentenv, handler) :
     font "Times-Roman" could not be found for family "serif"
    Warning in doTryCatch(return(expr), name, parentenv, handler) :
     font "Times-Roman" could not be found for family "serif"
    Warning in doTryCatch(return(expr), name, parentenv, handler) :
     font "Times-Roman" could not be found for family "serif"
    Warning in doTryCatch(return(expr), name, parentenv, handler) :
     font "Times-Roman" could not be found for family "serif"
    Warning in doTryCatch(return(expr), name, parentenv, handler) :
     font "Times-Roman" could not be found for family "serif"
    Warning in doTryCatch(return(expr), name, parentenv, handler) :
     font "Times-Roman" could not be found for family "serif"
    Warning in doTryCatch(return(expr), name, parentenv, handler) :
     font "Times-Roman" could not be found for family "serif"
    Warning in doTryCatch(return(expr), name, parentenv, handler) :
     font "Times-Roman" could not be found for family "serif"
    Warning in doTryCatch(return(expr), name, parentenv, handler) :
     font "Times-Roman" could not be found for family "serif"
    Warning in doTryCatch(return(expr), name, parentenv, handler) :
     font "Times-Roman" could not be found for family "serif"
    Warning in doTryCatch(return(expr), name, parentenv, handler) :
     font "Times-Roman" could not be found for family "serif"
    Warning in doTryCatch(return(expr), name, parentenv, handler) :
     font "Times-Roman" could not be found for family "serif"
    Warning in doTryCatch(return(expr), name, parentenv, handler) :
     font "Times-Roman" could not be found for family "serif"
    Warning in doTryCatch(return(expr), name, parentenv, handler) :
     font "Times-Roman" could not be found for family "serif"
    Warning in doTryCatch(return(expr), name, parentenv, handler) :
     font "Times-Roman" could not be found for family "serif"
    Warning in doTryCatch(return(expr), name, parentenv, handler) :
     font "Times-Roman" could not be found for family "serif"
    Warning in doTryCatch(return(expr), name, parentenv, handler) :
     font "Times-Roman" could not be found for family "serif"
    Warning in doTryCatch(return(expr), name, parentenv, handler) :
     font "Times-Roman" could not be found for family "serif"
    Warning in doTryCatch(return(expr), name, parentenv, handler) :
     font "Times-Roman" could not be found for family "serif"
    Warning in doTryCatch(return(expr), name, parentenv, handler) :
     font "Times-Roman" could not be found for family "serif"
    Warning in doTryCatch(return(expr), name, parentenv, handler) :
     font "Times-Roman" could not be found for family "serif"
    Warning in doTryCatch(return(expr), name, parentenv, handler) :
     font "Times-Roman" could not be found for family "serif"
    Warning in doTryCatch(return(expr), name, parentenv, handler) :
     font "Times-Roman" could not be found for family "serif"
    Warning in doTryCatch(return(expr), name, parentenv, handler) :
     font "Times-Roman" could not be found for family "serif"
    Warning in doTryCatch(return(expr), name, parentenv, handler) :
     font "Times-Roman" could not be found for family "serif"
    Warning in doTryCatch(return(expr), name, parentenv, handler) :
     font "Times-Roman" could not be found for family "serif"
    Warning in doTryCatch(return(expr), name, parentenv, handler) :
     font "Times-Roman" could not be found for family "serif"
    Warning in doTryCatch(return(expr), name, parentenv, handler) :
     font "Times-Roman" could not be found for family "serif"
    Warning in doTryCatch(return(expr), name, parentenv, handler) :
     font "Times-Roman" could not be found for family "serif"
    Warning in doTryCatch(return(expr), name, parentenv, handler) :
     font "Times-Roman" could not be found for family "serif"
    Warning in doTryCatch(return(expr), name, parentenv, handler) :
     font "Times-Roman" could not be found for family "serif"
    Warning in doTryCatch(return(expr), name, parentenv, handler) :
     font "Times-Roman" could not be found for family "serif"
    Warning in doTryCatch(return(expr), name, parentenv, handler) :
     font "Times-Roman" could not be found for family "serif"
    Warning in doTryCatch(return(expr), name, parentenv, handler) :
     font "Times-Roman" could not be found for family "serif"
    Warning in doTryCatch(return(expr), name, parentenv, handler) :
     font "Times-Roman" could not be found for family "serif"
    Warning in doTryCatch(return(expr), name, parentenv, handler) :
     font "Times-Roman" could not be found for family "serif"
    Warning in doTryCatch(return(expr), name, parentenv, handler) :
     font "Times-Roman" could not be found for family "serif"
    Warning in doTryCatch(return(expr), name, parentenv, handler) :
     font "Times-Roman" could not be found for family "serif"
    Warning in doTryCatch(return(expr), name, parentenv, handler) :
     font "Times-Roman" could not be found for family "serif"
    Warning in doTryCatch(return(expr), name, parentenv, handler) :
     font "Times-Roman" could not be found for family "serif"
    Warning in doTryCatch(return(expr), name, parentenv, handler) :
     font "Times-Roman" could not be found for family "serif"
    Warning in doTryCatch(return(expr), name, parentenv, handler) :
     font "Times-Roman" could not be found for family "serif"
    Warning in doTryCatch(return(expr), name, parentenv, handler) :
     font "Times-Roman" could not be found for family "serif"
    Warning in doTryCatch(return(expr), name, parentenv, handler) :
     font "Times-Roman" could not be found for family "serif"
    Warning in doTryCatch(return(expr), name, parentenv, handler) :
     font "Times-Roman" could not be found for family "serif"
    Warning in doTryCatch(return(expr), name, parentenv, handler) :
     font "Times-Roman" could not be found for family "serif"
    Warning in doTryCatch(return(expr), name, parentenv, handler) :
     font "Times-Roman" could not be found for family "serif"
    Warning in doTryCatch(return(expr), name, parentenv, handler) :
     font "Times-Roman" could not be found for family "serif"
    Warning in doTryCatch(return(expr), name, parentenv, handler) :
     font "Times-Roman" could not be found for family "serif"
    Warning in doTryCatch(return(expr), name, parentenv, handler) :
     font "Times-Roman" could not be found for family "serif"
    Warning in doTryCatch(return(expr), name, parentenv, handler) :
     font "Times-Roman" could not be found for family "serif"
    Warning in doTryCatch(return(expr), name, parentenv, handler) :
     font "Times-Roman" could not be found for family "serif"
    Warning in doTryCatch(return(expr), name, parentenv, handler) :
     font "Times-Roman" could not be found for family "serif"
    Warning in doTryCatch(return(expr), name, parentenv, handler) :
     font "Times-Roman" could not be found for family "serif"
    Warning in doTryCatch(return(expr), name, parentenv, handler) :
     font "Times-Roman" could not be found for family "serif"
    Warning in doTryCatch(return(expr), name, parentenv, handler) :
     font "Times-Roman" could not be found for family "serif"
    Warning in doTryCatch(return(expr), name, parentenv, handler) :
     font "Times-Roman" could not be found for family "serif"
    Warning in doTryCatch(return(expr), name, parentenv, handler) :
     font "Times-Roman" could not be found for family "serif"
    Warning in doTryCatch(return(expr), name, parentenv, handler) :
     font "Times-Roman" could not be found for family "serif"
    Warning in doTryCatch(return(expr), name, parentenv, handler) :
     font "Times-Roman" could not be found for family "serif"
    Warning in doTryCatch(return(expr), name, parentenv, handler) :
     font "Times-Roman" could not be found for family "serif"
    Warning in doTryCatch(return(expr), name, parentenv, handler) :
     font "Times-Roman" could not be found for family "serif"
    Warning in doTryCatch(return(expr), name, parentenv, handler) :
     font "Times-Roman" could not be found for family "serif"
    Warning in doTryCatch(return(expr), name, parentenv, handler) :
     font "Times-Roman" could not be found for family "serif"
    Warning in doTryCatch(return(expr), name, parentenv, handler) :
     font "Times-Roman" could not be found for family "serif"
    Warning in doTryCatch(return(expr), name, parentenv, handler) :
     font "Times-Roman" could not be found for family "serif"
    Warning in doTryCatch(return(expr), name, parentenv, handler) :
     font "Times-Roman" could not be found for family "serif"
    Warning in doTryCatch(return(expr), name, parentenv, handler) :
     font "Times-Roman" could not be found for family "serif"
    Warning in doTryCatch(return(expr), name, parentenv, handler) :
     font "Times-Roman" could not be found for family "serif"
    Warning in doTryCatch(return(expr), name, parentenv, handler) :
     font "Times-Roman" could not be found for family "serif"
    Warning in doTryCatch(return(expr), name, parentenv, handler) :
     font "Times-Roman" could not be found for family "serif"
    Warning in doTryCatch(return(expr), name, parentenv, handler) :
     font "Times-Roman" could not be found for family "serif"
    Warning in doTryCatch(return(expr), name, parentenv, handler) :
     font "Times-Roman" could not be found for family "serif"
    Warning in doTryCatch(return(expr), name, parentenv, handler) :
     font "Times-Roman" could not be found for family "serif"
    Warning in doTryCatch(return(expr), name, parentenv, handler) :
     font "Times-Roman" could not be found for family "serif"
    Warning in doTryCatch(return(expr), name, parentenv, handler) :
     font "Times-Roman" could not be found for family "serif"
    Warning in doTryCatch(return(expr), name, parentenv, handler) :
     font "Times-Roman" could not be found for family "serif"
    Warning in doTryCatch(return(expr), name, parentenv, handler) :
     font "Times-Roman" could not be found for family "serif"
    Warning in doTryCatch(return(expr), name, parentenv, handler) :
     font "Times-Roman" could not be found for family "serif"
    Warning in doTryCatch(return(expr), name, parentenv, handler) :
     font "Times-Roman" could not be found for family "serif"
    Warning in doTryCatch(return(expr), name, parentenv, handler) :
     font "Times-Roman" could not be found for family "serif"
    Warning in doTryCatch(return(expr), name, parentenv, handler) :
     font "Times-Roman" could not be found for family "serif"
    Warning in doTryCatch(return(expr), name, parentenv, handler) :
     font "Times-Roman" could not be found for family "serif"
    Warning in doTryCatch(return(expr), name, parentenv, handler) :
     font "Times-Roman" could not be found for family "serif"
    Warning in doTryCatch(return(expr), name, parentenv, handler) :
     font "Times-Roman" could not be found for family "serif"
    Warning in doTryCatch(return(expr), name, parentenv, handler) :
     font "Times-Roman" could not be found for family "serif"
    Warning in doTryCatch(return(expr), name, parentenv, handler) :
     font "Times-Roman" could not be found for family "serif"
    Warning in doTryCatch(return(expr), name, parentenv, handler) :
     font "Times-Roman" could not be found for family "serif"
    Warning in doTryCatch(return(expr), name, parentenv, handler) :
     font "Times-Roman" could not be found for family "serif"
    Warning in doTryCatch(return(expr), name, parentenv, handler) :
     font "Times-Roman" could not be found for family "serif"
    Warning in doTryCatch(return(expr), name, parentenv, handler) :
     font "Times-Roman" could not be found for family "serif"
    Warning in doTryCatch(return(expr), name, parentenv, handler) :
     font "Times-Roman" could not be found for family "serif"
    Warning in doTryCatch(return(expr), name, parentenv, handler) :
     font "Times-Roman" could not be found for family "serif"
    Warning in doTryCatch(return(expr), name, parentenv, handler) :
     font "Times-Roman" could not be found for family "serif"
    Warning in doTryCatch(return(expr), name, parentenv, handler) :
     font "Times-Roman" could not be found for family "serif"
    Warning in doTryCatch(return(expr), name, parentenv, handler) :
     font "Times-Roman" could not be found for family "serif"
    Warning in doTryCatch(return(expr), name, parentenv, handler) :
     font "Times-Roman" could not be found for family "serif"
    Warning in doTryCatch(return(expr), name, parentenv, handler) :
     font "Times-Roman" could not be found for family "serif"
    Warning in doTryCatch(return(expr), name, parentenv, handler) :
     font "Times-Roman" could not be found for family "serif"
    Warning in doTryCatch(return(expr), name, parentenv, handler) :
     font "Times-Roman" could not be found for family "serif"
    Warning in doTryCatch(return(expr), name, parentenv, handler) :
     font "Times-Roman" could not be found for family "serif"
    Warning in doTryCatch(return(expr), name, parentenv, handler) :
     font "Times-Roman" could not be found for family "serif"
    Warning in doTryCatch(return(expr), name, parentenv, handler) :
     font "Times-Roman" could not be found for family "serif"
    Warning in doTryCatch(return(expr), name, parentenv, handler) :
     font "Times-Roman" could not be found for family "serif"
    Warning in doTryCatch(return(expr), name, parentenv, handler) :
     font "Times-Roman" could not be found for family "serif"
    Warning in doTryCatch(return(expr), name, parentenv, handler) :
     font "Times-Roman" could not be found for family "serif"
    Warning in doTryCatch(return(expr), name, parentenv, handler) :
     font "Times-Roman" could not be found for family "serif"
    Warning in doTryCatch(return(expr), name, parentenv, handler) :
     font "Times-Roman" could not be found for family "serif"
    Warning in doTryCatch(return(expr), name, parentenv, handler) :
     font "Times-Roman" could not be found for family "serif"
    Warning in doTryCatch(return(expr), name, parentenv, handler) :
     font "Times-Roman" could not be found for family "serif"
    Warning in doTryCatch(return(expr), name, parentenv, handler) :
     font "Times-Roman" could not be found for family "serif"
    Warning in doTryCatch(return(expr), name, parentenv, handler) :
     font "Times-Roman" could not be found for family "serif"
    Warning in doTryCatch(return(expr), name, parentenv, handler) :
     font "Times-Roman" could not be found for family "serif"
    Warning in doTryCatch(return(expr), name, parentenv, handler) :
     font "Times-Roman" could not be found for family "serif"
    Warning in doTryCatch(return(expr), name, parentenv, handler) :
     font "Times-Roman" could not be found for family "serif"
    Warning in doTryCatch(return(expr), name, parentenv, handler) :
     font "Times-Roman" could not be found for family "serif"
    Warning in doTryCatch(return(expr), name, parentenv, handler) :
     font "Times-Roman" could not be found for family "serif"
    Warning in doTryCatch(return(expr), name, parentenv, handler) :
     font "Times-Roman" could not be found for family "serif"
    Warning in doTryCatch(return(expr), name, parentenv, handler) :
     font "Times-Roman" could not be found for family "serif"
    Warning in doTryCatch(return(expr), name, parentenv, handler) :
     font "Times-Roman" could not be found for family "serif"
    Warning in doTryCatch(return(expr), name, parentenv, handler) :
     font "Times-Roman" could not be found for family "serif"
    Warning in doTryCatch(return(expr), name, parentenv, handler) :
     font "Times-Roman" could not be found for family "serif"
    Warning in doTryCatch(return(expr), name, parentenv, handler) :
     font "Times-Roman" could not be found for family "serif"
    Warning in doTryCatch(return(expr), name, parentenv, handler) :
     font "Times-Roman" could not be found for family "serif"
    Warning in doTryCatch(return(expr), name, parentenv, handler) :
     font "Times-Roman" could not be found for family "serif"
    Warning in doTryCatch(return(expr), name, parentenv, handler) :
     font "Times-Roman" could not be found for family "serif"
    Warning in doTryCatch(return(expr), name, parentenv, handler) :
     font "Times-Roman" could not be found for family "serif"
    Warning in doTryCatch(return(expr), name, parentenv, handler) :
     font "Times-Roman" could not be found for family "serif"
    Warning in doTryCatch(return(expr), name, parentenv, handler) :
     font "Times-Roman" could not be found for family "serif"
    Warning in doTryCatch(return(expr), name, parentenv, handler) :
     font "Times-Roman" could not be found for family "serif"
    Warning in doTryCatch(return(expr), name, parentenv, handler) :
     font "Times-Roman" could not be found for family "serif"
    Warning in doTryCatch(return(expr), name, parentenv, handler) :
     font "Times-Roman" could not be found for family "serif"
    Warning in doTryCatch(return(expr), name, parentenv, handler) :
     font "Times-Roman" could not be found for family "serif"
    Warning in doTryCatch(return(expr), name, parentenv, handler) :
     font "Times-Roman" could not be found for family "serif"
    Warning in doTryCatch(return(expr), name, parentenv, handler) :
     font "Times-Roman" could not be found for family "serif"
    Warning in doTryCatch(return(expr), name, parentenv, handler) :
     font "Times-Roman" could not be found for family "serif"
    Warning in doTryCatch(return(expr), name, parentenv, handler) :
     font "Times-Roman" could not be found for family "serif"
    Warning in doTryCatch(return(expr), name, parentenv, handler) :
     font "Times-Roman" could not be found for family "serif"
    Warning in doTryCatch(return(expr), name, parentenv, handler) :
     font "Times-Roman" could not be found for family "serif"
    Warning in doTryCatch(return(expr), name, parentenv, handler) :
     font "Times-Roman" could not be found for family "serif"
    Warning in doTryCatch(return(expr), name, parentenv, handler) :
     font "Times-Roman" could not be found for family "serif"
    Warning in doTryCatch(return(expr), name, parentenv, handler) :
     font "Times-Roman" could not be found for family "serif"
    Warning in doTryCatch(return(expr), name, parentenv, handler) :
     font "Times-Roman" could not be found for family "serif"
    Warning in doTryCatch(return(expr), name, parentenv, handler) :
     font "Times-Roman" could not be found for family "serif"
    Warning in doTryCatch(return(expr), name, parentenv, handler) :
     font "Times-Roman" could not be found for family "serif"
    Warning in doTryCatch(return(expr), name, parentenv, handler) :
     font "Times-Roman" could not be found for family "serif"
    Warning in doTryCatch(return(expr), name, parentenv, handler) :
     font "Times-Roman" could not be found for family "serif"
    Warning in doTryCatch(return(expr), name, parentenv, handler) :
     font "Times-Roman" could not be found for family "serif"
    Warning in doTryCatch(return(expr), name, parentenv, handler) :
     font "Times-Roman" could not be found for family "serif"
    Warning in doTryCatch(return(expr), name, parentenv, handler) :
     font "Times-Roman" could not be found for family "serif"
    Warning in doTryCatch(return(expr), name, parentenv, handler) :
     font "Times-Roman" could not be found for family "serif"
    Warning in doTryCatch(return(expr), name, parentenv, handler) :
     font "Times-Roman" could not be found for family "serif"
    Warning in doTryCatch(return(expr), name, parentenv, handler) :
     font "Times-Roman" could not be found for family "serif"
    Warning in doTryCatch(return(expr), name, parentenv, handler) :
     font "Times-Roman" could not be found for family "serif"
    Warning in doTryCatch(return(expr), name, parentenv, handler) :
     font "Times-Roman" could not be found for family "serif"
    Warning in doTryCatch(return(expr), name, parentenv, handler) :
     font "Times-Roman" could not be found for family "serif"
    Warning in doTryCatch(return(expr), name, parentenv, handler) :
     font "Times-Roman" could not be found for family "serif"
    Warning in doTryCatch(return(expr), name, parentenv, handler) :
     font "Times-Roman" could not be found for family "serif"
    Warning in doTryCatch(return(expr), name, parentenv, handler) :
     font "Times-Roman" could not be found for family "serif"
    Warning in doTryCatch(return(expr), name, parentenv, handler) :
     font "Times-Roman" could not be found for family "serif"
    Warning in doTryCatch(return(expr), name, parentenv, handler) :
     font "Times-Roman" could not be found for family "serif"
    Warning in doTryCatch(return(expr), name, parentenv, handler) :
     font "Times-Roman" could not be found for family "serif"
    Warning in doTryCatch(return(expr), name, parentenv, handler) :
     font "Times-Roman" could not be found for family "serif"
    Warning in doTryCatch(return(expr), name, parentenv, handler) :
     font "Times-Roman" could not be found for family "serif"
    Warning in doTryCatch(return(expr), name, parentenv, handler) :
     font "Times-Roman" could not be found for family "serif"
    Warning in doTryCatch(return(expr), name, parentenv, handler) :
     font "Times-Roman" could not be found for family "serif"
    Warning in doTryCatch(return(expr), name, parentenv, handler) :
     font "Times-Roman" could not be found for family "serif"
    Warning in doTryCatch(return(expr), name, parentenv, handler) :
     font "Times-Roman" could not be found for family "serif"
    Warning in doTryCatch(return(expr), name, parentenv, handler) :
     font "Times-Roman" could not be found for family "serif"
    Warning in doTryCatch(return(expr), name, parentenv, handler) :
     font "Times-Roman" could not be found for family "serif"
    Warning in doTryCatch(return(expr), name, parentenv, handler) :
     font "Times-Roman" could not be found for family "serif"
    Warning in doTryCatch(return(expr), name, parentenv, handler) :
     font "Times-Roman" could not be found for family "serif"
    Warning in doTryCatch(return(expr), name, parentenv, handler) :
     font "Times-Roman" could not be found for family "serif"
    Warning in doTryCatch(return(expr), name, parentenv, handler) :
     font "Times-Roman" could not be found for family "serif"
    Warning in doTryCatch(return(expr), name, parentenv, handler) :
     font "Times-Roman" could not be found for family "serif"
    Warning in doTryCatch(return(expr), name, parentenv, handler) :
     font "Times-Roman" could not be found for family "serif"
    Warning in doTryCatch(return(expr), name, parentenv, handler) :
     font "Times-Roman" could not be found for family "serif"
    Warning in doTryCatch(return(expr), name, parentenv, handler) :
     font "Times-Roman" could not be found for family "serif"
    Warning in doTryCatch(return(expr), name, parentenv, handler) :
     font "Times-Roman" could not be found for family "serif"
    Warning in doTryCatch(return(expr), name, parentenv, handler) :
     font "Times-Roman" could not be found for family "serif"
    Warning in doTryCatch(return(expr), name, parentenv, handler) :
     font "Times-Roman" could not be found for family "serif"
    Warning in doTryCatch(return(expr), name, parentenv, handler) :
     font "Times-Roman" could not be found for family "serif"
    Warning in doTryCatch(return(expr), name, parentenv, handler) :
     font "Times-Roman" could not be found for family "serif"
    Warning in doTryCatch(return(expr), name, parentenv, handler) :
     font "Times-Roman" could not be found for family "serif"
    Warning in doTryCatch(return(expr), name, parentenv, handler) :
     font "Times-Roman" could not be found for family "serif"
    Warning in doTryCatch(return(expr), name, parentenv, handler) :
     font "Times-Roman" could not be found for family "serif"
    Warning in doTryCatch(return(expr), name, parentenv, handler) :
     font "Times-Roman" could not be found for family "serif"
    Warning in doTryCatch(return(expr), name, parentenv, handler) :
     font "Times-Roman" could not be found for family "serif"
    Warning in doTryCatch(return(expr), name, parentenv, handler) :
     font "Times-Roman" could not be found for family "serif"
    Warning in doTryCatch(return(expr), name, parentenv, handler) :
     font "Times-Roman" could not be found for family "serif"
    Warning in doTryCatch(return(expr), name, parentenv, handler) :
     font "Times-Roman" could not be found for family "serif"
    Warning in doTryCatch(return(expr), name, parentenv, handler) :
     font "Times-Roman" could not be found for family "serif"
    Warning in doTryCatch(return(expr), name, parentenv, handler) :
     font "Times-Roman" could not be found for family "serif"
    Warning in doTryCatch(return(expr), name, parentenv, handler) :
     font "Times-Roman" could not be found for family "serif"
    Warning in doTryCatch(return(expr), name, parentenv, handler) :
     font "Times-Roman" could not be found for family "serif"
    Warning in doTryCatch(return(expr), name, parentenv, handler) :
     font "Times-Roman" could not be found for family "serif"
    Warning in doTryCatch(return(expr), name, parentenv, handler) :
     font "Times-Roman" could not be found for family "serif"
    Warning in doTryCatch(return(expr), name, parentenv, handler) :
     font "Times-Roman" could not be found for family "serif"
    Warning in doTryCatch(return(expr), name, parentenv, handler) :
     font "Times-Roman" could not be found for family "serif"
    Warning in doTryCatch(return(expr), name, parentenv, handler) :
     font "Times-Roman" could not be found for family "serif"
    Warning in doTryCatch(return(expr), name, parentenv, handler) :
     font "Times-Roman" could not be found for family "serif"
    Warning in doTryCatch(return(expr), name, parentenv, handler) :
     font "Times-Roman" could not be found for family "serif"
    Warning in doTryCatch(return(expr), name, parentenv, handler) :
     font "Times-Roman" could not be found for family "serif"
    Warning in doTryCatch(return(expr), name, parentenv, handler) :
     font "Times-Roman" could not be found for family "serif"
    Warning in doTryCatch(return(expr), name, parentenv, handler) :
     font "Times-Roman" could not be found for family "serif"
    Warning in doTryCatch(return(expr), name, parentenv, handler) :
     font "Times-Roman" could not be found for family "serif"
    Warning in doTryCatch(return(expr), name, parentenv, handler) :
     font "Times-Roman" could not be found for family "serif"
    Warning in doTryCatch(return(expr), name, parentenv, handler) :
     font "Times-Roman" could not be found for family "serif"
    Warning in doTryCatch(return(expr), name, parentenv, handler) :
     font "Times-Roman" could not be found for family "serif"
    Warning in doTryCatch(return(expr), name, parentenv, handler) :
     font "Times-Roman" could not be found for family "serif"
    Warning in doTryCatch(return(expr), name, parentenv, handler) :
     font "Times-Roman" could not be found for family "serif"
    Warning in doTryCatch(return(expr), name, parentenv, handler) :
     font "Times-Roman" could not be found for family "serif"
    Warning in doTryCatch(return(expr), name, parentenv, handler) :
     font "Times-Roman" could not be found for family "serif"
    Warning in doTryCatch(return(expr), name, parentenv, handler) :
     font "Times-Roman" could not be found for family "serif"
    Warning in doTryCatch(return(expr), name, parentenv, handler) :
     font "Times-Roman" could not be found for family "serif"
    Warning in doTryCatch(return(expr), name, parentenv, handler) :
     font "Times-Roman" could not be found for family "serif"
    Warning in doTryCatch(return(expr), name, parentenv, handler) :
     font "Times-Roman" could not be found for family "serif"
    Warning in doTryCatch(return(expr), name, parentenv, handler) :
     font "Times-Roman" could not be found for family "serif"
    Warning in doTryCatch(return(expr), name, parentenv, handler) :
     font "Times-Roman" could not be found for family "serif"
    Warning in doTryCatch(return(expr), name, parentenv, handler) :
     font "Times-Roman" could not be found for family "serif"
    Warning in doTryCatch(return(expr), name, parentenv, handler) :
     font "Times-Roman" could not be found for family "serif"
    Warning in doTryCatch(return(expr), name, parentenv, handler) :
     font "Times-Roman" could not be found for family "serif"
    Warning in doTryCatch(return(expr), name, parentenv, handler) :
     font "Times-Roman" could not be found for family "serif"
    Warning in doTryCatch(return(expr), name, parentenv, handler) :
     font "Times-Roman" could not be found for family "serif"
    Warning in doTryCatch(return(expr), name, parentenv, handler) :
     font "Times-Roman" could not be found for family "serif"
    Warning in doTryCatch(return(expr), name, parentenv, handler) :
     font "Times-Roman" could not be found for family "serif"
    Warning in doTryCatch(return(expr), name, parentenv, handler) :
     font "Times-Roman" could not be found for family "serif"
    Warning in doTryCatch(return(expr), name, parentenv, handler) :
     font "Times-Roman" could not be found for family "serif"
    Warning in doTryCatch(return(expr), name, parentenv, handler) :
     font "Times-Roman" could not be found for family "serif"
    Warning in doTryCatch(return(expr), name, parentenv, handler) :
     font "Times-Roman" could not be found for family "serif"
    Warning in doTryCatch(return(expr), name, parentenv, handler) :
     font "Times-Roman" could not be found for family "serif"
    Warning in doTryCatch(return(expr), name, parentenv, handler) :
     font "Times-Roman" could not be found for family "serif"
    Warning in doTryCatch(return(expr), name, parentenv, handler) :
     font "Times-Roman" could not be found for family "serif"
    Warning in doTryCatch(return(expr), name, parentenv, handler) :
     font "Times-Roman" could not be found for family "serif"
    Warning in doTryCatch(return(expr), name, parentenv, handler) :
     font "Times-Roman" could not be found for family "serif"
    Warning in doTryCatch(return(expr), name, parentenv, handler) :
     font "Times-Roman" could not be found for family "serif"
    Warning in doTryCatch(return(expr), name, parentenv, handler) :
     font "Times-Roman" could not be found for family "serif"
    Warning in doTryCatch(return(expr), name, parentenv, handler) :
     font "Times-Roman" could not be found for family "serif"
    Warning in doTryCatch(return(expr), name, parentenv, handler) :
     font "Times-Roman" could not be found for family "serif"
    Warning in doTryCatch(return(expr), name, parentenv, handler) :
     font "Times-Roman" could not be found for family "serif"
    Warning in doTryCatch(return(expr), name, parentenv, handler) :
     font "Times-Roman" could not be found for family "serif"
    Warning in doTryCatch(return(expr), name, parentenv, handler) :
     font "Times-Roman" could not be found for family "serif"
    Warning in doTryCatch(return(expr), name, parentenv, handler) :
     font "Times-Roman" could not be found for family "serif"
    Warning in doTryCatch(return(expr), name, parentenv, handler) :
     font "Times-Roman" could not be found for family "serif"
    Warning in doTryCatch(return(expr), name, parentenv, handler) :
     font "Times-Roman" could not be found for family "serif"
    Warning in doTryCatch(return(expr), name, parentenv, handler) :
     font "Times-Roman" could not be found for family "serif"
    Warning in doTryCatch(return(expr), name, parentenv, handler) :
     font "Times-Roman" could not be found for family "serif"
    Warning in doTryCatch(return(expr), name, parentenv, handler) :
     font "Times-Roman" could not be found for family "serif"
    Warning in doTryCatch(return(expr), name, parentenv, handler) :
     font "Times-Roman" could not be found for family "serif"
    Warning in doTryCatch(return(expr), name, parentenv, handler) :
     font "Times-Roman" could not be found for family "serif"
    Warning in doTryCatch(return(expr), name, parentenv, handler) :
     font "Times-Roman" could not be found for family "serif"
    Warning in doTryCatch(return(expr), name, parentenv, handler) :
     font "Times-Roman" could not be found for family "serif"
    Warning in doTryCatch(return(expr), name, parentenv, handler) :
     font "Times-Roman" could not be found for family "serif"
    Warning in doTryCatch(return(expr), name, parentenv, handler) :
     font "Times-Roman" could not be found for family "serif"
    Warning in doTryCatch(return(expr), name, parentenv, handler) :
     font "Times-Roman" could not be found for family "serif"
    Warning in doTryCatch(return(expr), name, parentenv, handler) :
     font "Times-Roman" could not be found for family "serif"
    Warning in doTryCatch(return(expr), name, parentenv, handler) :
     font "Times-Roman" could not be found for family "serif"
    Warning in doTryCatch(return(expr), name, parentenv, handler) :
     font "Times-Roman" could not be found for family "serif"
    Warning in doTryCatch(return(expr), name, parentenv, handler) :
     font "Times-Roman" could not be found for family "serif"
    Warning in doTryCatch(return(expr), name, parentenv, handler) :
     font "Times-Roman" could not be found for family "serif"
    Warning in doTryCatch(return(expr), name, parentenv, handler) :
     font "Times-Roman" could not be found for family "serif"
    Warning in doTryCatch(return(expr), name, parentenv, handler) :
     font "Times-Roman" could not be found for family "serif"
    Warning in doTryCatch(return(expr), name, parentenv, handler) :
     font "Times-Roman" could not be found for family "serif"
    Warning in doTryCatch(return(expr), name, parentenv, handler) :
     font "Times-Roman" could not be found for family "serif"
    Warning in doTryCatch(return(expr), name, parentenv, handler) :
     font "Times-Roman" could not be found for family "serif"
    Warning in doTryCatch(return(expr), name, parentenv, handler) :
     font "Times-Roman" could not be found for family "serif"
    Warning in doTryCatch(return(expr), name, parentenv, handler) :
     font "Times-Roman" could not be found for family "serif"
    Warning in doTryCatch(return(expr), name, parentenv, handler) :
     font "Times-Roman" could not be found for family "serif"
    Warning in doTryCatch(return(expr), name, parentenv, handler) :
     font "Times-Roman" could not be found for family "serif"
    Warning in doTryCatch(return(expr), name, parentenv, handler) :
     font "Times-Roman" could not be found for family "serif"
    Warning in doTryCatch(return(expr), name, parentenv, handler) :
     font "Times-Roman" could not be found for family "serif"
    Warning in doTryCatch(return(expr), name, parentenv, handler) :
     font "Times-Roman" could not be found for family "serif"
    Warning in doTryCatch(return(expr), name, parentenv, handler) :
     font "Times-Roman" could not be found for family "serif"
    Warning in doTryCatch(return(expr), name, parentenv, handler) :
     font "Times-Roman" could not be found for family "serif"
    Warning in doTryCatch(return(expr), name, parentenv, handler) :
     font "Times-Roman" could not be found for family "serif"
    Warning in doTryCatch(return(expr), name, parentenv, handler) :
     font "Times-Roman" could not be found for family "serif"
    Warning in doTryCatch(return(expr), name, parentenv, handler) :
     font "Times-Roman" could not be found for family "serif"
    Warning in doTryCatch(return(expr), name, parentenv, handler) :
     font "Times-Roman" could not be found for family "serif"
    Warning in doTryCatch(return(expr), name, parentenv, handler) :
     font "Times-Roman" could not be found for family "serif"
    Warning in doTryCatch(return(expr), name, parentenv, handler) :
     font "Times-Roman" could not be found for family "serif"
    Warning in doTryCatch(return(expr), name, parentenv, handler) :
     font "Times-Roman" could not be found for family "serif"
    Warning in doTryCatch(return(expr), name, parentenv, handler) :
     font "Times-Roman" could not be found for family "serif"
    Warning in doTryCatch(return(expr), name, parentenv, handler) :
     font "Times-Roman" could not be found for family "serif"
    Warning in doTryCatch(return(expr), name, parentenv, handler) :
     font "Times-Roman" could not be found for family "serif"
    Warning in doTryCatch(return(expr), name, parentenv, handler) :
     font "Times-Roman" could not be found for family "serif"
    Warning in doTryCatch(return(expr), name, parentenv, handler) :
     font "Times-Roman" could not be found for family "serif"
    Warning in doTryCatch(return(expr), name, parentenv, handler) :
     font "Times-Roman" could not be found for family "serif"
    Warning in doTryCatch(return(expr), name, parentenv, handler) :
     font "Times-Roman" could not be found for family "serif"
    Warning in doTryCatch(return(expr), name, parentenv, handler) :
     font "Times-Roman" could not be found for family "serif"
    Warning in doTryCatch(return(expr), name, parentenv, handler) :
     font "Times-Roman" could not be found for family "serif"
    Warning in doTryCatch(return(expr), name, parentenv, handler) :
     font "Times-Roman" could not be found for family "serif"
    Warning in doTryCatch(return(expr), name, parentenv, handler) :
     font "Times-Roman" could not be found for family "serif"
    Warning in doTryCatch(return(expr), name, parentenv, handler) :
     font "Times-Roman" could not be found for family "serif"
    Warning in doTryCatch(return(expr), name, parentenv, handler) :
     font "Times-Roman" could not be found for family "serif"
    Warning in doTryCatch(return(expr), name, parentenv, handler) :
     font "Times-Roman" could not be found for family "serif"
    Warning in doTryCatch(return(expr), name, parentenv, handler) :
     font "Times-Roman" could not be found for family "serif"
    Warning in doTryCatch(return(expr), name, parentenv, handler) :
     font "Times-Roman" could not be found for family "serif"
    Warning in doTryCatch(return(expr), name, parentenv, handler) :
     font "Times-Roman" could not be found for family "serif"
    Warning in doTryCatch(return(expr), name, parentenv, handler) :
     font "Times-Roman" could not be found for family "serif"
    Warning in doTryCatch(return(expr), name, parentenv, handler) :
     font "Times-Roman" could not be found for family "serif"
    Warning in doTryCatch(return(expr), name, parentenv, handler) :
     font "Times-Roman" could not be found for family "serif"
    Warning in doTryCatch(return(expr), name, parentenv, handler) :
     font "Times-Roman" could not be found for family "serif"
    Warning in doTryCatch(return(expr), name, parentenv, handler) :
     font "Times-Roman" could not be found for family "serif"
    Warning in doTryCatch(return(expr), name, parentenv, handler) :
     font "Times-Roman" could not be found for family "serif"
    Warning in doTryCatch(return(expr), name, parentenv, handler) :
     font "Times-Roman" could not be found for family "serif"
    Warning in doTryCatch(return(expr), name, parentenv, handler) :
     font "Times-Roman" could not be found for family "serif"
    Warning in doTryCatch(return(expr), name, parentenv, handler) :
     font "Times-Roman" could not be found for family "serif"
    Warning in doTryCatch(return(expr), name, parentenv, handler) :
     font "Times-Roman" could not be found for family "serif"
    Warning in doTryCatch(return(expr), name, parentenv, handler) :
     font "Times-Roman" could not be found for family "serif"
    Warning in doTryCatch(return(expr), name, parentenv, handler) :
     font "Times-Roman" could not be found for family "serif"
    Warning in doTryCatch(return(expr), name, parentenv, handler) :
     font "Times-Roman" could not be found for family "serif"
    Warning in doTryCatch(return(expr), name, parentenv, handler) :
     font "Times-Roman" could not be found for family "serif"
    Warning in doTryCatch(return(expr), name, parentenv, handler) :
     font "Times-Roman" could not be found for family "serif"
    Warning in doTryCatch(return(expr), name, parentenv, handler) :
     font "Times-Roman" could not be found for family "serif"
    Warning in doTryCatch(return(expr), name, parentenv, handler) :
     font "Times-Roman" could not be found for family "serif"
    Warning in doTryCatch(return(expr), name, parentenv, handler) :
     font "Times-Roman" could not be found for family "serif"
    Warning in doTryCatch(return(expr), name, parentenv, handler) :
     font "Times-Roman" could not be found for family "serif"
    Warning in doTryCatch(return(expr), name, parentenv, handler) :
     font "Times-Roman" could not be found for family "serif"
    Warning in doTryCatch(return(expr), name, parentenv, handler) :
     font "Times-Roman" could not be found for family "serif"
    Warning in doTryCatch(return(expr), name, parentenv, handler) :
     font "Times-Roman" could not be found for family "serif"
    Warning in doTryCatch(return(expr), name, parentenv, handler) :
     font "Times-Roman" could not be found for family "serif"
    Warning in doTryCatch(return(expr), name, parentenv, handler) :
     font "Times-Roman" could not be found for family "serif"
    Warning in doTryCatch(return(expr), name, parentenv, handler) :
     font "Times-Roman" could not be found for family "serif"
    Warning in doTryCatch(return(expr), name, parentenv, handler) :
     font "Times-Roman" could not be found for family "serif"
    Warning in doTryCatch(return(expr), name, parentenv, handler) :
     font "Times-Roman" could not be found for family "serif"
    Warning in doTryCatch(return(expr), name, parentenv, handler) :
     font "Times-Roman" could not be found for family "serif"
    Warning in doTryCatch(return(expr), name, parentenv, handler) :
     font "Times-Roman" could not be found for family "serif"
    Warning in doTryCatch(return(expr), name, parentenv, handler) :
     font "Times-Roman" could not be found for family "serif"
    Warning in doTryCatch(return(expr), name, parentenv, handler) :
     font "Times-Roman" could not be found for family "serif"
    Warning in doTryCatch(return(expr), name, parentenv, handler) :
     font "Times-Roman" could not be found for family "serif"
    Warning in doTryCatch(return(expr), name, parentenv, handler) :
     font "Times-Roman" could not be found for family "serif"
    Warning in doTryCatch(return(expr), name, parentenv, handler) :
     font "Times-Roman" could not be found for family "serif"
    Warning in doTryCatch(return(expr), name, parentenv, handler) :
     font "Times-Roman" could not be found for family "serif"
    Warning in doTryCatch(return(expr), name, parentenv, handler) :
     font "Times-Roman" could not be found for family "serif"
    Warning in doTryCatch(return(expr), name, parentenv, handler) :
     font "Times-Roman" could not be found for family "serif"
    Warning in doTryCatch(return(expr), name, parentenv, handler) :
     font "Times-Roman" could not be found for family "serif"
    Warning in doTryCatch(return(expr), name, parentenv, handler) :
     font "Times-Roman" could not be found for family "serif"
    Warning in doTryCatch(return(expr), name, parentenv, handler) :
     font "Times-Roman" could not be found for family "serif"
    Warning in doTryCatch(return(expr), name, parentenv, handler) :
     font "Times-Roman" could not be found for family "serif"
    Warning in doTryCatch(return(expr), name, parentenv, handler) :
     font "Times-Roman" could not be found for family "serif"
    Warning in doTryCatch(return(expr), name, parentenv, handler) :
     font "Times-Roman" could not be found for family "serif"
    Warning in doTryCatch(return(expr), name, parentenv, handler) :
     font "Times-Roman" could not be found for family "serif"
    Warning in doTryCatch(return(expr), name, parentenv, handler) :
     font "Times-Roman" could not be found for family "serif"
    Warning in doTryCatch(return(expr), name, parentenv, handler) :
     font "Times-Roman" could not be found for family "serif"
    Warning in doTryCatch(return(expr), name, parentenv, handler) :
     font "Times-Roman" could not be found for family "serif"
    Warning in doTryCatch(return(expr), name, parentenv, handler) :
     font "Times-Roman" could not be found for family "serif"
    Warning in doTryCatch(return(expr), name, parentenv, handler) :
     font "Times-Roman" could not be found for family "serif"
    Warning in doTryCatch(return(expr), name, parentenv, handler) :
     font "Times-Roman" could not be found for family "serif"
    Warning in doTryCatch(return(expr), name, parentenv, handler) :
     font "Times-Roman" could not be found for family "serif"
    Warning in doTryCatch(return(expr), name, parentenv, handler) :
     font "Times-Roman" could not be found for family "serif"
    Warning in doTryCatch(return(expr), name, parentenv, handler) :
     font "Times-Roman" could not be found for family "serif"
    Warning in doTryCatch(return(expr), name, parentenv, handler) :
     font "Times-Roman" could not be found for family "serif"
    Warning in doTryCatch(return(expr), name, parentenv, handler) :
     font "Times-Roman" could not be found for family "serif"
    Warning in doTryCatch(return(expr), name, parentenv, handler) :
     font "Times-Roman" could not be found for family "serif"
    Warning in doTryCatch(return(expr), name, parentenv, handler) :
     font "Times-Roman" could not be found for family "serif"
    Warning in doTryCatch(return(expr), name, parentenv, handler) :
     font "Times-Roman" could not be found for family "serif"
    Warning in doTryCatch(return(expr), name, parentenv, handler) :
     font "Times-Roman" could not be found for family "serif"
    Warning in doTryCatch(return(expr), name, parentenv, handler) :
     font "Times-Roman" could not be found for family "serif"
    Warning in doTryCatch(return(expr), name, parentenv, handler) :
     font "Times-Roman" could not be found for family "serif"
    Warning in doTryCatch(return(expr), name, parentenv, handler) :
     font "Times-Roman" could not be found for family "serif"
    Warning in doTryCatch(return(expr), name, parentenv, handler) :
     font "Times-Roman" could not be found for family "serif"
    Warning in doTryCatch(return(expr), name, parentenv, handler) :
     font "Times-Roman" could not be found for family "serif"
    Warning in doTryCatch(return(expr), name, parentenv, handler) :
     font "Times-Roman" could not be found for family "serif"
    Warning in doTryCatch(return(expr), name, parentenv, handler) :
     font "Times-Roman" could not be found for family "serif"
    Warning in doTryCatch(return(expr), name, parentenv, handler) :
     font "Times-Roman" could not be found for family "serif"
    Warning in doTryCatch(return(expr), name, parentenv, handler) :
     font "Times-Roman" could not be found for family "serif"
    Warning in doTryCatch(return(expr), name, parentenv, handler) :
     font "Times-Roman" could not be found for family "serif"
    Warning in doTryCatch(return(expr), name, parentenv, handler) :
     font "Times-Roman" could not be found for family "serif"
    Warning in doTryCatch(return(expr), name, parentenv, handler) :
     font "Times-Roman" could not be found for family "serif"
    Warning in doTryCatch(return(expr), name, parentenv, handler) :
     font "Times-Roman" could not be found for family "serif"
    Warning in doTryCatch(return(expr), name, parentenv, handler) :
     font "Times-Roman" could not be found for family "serif"
    Warning in doTryCatch(return(expr), name, parentenv, handler) :
     font "Times-Roman" could not be found for family "serif"
    Warning in doTryCatch(return(expr), name, parentenv, handler) :
     font "Times-Roman" could not be found for family "serif"
    Warning in doTryCatch(return(expr), name, parentenv, handler) :
     font "Times-Roman" could not be found for family "serif"
    Warning in doTryCatch(return(expr), name, parentenv, handler) :
     font "Times-Roman" could not be found for family "serif"
    Warning in doTryCatch(return(expr), name, parentenv, handler) :
     font "Times-Roman" could not be found for family "serif"
    Warning in doTryCatch(return(expr), name, parentenv, handler) :
     font "Times-Roman" could not be found for family "serif"
    Warning in doTryCatch(return(expr), name, parentenv, handler) :
     font "Times-Roman" could not be found for family "serif"
    Warning in doTryCatch(return(expr), name, parentenv, handler) :
     font "Times-Roman" could not be found for family "serif"
    Warning in doTryCatch(return(expr), name, parentenv, handler) :
     font "Times-Roman" could not be found for family "serif"
    Warning in doTryCatch(return(expr), name, parentenv, handler) :
     font "Times-Roman" could not be found for family "serif"
    Warning in doTryCatch(return(expr), name, parentenv, handler) :
     font "Times-Roman" could not be found for family "serif"
    Warning in doTryCatch(return(expr), name, parentenv, handler) :
     font "Times-Roman" could not be found for family "serif"
    Warning in doTryCatch(return(expr), name, parentenv, handler) :
     font "Times-Roman" could not be found for family "serif"
    Warning in doTryCatch(return(expr), name, parentenv, handler) :
     font "Times-Roman" could not be found for family "serif"
    Warning in doTryCatch(return(expr), name, parentenv, handler) :
     font "Times-Roman" could not be found for family "serif"
    Warning in doTryCatch(return(expr), name, parentenv, handler) :
     font "Times-Roman" could not be found for family "serif"
    Warning in doTryCatch(return(expr), name, parentenv, handler) :
     font "Times-Roman" could not be found for family "serif"
    Warning in doTryCatch(return(expr), name, parentenv, handler) :
     font "Times-Roman" could not be found for family "serif"
    Warning in doTryCatch(return(expr), name, parentenv, handler) :
     font "Times-Roman" could not be found for family "serif"
    Warning in doTryCatch(return(expr), name, parentenv, handler) :
     font "Times-Roman" could not be found for family "serif"
    Warning in doTryCatch(return(expr), name, parentenv, handler) :
     font "Times-Roman" could not be found for family "serif"
    Warning in doTryCatch(return(expr), name, parentenv, handler) :
     font "Times-Roman" could not be found for family "serif"
    Warning in doTryCatch(return(expr), name, parentenv, handler) :
     font "Times-Roman" could not be found for family "serif"
    Warning in doTryCatch(return(expr), name, parentenv, handler) :
     font "Times-Roman" could not be found for family "serif"
    Warning in doTryCatch(return(expr), name, parentenv, handler) :
     font "Times-Roman" could not be found for family "serif"
    Warning in doTryCatch(return(expr), name, parentenv, handler) :
     font "Times-Roman" could not be found for family "serif"
    Warning in doTryCatch(return(expr), name, parentenv, handler) :
     font "Times-Roman" could not be found for family "serif"
    Warning in doTryCatch(return(expr), name, parentenv, handler) :
     font "Times-Roman" could not be found for family "serif"
    Warning in doTryCatch(return(expr), name, parentenv, handler) :
     font "Times-Roman" could not be found for family "serif"
    Warning in doTryCatch(return(expr), name, parentenv, handler) :
     font "Times-Roman" could not be found for family "serif"
    Warning in doTryCatch(return(expr), name, parentenv, handler) :
     font "Times-Roman" could not be found for family "serif"
    Warning in doTryCatch(return(expr), name, parentenv, handler) :
     font "Times-Roman" could not be found for family "serif"
    Warning in doTryCatch(return(expr), name, parentenv, handler) :
     font "Times-Roman" could not be found for family "serif"
    Warning in doTryCatch(return(expr), name, parentenv, handler) :
     font "Times-Roman" could not be found for family "serif"
    Warning in doTryCatch(return(expr), name, parentenv, handler) :
     font "Times-Roman" could not be found for family "serif"
    Warning in doTryCatch(return(expr), name, parentenv, handler) :
     font "Times-Roman" could not be found for family "serif"
    Warning in doTryCatch(return(expr), name, parentenv, handler) :
     font "Times-Roman" could not be found for family "serif"
    Warning in doTryCatch(return(expr), name, parentenv, handler) :
     font "Times-Roman" could not be found for family "serif"
    Warning in doTryCatch(return(expr), name, parentenv, handler) :
     font "Times-Roman" could not be found for family "serif"
    Warning in doTryCatch(return(expr), name, parentenv, handler) :
     font "Times-Roman" could not be found for family "serif"
    Warning in doTryCatch(return(expr), name, parentenv, handler) :
     font "Times-Roman" could not be found for family "serif"
    Warning in doTryCatch(return(expr), name, parentenv, handler) :
     font "Times-Roman" could not be found for family "serif"
    Warning in doTryCatch(return(expr), name, parentenv, handler) :
     font "Times-Roman" could not be found for family "serif"
    Warning in doTryCatch(return(expr), name, parentenv, handler) :
     font "Times-Roman" could not be found for family "serif"
    Warning in doTryCatch(return(expr), name, parentenv, handler) :
     font "Times-Roman" could not be found for family "serif"
    Warning in doTryCatch(return(expr), name, parentenv, handler) :
     font "Times-Roman" could not be found for family "serif"
    Warning in doTryCatch(return(expr), name, parentenv, handler) :
     font "Times-Roman" could not be found for family "serif"
    Warning in doTryCatch(return(expr), name, parentenv, handler) :
     font "Times-Roman" could not be found for family "serif"
    Warning in doTryCatch(return(expr), name, parentenv, handler) :
     font "Times-Roman" could not be found for family "serif"
    Warning in doTryCatch(return(expr), name, parentenv, handler) :
     font "Times-Roman" could not be found for family "serif"
    Warning in doTryCatch(return(expr), name, parentenv, handler) :
     font "Times-Roman" could not be found for family "serif"
    Warning in doTryCatch(return(expr), name, parentenv, handler) :
     font "Times-Roman" could not be found for family "serif"
    Warning in doTryCatch(return(expr), name, parentenv, handler) :
     font "Times-Roman" could not be found for family "serif"
    Warning in doTryCatch(return(expr), name, parentenv, handler) :
     font "Times-Roman" could not be found for family "serif"
    Warning in doTryCatch(return(expr), name, parentenv, handler) :
     font "Times-Roman" could not be found for family "serif"
    Warning in doTryCatch(return(expr), name, parentenv, handler) :
     font "Times-Roman" could not be found for family "serif"
    Warning in doTryCatch(return(expr), name, parentenv, handler) :
     font "Times-Roman" could not be found for family "serif"
    Warning in doTryCatch(return(expr), name, parentenv, handler) :
     font "Times-Roman" could not be found for family "serif"
    Warning in doTryCatch(return(expr), name, parentenv, handler) :
     font "Times-Roman" could not be found for family "serif"
    Warning in doTryCatch(return(expr), name, parentenv, handler) :
     font "Times-Roman" could not be found for family "serif"
    Warning in doTryCatch(return(expr), name, parentenv, handler) :
     font "Times-Roman" could not be found for family "serif"
    Warning in doTryCatch(return(expr), name, parentenv, handler) :
     font "Times-Roman" could not be found for family "serif"
    Warning in doTryCatch(return(expr), name, parentenv, handler) :
     font "Times-Roman" could not be found for family "serif"
    Warning in doTryCatch(return(expr), name, parentenv, handler) :
     font "Times-Roman" could not be found for family "serif"
    Warning in doTryCatch(return(expr), name, parentenv, handler) :
     font "Times-Roman" could not be found for family "serif"
    Warning in doTryCatch(return(expr), name, parentenv, handler) :
     font "Times-Roman" could not be found for family "serif"
    Warning in doTryCatch(return(expr), name, parentenv, handler) :
     font "Times-Roman" could not be found for family "serif"
    Warning in doTryCatch(return(expr), name, parentenv, handler) :
     font "Times-Roman" could not be found for family "serif"
    Warning in doTryCatch(return(expr), name, parentenv, handler) :
     font "Times-Roman" could not be found for family "serif"
    Warning in doTryCatch(return(expr), name, parentenv, handler) :
     font "Times-Roman" could not be found for family "serif"
    Warning in doTryCatch(return(expr), name, parentenv, handler) :
     font "Times-Roman" could not be found for family "serif"
    Warning in doTryCatch(return(expr), name, parentenv, handler) :
     font "Times-Roman" could not be found for family "serif"
    Warning in doTryCatch(return(expr), name, parentenv, handler) :
     font "Times-Roman" could not be found for family "serif"
    Warning in doTryCatch(return(expr), name, parentenv, handler) :
     font "Times-Roman" could not be found for family "serif"
    Warning in doTryCatch(return(expr), name, parentenv, handler) :
     font "Times-Roman" could not be found for family "serif"
    Warning in doTryCatch(return(expr), name, parentenv, handler) :
     font "Times-Roman" could not be found for family "serif"
    Warning in doTryCatch(return(expr), name, parentenv, handler) :
     font "Times-Roman" could not be found for family "serif"
    Warning in doTryCatch(return(expr), name, parentenv, handler) :
     font "Times-Roman" could not be found for family "serif"
    Warning in doTryCatch(return(expr), name, parentenv, handler) :
     font "Times-Roman" could not be found for family "serif"
    Warning in doTryCatch(return(expr), name, parentenv, handler) :
     font "Times-Roman" could not be found for family "serif"
    Warning in doTryCatch(return(expr), name, parentenv, handler) :
     font "Times-Roman" could not be found for family "serif"
    Warning in doTryCatch(return(expr), name, parentenv, handler) :
     font "Times-Roman" could not be found for family "serif"
    Warning in doTryCatch(return(expr), name, parentenv, handler) :
     font "Times-Roman" could not be found for family "serif"
    Warning in doTryCatch(return(expr), name, parentenv, handler) :
     font "Times-Roman" could not be found for family "serif"
    Warning in doTryCatch(return(expr), name, parentenv, handler) :
     font "Times-Roman" could not be found for family "serif"
    Warning in doTryCatch(return(expr), name, parentenv, handler) :
     font "Times-Roman" could not be found for family "serif"
    Warning in doTryCatch(return(expr), name, parentenv, handler) :
     font "Times-Roman" could not be found for family "serif"
    Warning in doTryCatch(return(expr), name, parentenv, handler) :
     font "Times-Roman" could not be found for family "serif"
    Warning in doTryCatch(return(expr), name, parentenv, handler) :
     font "Times-Roman" could not be found for family "serif"
    Warning in doTryCatch(return(expr), name, parentenv, handler) :
     font "Times-Roman" could not be found for family "serif"
    Warning in doTryCatch(return(expr), name, parentenv, handler) :
     font "Times-Roman" could not be found for family "serif"
    Warning in doTryCatch(return(expr), name, parentenv, handler) :
     font "Times-Roman" could not be found for family "serif"
    Warning in doTryCatch(return(expr), name, parentenv, handler) :
     font "Times-Roman" could not be found for family "serif"
    Warning in doTryCatch(return(expr), name, parentenv, handler) :
     font "Times-Roman" could not be found for family "serif"
    Warning in doTryCatch(return(expr), name, parentenv, handler) :
     font "Times-Roman" could not be found for family "serif"
    Warning in doTryCatch(return(expr), name, parentenv, handler) :
     font "Times-Roman" could not be found for family "serif"
    Warning in doTryCatch(return(expr), name, parentenv, handler) :
     font "Times-Roman" could not be found for family "serif"
    Warning in doTryCatch(return(expr), name, parentenv, handler) :
     font "Times-Roman" could not be found for family "serif"
    Warning in doTryCatch(return(expr), name, parentenv, handler) :
     font "Times-Roman" could not be found for family "serif"
    Warning in doTryCatch(return(expr), name, parentenv, handler) :
     font "Times-Roman" could not be found for family "serif"
    Warning in doTryCatch(return(expr), name, parentenv, handler) :
     font "Times-Roman" could not be found for family "serif"
    Warning in doTryCatch(return(expr), name, parentenv, handler) :
     font "Times-Roman" could not be found for family "serif"
    Warning in doTryCatch(return(expr), name, parentenv, handler) :
     font "Times-Roman" could not be found for family "serif"
    Warning in doTryCatch(return(expr), name, parentenv, handler) :
     font "Times-Roman" could not be found for family "serif"
    Warning in doTryCatch(return(expr), name, parentenv, handler) :
     font "Times-Roman" could not be found for family "serif"
    Warning in doTryCatch(return(expr), name, parentenv, handler) :
     font "Times-Roman" could not be found for family "serif"
    Warning in doTryCatch(return(expr), name, parentenv, handler) :
     font "Times-Roman" could not be found for family "serif"
    Warning in doTryCatch(return(expr), name, parentenv, handler) :
     font "Times-Roman" could not be found for family "serif"
    Warning in doTryCatch(return(expr), name, parentenv, handler) :
     font "Times-Roman" could not be found for family "serif"
    Warning in doTryCatch(return(expr), name, parentenv, handler) :
     font "Times-Roman" could not be found for family "serif"
    Warning in doTryCatch(return(expr), name, parentenv, handler) :
     font "Times-Roman" could not be found for family "serif"
    Warning in doTryCatch(return(expr), name, parentenv, handler) :
     font "Times-Roman" could not be found for family "serif"
    Warning in doTryCatch(return(expr), name, parentenv, handler) :
     font "Times-Roman" could not be found for family "serif"
    Warning in doTryCatch(return(expr), name, parentenv, handler) :
     font "Times-Roman" could not be found for family "serif"
    Warning in doTryCatch(return(expr), name, parentenv, handler) :
     font "Times-Roman" could not be found for family "serif"
    Warning in doTryCatch(return(expr), name, parentenv, handler) :
     font "Times-Roman" could not be found for family "serif"
    Warning in doTryCatch(return(expr), name, parentenv, handler) :
     font "Times-Roman" could not be found for family "serif"
    Warning in doTryCatch(return(expr), name, parentenv, handler) :
     font "Times-Roman" could not be found for family "serif"
    Warning in doTryCatch(return(expr), name, parentenv, handler) :
     font "Times-Roman" could not be found for family "serif"
    Warning in doTryCatch(return(expr), name, parentenv, handler) :
     font "Times-Roman" could not be found for family "serif"
    Warning in doTryCatch(return(expr), name, parentenv, handler) :
     font "Times-Roman" could not be found for family "serif"
    Warning in doTryCatch(return(expr), name, parentenv, handler) :
     font "Times-Roman" could not be found for family "serif"
    Warning in doTryCatch(return(expr), name, parentenv, handler) :
     font "Times-Roman" could not be found for family "serif"
    Warning in doTryCatch(return(expr), name, parentenv, handler) :
     font "Times-Roman" could not be found for family "serif"
    Warning in doTryCatch(return(expr), name, parentenv, handler) :
     font "Times-Roman" could not be found for family "serif"
    Warning in doTryCatch(return(expr), name, parentenv, handler) :
     font "Times-Roman" could not be found for family "serif"
    Warning in doTryCatch(return(expr), name, parentenv, handler) :
     font "Times-Roman" could not be found for family "serif"
    Warning in doTryCatch(return(expr), name, parentenv, handler) :
     font "Times-Roman" could not be found for family "serif"
    Warning in doTryCatch(return(expr), name, parentenv, handler) :
     font "Times-Roman" could not be found for family "serif"
    Warning in doTryCatch(return(expr), name, parentenv, handler) :
     font "Times-Roman" could not be found for family "serif"
    Warning in doTryCatch(return(expr), name, parentenv, handler) :
     font "Times-Roman" could not be found for family "serif"
    Warning in doTryCatch(return(expr), name, parentenv, handler) :
     font "Times-Roman" could not be found for family "serif"
    Warning in doTryCatch(return(expr), name, parentenv, handler) :
     font "Times-Roman" could not be found for family "serif"
    Warning in doTryCatch(return(expr), name, parentenv, handler) :
     font "Times-Roman" could not be found for family "serif"
    Warning in doTryCatch(return(expr), name, parentenv, handler) :
     font "Times-Roman" could not be found for family "serif"
    Warning in doTryCatch(return(expr), name, parentenv, handler) :
     font "Times-Roman" could not be found for family "serif"
    Warning in doTryCatch(return(expr), name, parentenv, handler) :
     font "Times-Roman" could not be found for family "serif"
    Warning in doTryCatch(return(expr), name, parentenv, handler) :
     font "Times-Roman" could not be found for family "serif"
    Warning in doTryCatch(return(expr), name, parentenv, handler) :
     font "Times-Roman" could not be found for family "serif"
    Warning in doTryCatch(return(expr), name, parentenv, handler) :
     font "Times-Roman" could not be found for family "serif"
    Warning in doTryCatch(return(expr), name, parentenv, handler) :
     font "Times-Roman" could not be found for family "serif"
    Warning in doTryCatch(return(expr), name, parentenv, handler) :
     font "Times-Roman" could not be found for family "serif"
    Warning in doTryCatch(return(expr), name, parentenv, handler) :
     font "Times-Roman" could not be found for family "serif"
    Warning in doTryCatch(return(expr), name, parentenv, handler) :
     font "Times-Roman" could not be found for family "serif"
    Warning in doTryCatch(return(expr), name, parentenv, handler) :
     font "Times-Roman" could not be found for family "serif"
    Warning in doTryCatch(return(expr), name, parentenv, handler) :
     font "Times-Roman" could not be found for family "serif"
    Warning in doTryCatch(return(expr), name, parentenv, handler) :
     font "Times-Roman" could not be found for family "serif"
    Warning in doTryCatch(return(expr), name, parentenv, handler) :
     font "Times-Roman" could not be found for family "serif"
    Warning in doTryCatch(return(expr), name, parentenv, handler) :
     font "Times-Roman" could not be found for family "serif"
    Warning in doTryCatch(return(expr), name, parentenv, handler) :
     font "Times-Roman" could not be found for family "serif"
    Warning in doTryCatch(return(expr), name, parentenv, handler) :
     font "Times-Roman" could not be found for family "serif"
    Warning in doTryCatch(return(expr), name, parentenv, handler) :
     font "Times-Roman" could not be found for family "serif"
    Warning in doTryCatch(return(expr), name, parentenv, handler) :
     font "Times-Roman" could not be found for family "serif"
    Warning in doTryCatch(return(expr), name, parentenv, handler) :
     font "Times-Roman" could not be found for family "serif"
    Warning in doTryCatch(return(expr), name, parentenv, handler) :
     font "Times-Roman" could not be found for family "serif"
    Warning in doTryCatch(return(expr), name, parentenv, handler) :
     font "Times-Roman" could not be found for family "serif"
    Warning in doTryCatch(return(expr), name, parentenv, handler) :
     font "Times-Roman" could not be found for family "serif"
    Warning in doTryCatch(return(expr), name, parentenv, handler) :
     font "Times-Roman" could not be found for family "serif"
    Warning in doTryCatch(return(expr), name, parentenv, handler) :
     font "Times-Roman" could not be found for family "serif"
    Warning in doTryCatch(return(expr), name, parentenv, handler) :
     font "Times-Roman" could not be found for family "serif"
    Warning in doTryCatch(return(expr), name, parentenv, handler) :
     font "Times-Roman" could not be found for family "serif"
    Warning in doTryCatch(return(expr), name, parentenv, handler) :
     font "Times-Roman" could not be found for family "serif"
    Warning in doTryCatch(return(expr), name, parentenv, handler) :
     font "Times-Roman" could not be found for family "serif"
    Warning in doTryCatch(return(expr), name, parentenv, handler) :
     font "Times-Roman" could not be found for family "serif"
    Warning in doTryCatch(return(expr), name, parentenv, handler) :
     font "Times-Roman" could not be found for family "serif"
    Warning in doTryCatch(return(expr), name, parentenv, handler) :
     font "Times-Roman" could not be found for family "serif"
    Warning in doTryCatch(return(expr), name, parentenv, handler) :
     font "Times-Roman" could not be found for family "serif"
    Warning in doTryCatch(return(expr), name, parentenv, handler) :
     font "Times-Roman" could not be found for family "serif"
    Warning in doTryCatch(return(expr), name, parentenv, handler) :
     font "Times-Roman" could not be found for family "serif"
    Warning in doTryCatch(return(expr), name, parentenv, handler) :
     font "Times-Roman" could not be found for family "serif"
    Warning in doTryCatch(return(expr), name, parentenv, handler) :
     font "Times-Roman" could not be found for family "serif"
    Warning in doTryCatch(return(expr), name, parentenv, handler) :
     font "Times-Roman" could not be found for family "serif"
    Warning in doTryCatch(return(expr), name, parentenv, handler) :
     font "Times-Roman" could not be found for family "serif"
    Warning in doTryCatch(return(expr), name, parentenv, handler) :
     font "Times-Roman" could not be found for family "serif"
    Warning in doTryCatch(return(expr), name, parentenv, handler) :
     font "Times-Roman" could not be found for family "serif"
    Warning in doTryCatch(return(expr), name, parentenv, handler) :
     font "Times-Roman" could not be found for family "serif"
    Warning in doTryCatch(return(expr), name, parentenv, handler) :
     font "Times-Roman" could not be found for family "serif"
    Warning in doTryCatch(return(expr), name, parentenv, handler) :
     font "Times-Roman" could not be found for family "serif"
    Warning in doTryCatch(return(expr), name, parentenv, handler) :
     font "Times-Roman" could not be found for family "serif"
    Warning in doTryCatch(return(expr), name, parentenv, handler) :
     font "Times-Roman" could not be found for family "serif"
    Warning in doTryCatch(return(expr), name, parentenv, handler) :
     font "Times-Roman" could not be found for family "serif"
    Warning in doTryCatch(return(expr), name, parentenv, handler) :
     font "Times-Roman" could not be found for family "serif"
    Warning in doTryCatch(return(expr), name, parentenv, handler) :
     font "Times-Roman" could not be found for family "serif"
    Warning in doTryCatch(return(expr), name, parentenv, handler) :
     font "Times-Roman" could not be found for family "serif"
    Warning in doTryCatch(return(expr), name, parentenv, handler) :
     font "Times-Roman" could not be found for family "serif"
    Warning in doTryCatch(return(expr), name, parentenv, handler) :
     font "Times-Roman" could not be found for family "serif"
    Warning in doTryCatch(return(expr), name, parentenv, handler) :
     font "Times-Roman" could not be found for family "serif"
    Warning in doTryCatch(return(expr), name, parentenv, handler) :
     font "Times-Roman" could not be found for family "serif"
    Warning in doTryCatch(return(expr), name, parentenv, handler) :
     font "Times-Roman" could not be found for family "serif"
    Warning in doTryCatch(return(expr), name, parentenv, handler) :
     font "Times-Roman" could not be found for family "serif"
    Warning in doTryCatch(return(expr), name, parentenv, handler) :
     font "Times-Roman" could not be found for family "serif"
    Warning in doTryCatch(return(expr), name, parentenv, handler) :
     font "Times-Roman" could not be found for family "serif"
    Warning in doTryCatch(return(expr), name, parentenv, handler) :
     font "Times-Roman" could not be found for family "serif"
    Warning in doTryCatch(return(expr), name, parentenv, handler) :
     font "Times-Roman" could not be found for family "serif"
    Warning in doTryCatch(return(expr), name, parentenv, handler) :
     font "Times-Roman" could not be found for family "serif"
    Warning in doTryCatch(return(expr), name, parentenv, handler) :
     font "Times-Roman" could not be found for family "serif"
    Warning in doTryCatch(return(expr), name, parentenv, handler) :
     font "Times-Roman" could not be found for family "serif"
    Warning in doTryCatch(return(expr), name, parentenv, handler) :
     font "Times-Roman" could not be found for family "serif"
    Warning in doTryCatch(return(expr), name, parentenv, handler) :
     font "Times-Roman" could not be found for family "serif"
    Warning in doTryCatch(return(expr), name, parentenv, handler) :
     font "Times-Roman" could not be found for family "serif"
    Warning in doTryCatch(return(expr), name, parentenv, handler) :
     font "Times-Roman" could not be found for family "serif"
    Warning in doTryCatch(return(expr), name, parentenv, handler) :
     font "Times-Roman" could not be found for family "serif"
    Warning in doTryCatch(return(expr), name, parentenv, handler) :
     font "Times-Roman" could not be found for family "serif"
    Warning in doTryCatch(return(expr), name, parentenv, handler) :
     font "Times-Roman" could not be found for family "serif"
    Warning in doTryCatch(return(expr), name, parentenv, handler) :
     font "Times-Roman" could not be found for family "serif"
    Warning in doTryCatch(return(expr), name, parentenv, handler) :
     font "Times-Roman" could not be found for family "serif"
    Warning in doTryCatch(return(expr), name, parentenv, handler) :
     font "Times-Roman" could not be found for family "serif"
    Warning in doTryCatch(return(expr), name, parentenv, handler) :
     font "Times-Roman" could not be found for family "serif"
    Warning in doTryCatch(return(expr), name, parentenv, handler) :
     font "Times-Roman" could not be found for family "serif"
    Warning in doTryCatch(return(expr), name, parentenv, handler) :
     font "Times-Roman" could not be found for family "serif"
    Warning in doTryCatch(return(expr), name, parentenv, handler) :
     font "Times-Roman" could not be found for family "serif"
    Warning in doTryCatch(return(expr), name, parentenv, handler) :
     font "Times-Roman" could not be found for family "serif"
    Warning in doTryCatch(return(expr), name, parentenv, handler) :
     font "Times-Roman" could not be found for family "serif"
    Warning in doTryCatch(return(expr), name, parentenv, handler) :
     font "Times-Roman" could not be found for family "serif"
    Warning in doTryCatch(return(expr), name, parentenv, handler) :
     font "Times-Roman" could not be found for family "serif"
    Warning in doTryCatch(return(expr), name, parentenv, handler) :
     font "Times-Roman" could not be found for family "serif"
    Warning in doTryCatch(return(expr), name, parentenv, handler) :
     font "Times-Roman" could not be found for family "serif"
    Warning in doTryCatch(return(expr), name, parentenv, handler) :
     font "Times-Roman" could not be found for family "serif"
    Warning in doTryCatch(return(expr), name, parentenv, handler) :
     font "Times-Roman" could not be found for family "serif"
    Warning in doTryCatch(return(expr), name, parentenv, handler) :
     font "Times-Roman" could not be found for family "serif"
    Warning in doTryCatch(return(expr), name, parentenv, handler) :
     font "Times-Roman" could not be found for family "serif"
    Warning in doTryCatch(return(expr), name, parentenv, handler) :
     font "Times-Roman" could not be found for family "serif"
    Warning in doTryCatch(return(expr), name, parentenv, handler) :
     font "Times-Roman" could not be found for family "serif"
    Warning in doTryCatch(return(expr), name, parentenv, handler) :
     font "Times-Roman" could not be found for family "serif"
    Warning in doTryCatch(return(expr), name, parentenv, handler) :
     font "Times-Roman" could not be found for family "serif"
    Warning in doTryCatch(return(expr), name, parentenv, handler) :
     font "Times-Roman" could not be found for family "serif"
    Warning in doTryCatch(return(expr), name, parentenv, handler) :
     font "Times-Roman" could not be found for family "serif"
    Warning in doTryCatch(return(expr), name, parentenv, handler) :
     font "Times-Roman" could not be found for family "serif"
    Warning in doTryCatch(return(expr), name, parentenv, handler) :
     font "Times-Roman" could not be found for family "serif"
    Warning in doTryCatch(return(expr), name, parentenv, handler) :
     font "Times-Roman" could not be found for family "serif"
    Warning in doTryCatch(return(expr), name, parentenv, handler) :
     font "Times-Roman" could not be found for family "serif"
    Warning in doTryCatch(return(expr), name, parentenv, handler) :
     font "Times-Roman" could not be found for family "serif"
    Warning in doTryCatch(return(expr), name, parentenv, handler) :
     font "Times-Roman" could not be found for family "serif"
    Warning in doTryCatch(return(expr), name, parentenv, handler) :
     font "Times-Roman" could not be found for family "serif"
    Warning in doTryCatch(return(expr), name, parentenv, handler) :
     font "Times-Roman" could not be found for family "serif"
    Warning in doTryCatch(return(expr), name, parentenv, handler) :
     font "Times-Roman" could not be found for family "serif"
    Warning in doTryCatch(return(expr), name, parentenv, handler) :
     font "Times-Roman" could not be found for family "serif"
    Warning in doTryCatch(return(expr), name, parentenv, handler) :
     font "Times-Roman" could not be found for family "serif"
    Warning in doTryCatch(return(expr), name, parentenv, handler) :
     font "Times-Roman" could not be found for family "serif"
    Warning in doTryCatch(return(expr), name, parentenv, handler) :
     font "Times-Roman" could not be found for family "serif"
    Warning in doTryCatch(return(expr), name, parentenv, handler) :
     font "Times-Roman" could not be found for family "serif"
    Warning in doTryCatch(return(expr), name, parentenv, handler) :
     font "Times-Roman" could not be found for family "serif"
    Warning in doTryCatch(return(expr), name, parentenv, handler) :
     font "Times-Roman" could not be found for family "serif"
    Warning in doTryCatch(return(expr), name, parentenv, handler) :
     font "Times-Roman" could not be found for family "serif"
    Warning in doTryCatch(return(expr), name, parentenv, handler) :
     font "Times-Roman" could not be found for family "serif"
    Warning in doTryCatch(return(expr), name, parentenv, handler) :
     font "Times-Roman" could not be found for family "serif"
    Warning in doTryCatch(return(expr), name, parentenv, handler) :
     font "Times-Roman" could not be found for family "serif"
    Warning in doTryCatch(return(expr), name, parentenv, handler) :
     font "Times-Roman" could not be found for family "serif"
    Warning in doTryCatch(return(expr), name, parentenv, handler) :
     font "Times-Roman" could not be found for family "serif"
    Warning in doTryCatch(return(expr), name, parentenv, handler) :
     font "Times-Roman" could not be found for family "serif"
    Warning in doTryCatch(return(expr), name, parentenv, handler) :
     font "Times-Roman" could not be found for family "serif"
    Warning in doTryCatch(return(expr), name, parentenv, handler) :
     font "Times-Roman" could not be found for family "serif"
    Warning in doTryCatch(return(expr), name, parentenv, handler) :
     font "Times-Roman" could not be found for family "serif"
    Warning in doTryCatch(return(expr), name, parentenv, handler) :
     font "Times-Roman" could not be found for family "serif"
    Warning in doTryCatch(return(expr), name, parentenv, handler) :
     font "Times-Roman" could not be found for family "serif"
    Warning in doTryCatch(return(expr), name, parentenv, handler) :
     font "Times-Roman" could not be found for family "serif"
    Warning in doTryCatch(return(expr), name, parentenv, handler) :
     font "Times-Roman" could not be found for family "serif"
    Warning in doTryCatch(return(expr), name, parentenv, handler) :
     font "Times-Roman" could not be found for family "serif"
    Warning in doTryCatch(return(expr), name, parentenv, handler) :
     font "Times-Roman" could not be found for family "serif"
    Warning in doTryCatch(return(expr), name, parentenv, handler) :
     font "Times-Roman" could not be found for family "serif"
    Warning in doTryCatch(return(expr), name, parentenv, handler) :
     font "Times-Roman" could not be found for family "serif"
    Warning in doTryCatch(return(expr), name, parentenv, handler) :
     font "Times-Roman" could not be found for family "serif"
    Warning in doTryCatch(return(expr), name, parentenv, handler) :
     font "Times-Roman" could not be found for family "serif"
    Warning in doTryCatch(return(expr), name, parentenv, handler) :
     font "Times-Roman" could not be found for family "serif"
    Warning in doTryCatch(return(expr), name, parentenv, handler) :
     font "Times-Roman" could not be found for family "serif"
    Warning in doTryCatch(return(expr), name, parentenv, handler) :
     font "Times-Roman" could not be found for family "serif"
    Warning in doTryCatch(return(expr), name, parentenv, handler) :
     font "Times-Roman" could not be found for family "serif"
    Warning in doTryCatch(return(expr), name, parentenv, handler) :
     font "Times-Roman" could not be found for family "serif"
    Warning in doTryCatch(return(expr), name, parentenv, handler) :
     font "Times-Roman" could not be found for family "serif"
    Warning in doTryCatch(return(expr), name, parentenv, handler) :
     font "Times-Roman" could not be found for family "serif"
    Warning in doTryCatch(return(expr), name, parentenv, handler) :
     font "Times-Roman" could not be found for family "serif"
    Warning in doTryCatch(return(expr), name, parentenv, handler) :
     font "Times-Roman" could not be found for family "serif"
    Warning in doTryCatch(return(expr), name, parentenv, handler) :
     font "Times-Roman" could not be found for family "serif"
    Warning in doTryCatch(return(expr), name, parentenv, handler) :
     font "Times-Roman" could not be found for family "serif"
    Warning in doTryCatch(return(expr), name, parentenv, handler) :
     font "Times-Roman" could not be found for family "serif"
    Warning in doTryCatch(return(expr), name, parentenv, handler) :
     font "Times-Roman" could not be found for family "serif"
    Warning in doTryCatch(return(expr), name, parentenv, handler) :
     font "Times-Roman" could not be found for family "serif"
    Warning in doTryCatch(return(expr), name, parentenv, handler) :
     font "Times-Roman" could not be found for family "serif"
    Warning in doTryCatch(return(expr), name, parentenv, handler) :
     font "Times-Roman" could not be found for family "serif"
    Warning in doTryCatch(return(expr), name, parentenv, handler) :
     font "Times-Roman" could not be found for family "serif"
    Warning in doTryCatch(return(expr), name, parentenv, handler) :
     font "Times-Roman" could not be found for family "serif"
    Warning in doTryCatch(return(expr), name, parentenv, handler) :
     font "Times-Roman" could not be found for family "serif"
    Warning in doTryCatch(return(expr), name, parentenv, handler) :
     font "Times-Roman" could not be found for family "serif"
    Warning in doTryCatch(return(expr), name, parentenv, handler) :
     font "Times-Roman" could not be found for family "serif"
    Warning in doTryCatch(return(expr), name, parentenv, handler) :
     font "Times-Roman" could not be found for family "serif"
    Warning in doTryCatch(return(expr), name, parentenv, handler) :
     font "Times-Roman" could not be found for family "serif"
    Warning in doTryCatch(return(expr), name, parentenv, handler) :
     font "Times-Roman" could not be found for family "serif"
    Warning in doTryCatch(return(expr), name, parentenv, handler) :
     font "Times-Roman" could not be found for family "serif"
    Warning in doTryCatch(return(expr), name, parentenv, handler) :
     font "Times-Roman" could not be found for family "serif"
    Warning in doTryCatch(return(expr), name, parentenv, handler) :
     font "Times-Roman" could not be found for family "serif"
    Warning in doTryCatch(return(expr), name, parentenv, handler) :
     font "Times-Roman" could not be found for family "serif"
    Warning in doTryCatch(return(expr), name, parentenv, handler) :
     font "Times-Roman" could not be found for family "serif"
    Warning in doTryCatch(return(expr), name, parentenv, handler) :
     font "Times-Roman" could not be found for family "serif"
    Warning in doTryCatch(return(expr), name, parentenv, handler) :
     font "Times-Roman" could not be found for family "serif"
    Warning in doTryCatch(return(expr), name, parentenv, handler) :
     font "Times-Roman" could not be found for family "serif"
    Warning in doTryCatch(return(expr), name, parentenv, handler) :
     font "Times-Roman" could not be found for family "serif"
    Warning in doTryCatch(return(expr), name, parentenv, handler) :
     font "Times-Roman" could not be found for family "serif"
    Warning in doTryCatch(return(expr), name, parentenv, handler) :
     font "Times-Roman" could not be found for family "serif"
    Warning in doTryCatch(return(expr), name, parentenv, handler) :
     font "Times-Roman" could not be found for family "serif"
    Warning in doTryCatch(return(expr), name, parentenv, handler) :
     font "Times-Roman" could not be found for family "serif"
    Warning in doTryCatch(return(expr), name, parentenv, handler) :
     font "Times-Roman" could not be found for family "serif"
    Warning in doTryCatch(return(expr), name, parentenv, handler) :
     font "Times-Roman" could not be found for family "serif"
    Warning in doTryCatch(return(expr), name, parentenv, handler) :
     font "Times-Roman" could not be found for family "serif"
    Warning in doTryCatch(return(expr), name, parentenv, handler) :
     font "Times-Roman" could not be found for family "serif"
    Warning in doTryCatch(return(expr), name, parentenv, handler) :
     font "Times-Roman" could not be found for family "serif"
    Warning in doTryCatch(return(expr), name, parentenv, handler) :
     font "Times-Roman" could not be found for family "serif"
    Warning in doTryCatch(return(expr), name, parentenv, handler) :
     font "Times-Roman" could not be found for family "serif"
    Warning in doTryCatch(return(expr), name, parentenv, handler) :
     font "Times-Roman" could not be found for family "serif"
    Warning in doTryCatch(return(expr), name, parentenv, handler) :
     font "Times-Roman" could not be found for family "serif"
    Warning in doTryCatch(return(expr), name, parentenv, handler) :
     font "Times-Roman" could not be found for family "serif"
    Warning in doTryCatch(return(expr), name, parentenv, handler) :
     font "Times-Roman" could not be found for family "serif"
    Warning in doTryCatch(return(expr), name, parentenv, handler) :
     font "Times-Roman" could not be found for family "serif"
    Warning in doTryCatch(return(expr), name, parentenv, handler) :
     font "Times-Roman" could not be found for family "serif"
    Warning in doTryCatch(return(expr), name, parentenv, handler) :
     font "Times-Roman" could not be found for family "serif"
    Warning in doTryCatch(return(expr), name, parentenv, handler) :
     font "Times-Roman" could not be found for family "serif"
    Warning in doTryCatch(return(expr), name, parentenv, handler) :
     font "Times-Roman" could not be found for family "serif"
    Warning in doTryCatch(return(expr), name, parentenv, handler) :
     font "Times-Roman" could not be found for family "serif"
    Warning in doTryCatch(return(expr), name, parentenv, handler) :
     font "Times-Roman" could not be found for family "serif"
    Warning in doTryCatch(return(expr), name, parentenv, handler) :
     font "Times-Roman" could not be found for family "serif"
    Warning in doTryCatch(return(expr), name, parentenv, handler) :
     font "Times-Roman" could not be found for family "serif"
    Warning in doTryCatch(return(expr), name, parentenv, handler) :
     font "Times-Roman" could not be found for family "serif"
    Warning in doTryCatch(return(expr), name, parentenv, handler) :
     font "Times-Roman" could not be found for family "serif"
    Warning in doTryCatch(return(expr), name, parentenv, handler) :
     font "Times-Roman" could not be found for family "serif"
    Warning in doTryCatch(return(expr), name, parentenv, handler) :
     font "Times-Roman" could not be found for family "serif"
    Warning in doTryCatch(return(expr), name, parentenv, handler) :
     font "Times-Roman" could not be found for family "serif"
    Warning in doTryCatch(return(expr), name, parentenv, handler) :
     font "Times-Roman" could not be found for family "serif"
    Warning in doTryCatch(return(expr), name, parentenv, handler) :
     font "Times-Roman" could not be found for family "serif"
    Warning in doTryCatch(return(expr), name, parentenv, handler) :
     font "Times-Roman" could not be found for family "serif"
    Warning in doTryCatch(return(expr), name, parentenv, handler) :
     font "Times-Roman" could not be found for family "serif"
    Warning in doTryCatch(return(expr), name, parentenv, handler) :
     font "Times-Roman" could not be found for family "serif"
    Warning in doTryCatch(return(expr), name, parentenv, handler) :
     font "Times-Roman" could not be found for family "serif"
    Warning in doTryCatch(return(expr), name, parentenv, handler) :
     font "Times-Roman" could not be found for family "serif"
    
    Execution halted
Flavor: r-release-macos-arm64

Version: 0.4.8
Check: PDF version of manual
Result: FAIL
Flavor: r-release-macos-arm64