CRAN Package Check Results for Package corehunter

Last updated on 2022-01-22 15:52:09 CET.

Flavor Version Tinstall Tcheck Ttotal Status Flags
r-devel-linux-x86_64-debian-clang 3.2.1 4.61 225.96 230.57 NOTE
r-devel-linux-x86_64-debian-gcc 3.2.1 3.79 187.37 191.16 NOTE
r-devel-linux-x86_64-fedora-clang 3.2.1 254.32 NOTE
r-devel-linux-x86_64-fedora-gcc 3.2.1 261.26 NOTE
r-devel-windows-x86_64-new-UL 3.2.1 72.00 160.00 232.00 NOTE
r-devel-windows-x86_64-new-TK 3.2.1 NOTE
r-patched-linux-x86_64 3.2.1 4.10 230.18 234.28 NOTE
r-release-linux-x86_64 3.2.1 3.91 230.38 234.29 NOTE
r-release-macos-arm64 3.2.1 NOTE
r-release-macos-x86_64 3.2.1 NOTE
r-release-windows-ix86+x86_64 3.2.1 12.00 160.00 172.00 NOTE
r-oldrel-macos-x86_64 3.2.1 OK
r-oldrel-windows-ix86+x86_64 3.2.1 12.00 162.00 174.00 OK

Check Details

Version: 3.2.1
Check: LazyData
Result: NOTE
     'LazyData' is specified without a 'data' directory
Flavors: r-devel-linux-x86_64-debian-clang, r-devel-linux-x86_64-debian-gcc, r-devel-linux-x86_64-fedora-clang, r-devel-linux-x86_64-fedora-gcc, r-devel-windows-x86_64-new-UL, r-devel-windows-x86_64-new-TK, r-patched-linux-x86_64, r-release-linux-x86_64, r-release-macos-arm64, r-release-macos-x86_64, r-release-windows-ix86+x86_64