CRAN Package Check Results for Package copulaedas

Last updated on 2022-01-28 04:00:44 CET.

Flavor Version Tinstall Tcheck Ttotal Status Flags
r-devel-linux-x86_64-debian-clang 1.4.3 14.35 114.06 128.41 NOTE
r-devel-linux-x86_64-debian-gcc 1.4.3 11.75 85.88 97.63 NOTE
r-devel-linux-x86_64-fedora-clang 1.4.3 147.14 NOTE
r-devel-linux-x86_64-fedora-gcc 1.4.3 139.37 NOTE
r-devel-windows-x86_64-new-UL 1.4.3 76.00 125.00 201.00 NOTE
r-devel-windows-x86_64-new-TK 1.4.3 NOTE
r-patched-linux-x86_64 1.4.3 14.04 104.29 118.33 NOTE
r-release-linux-x86_64 1.4.3 12.91 104.33 117.24 NOTE
r-release-macos-arm64 1.4.3 NOTE
r-release-macos-x86_64 1.4.3 NOTE
r-release-windows-ix86+x86_64 1.4.3 26.00 120.00 146.00 OK
r-oldrel-macos-x86_64 1.4.3 NOTE
r-oldrel-windows-ix86+x86_64 1.4.3 26.00 119.00 145.00 OK

Check Details

Version: 1.4.3
Check: package dependencies
Result: NOTE
    Package suggested but not available for checking: 'cec2005benchmark'
Flavors: r-devel-linux-x86_64-debian-clang, r-devel-linux-x86_64-debian-gcc, r-devel-linux-x86_64-fedora-clang, r-devel-linux-x86_64-fedora-gcc, r-devel-windows-x86_64-new-UL, r-devel-windows-x86_64-new-TK, r-patched-linux-x86_64, r-release-linux-x86_64, r-release-macos-arm64, r-release-macos-x86_64, r-oldrel-macos-x86_64