CRAN Package Check Results for Package convexjlr

Last updated on 2023-01-26 15:53:06 CET.

Flavor Version Tinstall Tcheck Ttotal Status Flags
r-devel-linux-x86_64-debian-clang 0.8.1 2.34 28.76 31.10 NOTE
r-devel-linux-x86_64-debian-gcc 0.8.1 1.93 21.96 23.89 NOTE
r-devel-linux-x86_64-fedora-clang 0.8.1 40.54 NOTE
r-devel-linux-x86_64-fedora-gcc 0.8.1 51.10 NOTE
r-devel-windows-x86_64 0.8.1 36.00 65.00 101.00 NOTE
r-patched-linux-x86_64 0.8.1 3.34 27.97 31.31 NOTE
r-release-linux-x86_64 0.8.1 2.85 29.11 31.96 NOTE
r-release-macos-arm64 0.8.1 19.00 NOTE
r-release-macos-x86_64 0.8.1 25.00 NOTE
r-release-windows-x86_64 0.8.1 40.00 62.00 102.00 NOTE
r-oldrel-macos-arm64 0.8.1 25.00 NOTE
r-oldrel-macos-x86_64 0.8.1 25.00 NOTE
r-oldrel-windows-ix86+x86_64 0.8.1 6.00 54.00 60.00 NOTE

Check Details

Version: 0.8.1
Check: LazyData
Result: NOTE
     'LazyData' is specified without a 'data' directory
Flavors: r-devel-linux-x86_64-debian-clang, r-devel-linux-x86_64-debian-gcc, r-devel-linux-x86_64-fedora-clang, r-devel-linux-x86_64-fedora-gcc, r-devel-windows-x86_64, r-patched-linux-x86_64, r-release-linux-x86_64, r-release-macos-arm64, r-release-macos-x86_64, r-release-windows-x86_64, r-oldrel-macos-arm64, r-oldrel-macos-x86_64, r-oldrel-windows-ix86+x86_64