CRAN Package Check Results for Package contribution

Last updated on 2021-10-17 03:51:59 CEST.

Flavor Version Tinstall Tcheck Ttotal Status Flags
r-devel-linux-x86_64-debian-clang 0.2.0 4.58 47.22 51.80 OK
r-devel-linux-x86_64-debian-gcc 0.2.0 4.17 36.56 40.73 OK
r-devel-linux-x86_64-fedora-clang 0.2.0 75.87 NOTE
r-devel-linux-x86_64-fedora-gcc 0.2.0 61.01 NOTE
r-devel-windows-x86_64 0.2.0 10.00 76.00 86.00 OK
r-devel-windows-x86_64-gcc10-UCRT 0.2.0 NOTE
r-patched-linux-x86_64 0.2.0 4.44 44.67 49.11 OK
r-patched-solaris-x86 0.2.0 89.10 NOTE
r-release-linux-x86_64 0.2.0 3.61 44.24 47.85 OK
r-release-macos-arm64 0.2.0 NOTE
r-release-macos-x86_64 0.2.0 NOTE
r-release-windows-ix86+x86_64 0.2.0 21.00 72.00 93.00 OK
r-oldrel-macos-x86_64 0.2.0 NOTE
r-oldrel-windows-ix86+x86_64 0.2.0 13.00 78.00 91.00 OK

Check Details

Version: 0.2.0
Check: data for non-ASCII characters
Result: NOTE
     Note: found 3 marked UTF-8 strings
Flavors: r-devel-linux-x86_64-fedora-clang, r-devel-linux-x86_64-fedora-gcc, r-devel-windows-x86_64-gcc10-UCRT, r-patched-solaris-x86, r-release-macos-arm64, r-release-macos-x86_64, r-oldrel-macos-x86_64