Last updated on 2022-06-26 03:49:57 CEST.
Flavor | Version | Tinstall | Tcheck | Ttotal | Status | Flags |
---|---|---|---|---|---|---|
r-devel-linux-x86_64-debian-clang | 0.1.7 | 224.92 | 91.54 | 316.46 | OK | |
r-devel-linux-x86_64-debian-gcc | 0.1.7 | 194.69 | 66.75 | 261.44 | OK | |
r-devel-linux-x86_64-fedora-clang | 0.1.7 | 509.24 | NOTE | |||
r-devel-linux-x86_64-fedora-gcc | 0.1.7 | 432.00 | NOTE | |||
r-devel-windows-x86_64 | 0.1.7 | 174.00 | 135.00 | 309.00 | OK | |
r-patched-linux-x86_64 | 0.1.7 | 206.02 | 83.90 | 289.92 | OK | |
r-release-linux-x86_64 | 0.1.7 | 197.14 | 83.78 | 280.92 | OK | |
r-release-macos-arm64 | 0.1.7 | 101.00 | NOTE | |||
r-release-macos-x86_64 | 0.1.7 | 173.00 | NOTE | |||
r-release-windows-x86_64 | 0.1.7 | 178.00 | 135.00 | 313.00 | OK | |
r-oldrel-macos-arm64 | 0.1.7 | 87.00 | NOTE | |||
r-oldrel-macos-x86_64 | 0.1.7 | 122.00 | NOTE | |||
r-oldrel-windows-ix86+x86_64 | 0.1.7 | 562.00 | 147.00 | 709.00 | OK |
Version: 0.1.7
Check: installed package size
Result: NOTE
installed size is 8.9Mb
sub-directories of 1Mb or more:
libs 8.5Mb
Flavors: r-devel-linux-x86_64-fedora-clang, r-release-macos-arm64, r-release-macos-x86_64, r-oldrel-macos-arm64, r-oldrel-macos-x86_64
Version: 0.1.7
Check: dependencies in R code
Result: NOTE
Namespaces in Imports field not imported from:
‘base’ ‘lwgeom’ ‘s2’
All declared Imports should be used.
Flavors: r-devel-linux-x86_64-fedora-clang, r-devel-linux-x86_64-fedora-gcc, r-release-macos-arm64, r-release-macos-x86_64, r-oldrel-macos-arm64, r-oldrel-macos-x86_64