CRAN Package Check Results for Package condvis2

Last updated on 2022-01-28 04:00:43 CET.

Flavor Version Tinstall Tcheck Ttotal Status Flags
r-devel-linux-x86_64-debian-clang 0.1.1 9.89 149.40 159.29 NOTE
r-devel-linux-x86_64-debian-gcc 0.1.1 8.26 113.47 121.73 NOTE
r-devel-linux-x86_64-fedora-clang 0.1.1 198.61 NOTE
r-devel-linux-x86_64-fedora-gcc 0.1.1 188.62 NOTE
r-devel-windows-x86_64-new-UL 0.1.1 79.00 178.00 257.00 NOTE
r-devel-windows-x86_64-new-TK 0.1.1 NOTE
r-patched-linux-x86_64 0.1.1 8.81 143.35 152.16 NOTE
r-release-linux-x86_64 0.1.1 8.98 144.09 153.07 NOTE
r-release-macos-arm64 0.1.1 NOTE
r-release-macos-x86_64 0.1.1 NOTE
r-release-windows-ix86+x86_64 0.1.1 22.00 162.00 184.00 NOTE
r-oldrel-macos-x86_64 0.1.1 OK
r-oldrel-windows-ix86+x86_64 0.1.1 23.00 166.00 189.00 OK

Check Details

Version: 0.1.1
Check: LazyData
Result: NOTE
     'LazyData' is specified without a 'data' directory
Flavors: r-devel-linux-x86_64-debian-clang, r-devel-linux-x86_64-debian-gcc, r-devel-linux-x86_64-fedora-clang, r-devel-linux-x86_64-fedora-gcc, r-devel-windows-x86_64-new-UL, r-devel-windows-x86_64-new-TK, r-patched-linux-x86_64, r-release-linux-x86_64, r-release-macos-arm64, r-release-macos-x86_64, r-release-windows-ix86+x86_64