CRAN Package Check Results for Package completejourney

Last updated on 2022-01-23 15:49:02 CET.

Flavor Version Tinstall Tcheck Ttotal Status Flags
r-devel-linux-x86_64-debian-clang 1.1.0 11.08 61.72 72.80 OK
r-devel-linux-x86_64-debian-gcc 1.1.0 11.28 53.63 64.91 OK
r-devel-linux-x86_64-fedora-clang 1.1.0 89.94 OK
r-devel-linux-x86_64-fedora-gcc 1.1.0 78.52 OK
r-devel-windows-x86_64-new-UL 1.1.0 71.00 89.00 160.00 OK
r-devel-windows-x86_64-new-TK 1.1.0 OK
r-patched-linux-x86_64 1.1.0 12.22 57.68 69.90 OK
r-release-linux-x86_64 1.1.0 11.99 56.24 68.23 OK
r-release-macos-arm64 1.1.0 NOTE
r-release-macos-x86_64 1.1.0 OK
r-release-windows-ix86+x86_64 1.1.0 24.00 76.00 100.00 OK
r-oldrel-macos-x86_64 1.1.0 OK
r-oldrel-windows-ix86+x86_64 1.1.0 25.00 254.00 279.00 OK

Check Details

Version: 1.1.0
Check: installed package size
Result: NOTE
     installed size is 5.2Mb
     sub-directories of 1Mb or more:
     data 4.9Mb
Flavor: r-release-macos-arm64