CRAN Package Check Results for Package competitiontoolbox

Last updated on 2021-10-16 15:50:41 CEST.

Flavor Version Tinstall Tcheck Ttotal Status Flags
r-devel-linux-x86_64-debian-clang 0.7.0 4.91 44.17 49.08 OK
r-devel-linux-x86_64-debian-gcc 0.7.0 4.37 35.83 40.20 OK
r-devel-linux-x86_64-fedora-clang 0.7.0 69.29 NOTE
r-devel-linux-x86_64-fedora-gcc 0.7.0 58.68 NOTE
r-devel-windows-x86_64 0.7.0 10.00 50.00 60.00 OK
r-devel-windows-x86_64-gcc10-UCRT 0.7.0 NOTE
r-patched-linux-x86_64 0.7.0 5.76 43.53 49.29 OK
r-patched-solaris-x86 0.7.0 96.80 NOTE
r-release-linux-x86_64 0.7.0 5.35 43.72 49.07 OK
r-release-macos-arm64 0.7.0 NOTE
r-release-macos-x86_64 0.7.0 NOTE
r-release-windows-ix86+x86_64 0.7.0 14.00 67.00 81.00 OK
r-oldrel-macos-x86_64 0.7.0 NOTE
r-oldrel-windows-ix86+x86_64 0.7.0 14.00 67.00 81.00 OK

Check Details

Version: 0.7.0
Check: dependencies in R code
Result: NOTE
    Namespace in Imports field not imported from: ‘ggplot2’
     All declared Imports should be used.
Flavors: r-devel-linux-x86_64-fedora-clang, r-devel-linux-x86_64-fedora-gcc, r-devel-windows-x86_64-gcc10-UCRT, r-patched-solaris-x86, r-release-macos-arm64, r-release-macos-x86_64, r-oldrel-macos-x86_64