CRAN Package Check Results for Package communication

Last updated on 2021-10-22 03:55:18 CEST.

Flavor Version Tinstall Tcheck Ttotal Status Flags
r-devel-linux-x86_64-debian-clang 0.1 64.81 52.73 117.54 OK
r-devel-linux-x86_64-debian-gcc 0.1 47.62 40.20 87.82 OK
r-devel-linux-x86_64-fedora-clang 0.1 184.16 NOTE
r-devel-linux-x86_64-fedora-gcc 0.1 157.35 NOTE
r-devel-windows-x86_64 0.1 85.00 87.00 172.00 OK
r-devel-windows-x86_64-gcc10-UCRT 0.1 ERROR
r-patched-linux-x86_64 0.1 61.66 50.34 112.00 OK
r-patched-solaris-x86 0.1 161.10 NOTE
r-release-linux-x86_64 0.1 45.93 49.55 95.48 OK
r-release-macos-arm64 0.1 NOTE
r-release-macos-x86_64 0.1 NOTE
r-release-windows-ix86+x86_64 0.1 139.00 103.00 242.00 OK
r-oldrel-macos-x86_64 0.1 NOTE
r-oldrel-windows-ix86+x86_64 0.1 154.00 108.00 262.00 OK

Check Details

Version: 0.1
Check: dependencies in R code
Result: NOTE
    Namespaces in Imports field not imported from:
     ‘GGally’ ‘RColorBrewer’ ‘abind’ ‘diagram’ ‘ggplot2’ ‘grid’ ‘gtable’
     ‘igraph’ ‘magrittr’ ‘plyr’ ‘purrr’ ‘reshape2’ ‘scales’ ‘useful’
     All declared Imports should be used.
Flavors: r-devel-linux-x86_64-fedora-clang, r-devel-linux-x86_64-fedora-gcc, r-patched-solaris-x86, r-release-macos-arm64, r-release-macos-x86_64, r-oldrel-macos-x86_64

Version: 0.1
Check: package dependencies
Result: ERROR
    Package required but not available: 'igraph'
    
    See section 'The DESCRIPTION file' in the 'Writing R Extensions'
    manual.
Flavor: r-devel-windows-x86_64-gcc10-UCRT

Version: 0.1
Check: installed package size
Result: NOTE
     installed size is 6.1Mb
     sub-directories of 1Mb or more:
     libs 5.5Mb
Flavors: r-release-macos-arm64, r-release-macos-x86_64, r-oldrel-macos-x86_64