CRAN Package Check Results for Package commonsMath

Last updated on 2022-01-24 15:54:07 CET.

Flavor Version Tinstall Tcheck Ttotal Status Flags
r-devel-linux-x86_64-debian-clang 1.2.5 2.15 120.02 122.17 OK
r-devel-linux-x86_64-debian-gcc 1.2.5 1.64 90.23 91.87 OK
r-devel-linux-x86_64-fedora-clang 1.2.5 43.89 OK
r-devel-linux-x86_64-fedora-gcc 1.2.5 32.57 OK
r-devel-windows-x86_64-new-UL 1.2.5 89.00 173.00 262.00 OK
r-devel-windows-x86_64-new-TK 1.2.5 OK
r-patched-linux-x86_64 1.2.5 2.12 106.33 108.45 OK
r-release-linux-x86_64 1.2.5 2.14 109.85 111.99 OK
r-release-macos-arm64 1.2.5 NOTE
r-release-macos-x86_64 1.2.5 OK
r-release-windows-ix86+x86_64 1.2.5 3.00 9.00 12.00 ERROR
r-oldrel-macos-x86_64 1.2.5 OK
r-oldrel-windows-ix86+x86_64 1.2.5 3.00 8.00 11.00 ERROR

Check Details

Version: 1.2.5
Check: installed package size
Result: NOTE
     installed size is 5.4Mb
     sub-directories of 1Mb or more:
     java 5.3Mb
Flavor: r-release-macos-arm64

Version: 1.2.5
Check: whether package can be installed
Result: ERROR
    Installation failed.
Flavors: r-release-windows-ix86+x86_64, r-oldrel-windows-ix86+x86_64