CRAN Package Check Results for Package combiter

Last updated on 2021-12-03 03:55:26 CET.

Flavor Version Tinstall Tcheck Ttotal Status Flags
r-devel-linux-x86_64-debian-clang 1.0.3 37.54 35.04 72.58 NOTE
r-devel-linux-x86_64-debian-gcc 1.0.3 25.80 27.57 53.37 NOTE
r-devel-linux-x86_64-fedora-clang 1.0.3 119.17 NOTE
r-devel-linux-x86_64-fedora-gcc 1.0.3 93.85 NOTE
r-devel-windows-x86_64-new-UL 1.0.3 53.00 95.00 148.00 NOTE
r-devel-windows-x86_64-new-TK 1.0.3 NOTE
r-devel-windows-x86_64-old 1.0.3 49.00 50.00 99.00 NOTE
r-patched-linux-x86_64 1.0.3 31.90 33.86 65.76 NOTE
r-patched-solaris-x86 1.0.3 101.50 NOTE
r-release-linux-x86_64 1.0.3 29.57 33.87 63.44 NOTE
r-release-macos-arm64 1.0.3 NOTE
r-release-macos-x86_64 1.0.3 NOTE
r-release-windows-ix86+x86_64 1.0.3 96.00 89.00 185.00 NOTE
r-oldrel-macos-x86_64 1.0.3 OK
r-oldrel-windows-ix86+x86_64 1.0.3 98.00 88.00 186.00 OK

Check Details

Version: 1.0.3
Check: LazyData
Result: NOTE
     'LazyData' is specified without a 'data' directory
Flavors: r-devel-linux-x86_64-debian-clang, r-devel-linux-x86_64-debian-gcc, r-devel-linux-x86_64-fedora-clang, r-devel-linux-x86_64-fedora-gcc, r-devel-windows-x86_64-new-UL, r-devel-windows-x86_64-new-TK, r-devel-windows-x86_64-old, r-patched-linux-x86_64, r-patched-solaris-x86, r-release-linux-x86_64, r-release-macos-arm64, r-release-macos-x86_64, r-release-windows-ix86+x86_64