CRAN Package Check Results for Package colourvalues

Last updated on 2021-12-01 03:55:24 CET.

Flavor Version Tinstall Tcheck Ttotal Status Flags
r-devel-linux-x86_64-debian-clang 0.3.7 89.74 34.07 123.81 NOTE
r-devel-linux-x86_64-debian-gcc 0.3.7 63.55 29.06 92.61 NOTE
r-devel-linux-x86_64-fedora-clang 0.3.7 198.63 NOTE
r-devel-linux-x86_64-fedora-gcc 0.3.7 169.90 NOTE
r-devel-windows-x86_64-new-UL 0.3.7 132.00 108.00 240.00 NOTE
r-devel-windows-x86_64-new-TK 0.3.7 NOTE
r-devel-windows-x86_64-old 0.3.7 110.00 50.00 160.00 NOTE
r-patched-linux-x86_64 0.3.7 77.51 33.08 110.59 NOTE
r-patched-solaris-x86 0.3.7 157.60 NOTE
r-release-linux-x86_64 0.3.7 77.47 32.99 110.46 NOTE
r-release-macos-arm64 0.3.7 NOTE
r-release-macos-x86_64 0.3.7 NOTE
r-release-windows-ix86+x86_64 0.3.7 217.00 70.00 287.00 NOTE
r-oldrel-macos-x86_64 0.3.7 NOTE
r-oldrel-windows-ix86+x86_64 0.3.7 172.00 81.00 253.00 OK

Check Details

Version: 0.3.7
Check: LazyData
Result: NOTE
     'LazyData' is specified without a 'data' directory
Flavors: r-devel-linux-x86_64-debian-clang, r-devel-linux-x86_64-debian-gcc, r-devel-linux-x86_64-fedora-clang, r-devel-linux-x86_64-fedora-gcc, r-devel-windows-x86_64-new-UL, r-devel-windows-x86_64-new-TK, r-devel-windows-x86_64-old, r-patched-linux-x86_64, r-patched-solaris-x86, r-release-linux-x86_64, r-release-macos-arm64, r-release-macos-x86_64, r-release-windows-ix86+x86_64

Version: 0.3.7
Check: installed package size
Result: NOTE
     installed size is 6.9Mb
     sub-directories of 1Mb or more:
     libs 5.6Mb
Flavors: r-devel-linux-x86_64-fedora-clang, r-release-macos-arm64, r-release-macos-x86_64, r-oldrel-macos-x86_64