CRAN Package Check Results for Package colocr

Last updated on 2024-06-22 03:49:29 CEST.

Flavor Version Tinstall Tcheck Ttotal Status Flags
r-devel-linux-x86_64-debian-clang 0.1.1 7.14 189.95 197.09 NOTE
r-devel-linux-x86_64-debian-gcc 0.1.1 5.14 139.17 144.31 NOTE
r-devel-linux-x86_64-fedora-clang 0.1.1 257.07 NOTE
r-devel-linux-x86_64-fedora-gcc 0.1.1 293.38 NOTE
r-devel-windows-x86_64 0.1.1 8.00 245.00 253.00 NOTE
r-patched-linux-x86_64 0.1.1 11.01 173.74 184.75 NOTE
r-release-linux-x86_64 0.1.1 5.72 171.98 177.70 NOTE
r-release-macos-arm64 0.1.1 83.00 NOTE
r-release-macos-x86_64 0.1.1 129.00 NOTE
r-release-windows-x86_64 0.1.1 7.00 243.00 250.00 NOTE
r-oldrel-macos-arm64 0.1.1 84.00 NOTE
r-oldrel-macos-x86_64 0.1.1 136.00 NOTE
r-oldrel-windows-x86_64 0.1.1 9.00 228.00 237.00 NOTE

Check Details

Version: 0.1.1
Check: LazyData
Result: NOTE 'LazyData' is specified without a 'data' directory Flavors: r-devel-linux-x86_64-debian-clang, r-devel-linux-x86_64-debian-gcc, r-devel-linux-x86_64-fedora-clang, r-devel-linux-x86_64-fedora-gcc, r-devel-windows-x86_64, r-patched-linux-x86_64, r-release-linux-x86_64, r-release-macos-arm64, r-release-macos-x86_64, r-release-windows-x86_64, r-oldrel-macos-arm64, r-oldrel-macos-x86_64, r-oldrel-windows-x86_64