CRAN Package Check Results for Package colocr

Last updated on 2022-01-28 15:53:06 CET.

Flavor Version Tinstall Tcheck Ttotal Status Flags
r-devel-linux-x86_64-debian-clang 0.1.1 5.30 223.52 228.82 NOTE
r-devel-linux-x86_64-debian-gcc 0.1.1 4.69 157.16 161.85 NOTE
r-devel-linux-x86_64-fedora-clang 0.1.1 269.14 NOTE
r-devel-linux-x86_64-fedora-gcc 0.1.1 239.11 NOTE
r-devel-windows-x86_64-new-UL 0.1.1 60.00 260.00 320.00 NOTE
r-devel-windows-x86_64-new-TK 0.1.1 NOTE
r-patched-linux-x86_64 0.1.1 7.85 199.45 207.30 NOTE
r-release-linux-x86_64 0.1.1 4.22 196.51 200.73 NOTE
r-release-macos-arm64 0.1.1 NOTE
r-release-macos-x86_64 0.1.1 NOTE
r-release-windows-ix86+x86_64 0.1.1 13.00 259.00 272.00 NOTE
r-oldrel-macos-x86_64 0.1.1 OK
r-oldrel-windows-ix86+x86_64 0.1.1 13.00 255.00 268.00 OK

Check Details

Version: 0.1.1
Check: LazyData
Result: NOTE
     'LazyData' is specified without a 'data' directory
Flavors: r-devel-linux-x86_64-debian-clang, r-devel-linux-x86_64-debian-gcc, r-devel-linux-x86_64-fedora-clang, r-devel-linux-x86_64-fedora-gcc, r-devel-windows-x86_64-new-UL, r-devel-windows-x86_64-new-TK, r-patched-linux-x86_64, r-release-linux-x86_64, r-release-macos-arm64, r-release-macos-x86_64, r-release-windows-ix86+x86_64