CRAN Package Check Results for Package collapsibleTree

Last updated on 2021-12-07 16:49:30 CET.

Flavor Version Tinstall Tcheck Ttotal Status Flags
r-devel-linux-x86_64-debian-clang 0.1.7 3.41 46.09 49.50 NOTE
r-devel-linux-x86_64-debian-gcc 0.1.7 2.26 35.98 38.24 NOTE
r-devel-linux-x86_64-fedora-clang 0.1.7 60.43 NOTE
r-devel-linux-x86_64-fedora-gcc 0.1.7 49.55 NOTE
r-devel-windows-x86_64-new-UL 0.1.7 9.00 74.00 83.00 NOTE
r-devel-windows-x86_64-new-TK 0.1.7 NOTE
r-devel-windows-x86_64-old 0.1.7 8.00 60.00 68.00 NOTE
r-patched-linux-x86_64 0.1.7 3.21 44.14 47.35 NOTE
r-release-linux-x86_64 0.1.7 3.10 43.27 46.37 NOTE
r-release-macos-arm64 0.1.7 NOTE
r-release-macos-x86_64 0.1.7 NOTE
r-release-windows-ix86+x86_64 0.1.7 6.00 56.00 62.00 NOTE
r-oldrel-macos-x86_64 0.1.7 OK
r-oldrel-windows-ix86+x86_64 0.1.7 8.00 57.00 65.00 OK

Check Details

Version: 0.1.7
Check: LazyData
Result: NOTE
     'LazyData' is specified without a 'data' directory
Flavors: r-devel-linux-x86_64-debian-clang, r-devel-linux-x86_64-debian-gcc, r-devel-linux-x86_64-fedora-clang, r-devel-linux-x86_64-fedora-gcc, r-devel-windows-x86_64-new-UL, r-devel-windows-x86_64-new-TK, r-devel-windows-x86_64-old, r-patched-linux-x86_64, r-release-linux-x86_64, r-release-macos-arm64, r-release-macos-x86_64, r-release-windows-ix86+x86_64