CRAN Package Check Results for Package colf

Last updated on 2023-02-01 03:54:10 CET.

Flavor Version Tinstall Tcheck Ttotal Status Flags
r-devel-linux-x86_64-debian-clang 0.1.3 2.55 29.75 32.30 NOTE
r-devel-linux-x86_64-debian-gcc 0.1.3 1.78 23.99 25.77 NOTE
r-devel-linux-x86_64-fedora-clang 0.1.3 41.89 NOTE
r-devel-linux-x86_64-fedora-gcc 0.1.3 52.77 NOTE
r-devel-windows-x86_64 0.1.3 14.00 63.00 77.00 NOTE
r-patched-linux-x86_64 0.1.3 2.60 30.09 32.69 NOTE
r-release-linux-x86_64 0.1.3 2.38 30.06 32.44 NOTE
r-release-macos-arm64 0.1.3 21.00 NOTE
r-release-macos-x86_64 0.1.3 25.00 NOTE
r-release-windows-x86_64 0.1.3 15.00 71.00 86.00 NOTE
r-oldrel-macos-arm64 0.1.3 20.00 NOTE
r-oldrel-macos-x86_64 0.1.3 37.00 NOTE
r-oldrel-windows-ix86+x86_64 0.1.3 6.00 55.00 61.00 NOTE

Check Details

Version: 0.1.3
Check: LazyData
Result: NOTE
     'LazyData' is specified without a 'data' directory
Flavors: r-devel-linux-x86_64-debian-clang, r-devel-linux-x86_64-debian-gcc, r-devel-linux-x86_64-fedora-clang, r-devel-linux-x86_64-fedora-gcc, r-devel-windows-x86_64, r-patched-linux-x86_64, r-release-linux-x86_64, r-release-macos-arm64, r-release-macos-x86_64, r-release-windows-x86_64, r-oldrel-macos-arm64, r-oldrel-macos-x86_64, r-oldrel-windows-ix86+x86_64