Last updated on 2023-02-08 04:06:57 CET.
Flavor | Version | Tinstall | Tcheck | Ttotal | Status | Flags |
---|---|---|---|---|---|---|
r-devel-linux-x86_64-debian-clang | 0.1.1 | 2.35 | 30.56 | 32.91 | NOTE | |
r-devel-linux-x86_64-debian-gcc | 0.1.1 | 1.97 | 23.59 | 25.56 | NOTE | |
r-devel-linux-x86_64-fedora-clang | 0.1.1 | 42.24 | NOTE | |||
r-devel-linux-x86_64-fedora-gcc | 0.1.1 | 51.72 | NOTE | |||
r-devel-windows-x86_64 | 0.1.1 | 16.00 | 59.00 | 75.00 | NOTE | |
r-patched-linux-x86_64 | 0.1.1 | 2.15 | 30.89 | 33.04 | NOTE | |
r-release-linux-x86_64 | 0.1.1 | 1.80 | 31.04 | 32.84 | NOTE | |
r-release-macos-arm64 | 0.1.1 | 18.00 | NOTE | |||
r-release-macos-x86_64 | 0.1.1 | 24.00 | NOTE | |||
r-release-windows-x86_64 | 0.1.1 | 13.00 | 66.00 | 79.00 | NOTE | |
r-oldrel-macos-arm64 | 0.1.1 | 23.00 | NOTE | |||
r-oldrel-macos-x86_64 | 0.1.1 | 30.00 | NOTE | |||
r-oldrel-windows-ix86+x86_64 | 0.1.1 | 6.00 | 59.00 | 65.00 | NOTE |
Version: 0.1.1
Check: LazyData
Result: NOTE
'LazyData' is specified without a 'data' directory
Flavors: r-devel-linux-x86_64-debian-clang, r-devel-linux-x86_64-debian-gcc, r-devel-linux-x86_64-fedora-clang, r-devel-linux-x86_64-fedora-gcc, r-devel-windows-x86_64, r-patched-linux-x86_64, r-release-linux-x86_64, r-release-macos-arm64, r-release-macos-x86_64, r-release-windows-x86_64, r-oldrel-macos-arm64, r-oldrel-macos-x86_64, r-oldrel-windows-ix86+x86_64