CRAN Package Check Results for Package cocktailApp

Last updated on 2021-10-26 15:51:06 CEST.

Flavor Version Tinstall Tcheck Ttotal Status Flags
r-devel-linux-x86_64-debian-clang 0.2.2 7.60 105.01 112.61 OK
r-devel-linux-x86_64-debian-gcc 0.2.2 6.34 77.30 83.64 OK
r-devel-linux-x86_64-fedora-clang 0.2.2 142.09 NOTE
r-devel-linux-x86_64-fedora-gcc 0.2.2 132.15 NOTE
r-devel-windows-x86_64 0.2.2 13.00 139.00 152.00 OK
r-devel-windows-x86_64-gcc10-UCRT 0.2.2 NOTE
r-patched-linux-x86_64 0.2.2 7.32 97.79 105.11 OK
r-patched-solaris-x86 0.2.2 192.30 NOTE
r-release-linux-x86_64 0.2.2 6.32 98.02 104.34 OK
r-release-macos-arm64 0.2.2 NOTE
r-release-macos-x86_64 0.2.2 NOTE
r-release-windows-ix86+x86_64 0.2.2 15.00 137.00 152.00 OK
r-oldrel-macos-x86_64 0.2.2 NOTE
r-oldrel-windows-ix86+x86_64 0.2.2 20.00 140.00 160.00 OK

Check Details

Version: 0.2.2
Check: data for non-ASCII characters
Result: NOTE
     Note: found 14729 marked UTF-8 strings
Flavors: r-devel-linux-x86_64-fedora-clang, r-devel-linux-x86_64-fedora-gcc, r-devel-windows-x86_64-gcc10-UCRT, r-patched-solaris-x86, r-release-macos-arm64, r-release-macos-x86_64, r-oldrel-macos-x86_64