CRAN Package Check Results for Package coca

Last updated on 2024-06-22 03:49:29 CEST.

Flavor Version Tinstall Tcheck Ttotal Status Flags
r-devel-linux-x86_64-debian-clang 1.1.0 4.15 123.91 128.06 NOTE
r-devel-linux-x86_64-debian-gcc 1.1.0 2.83 87.13 89.96 NOTE
r-devel-linux-x86_64-fedora-clang 1.1.0 154.79 NOTE
r-devel-linux-x86_64-fedora-gcc 1.1.0 165.32 NOTE
r-devel-windows-x86_64 1.1.0 4.00 108.00 112.00 NOTE
r-patched-linux-x86_64 1.1.0 3.94 116.01 119.95 NOTE
r-release-linux-x86_64 1.1.0 2.36 119.72 122.08 NOTE
r-release-macos-arm64 1.1.0 54.00 NOTE
r-release-macos-x86_64 1.1.0 80.00 NOTE
r-release-windows-x86_64 1.1.0 5.00 109.00 114.00 NOTE
r-oldrel-macos-arm64 1.1.0 58.00 NOTE
r-oldrel-macos-x86_64 1.1.0 94.00 NOTE
r-oldrel-windows-x86_64 1.1.0 6.00 118.00 124.00 NOTE

Check Details

Version: 1.1.0
Check: LazyData
Result: NOTE 'LazyData' is specified without a 'data' directory Flavors: r-devel-linux-x86_64-debian-clang, r-devel-linux-x86_64-debian-gcc, r-devel-linux-x86_64-fedora-clang, r-devel-linux-x86_64-fedora-gcc, r-devel-windows-x86_64, r-patched-linux-x86_64, r-release-linux-x86_64, r-release-macos-arm64, r-release-macos-x86_64, r-release-windows-x86_64, r-oldrel-macos-arm64, r-oldrel-macos-x86_64, r-oldrel-windows-x86_64

Version: 1.1.0
Check: dependencies in R code
Result: NOTE Namespaces in Imports field not imported from: ‘Matrix’ ‘nnet’ All declared Imports should be used. Flavors: r-devel-linux-x86_64-fedora-clang, r-devel-linux-x86_64-fedora-gcc