CRAN Package Check Results for Package coalescentMCMC

Last updated on 2021-12-08 03:58:16 CET.

Flavor Version Tinstall Tcheck Ttotal Status Flags
r-devel-linux-x86_64-debian-clang 0.4-1 9.53 103.97 113.50 NOTE
r-devel-linux-x86_64-debian-gcc 0.4-1 7.81 81.62 89.43 NOTE
r-devel-linux-x86_64-fedora-clang 0.4-1 141.96 NOTE
r-devel-linux-x86_64-fedora-gcc 0.4-1 132.37 NOTE
r-devel-windows-x86_64-new-UL 0.4-1 18.00 180.00 198.00 NOTE
r-devel-windows-x86_64-new-TK 0.4-1 NOTE
r-devel-windows-x86_64-old 0.4-1 14.00 135.00 149.00 NOTE
r-patched-linux-x86_64 0.4-1 10.72 101.01 111.73 NOTE
r-release-linux-x86_64 0.4-1 8.16 101.45 109.61 NOTE
r-release-macos-arm64 0.4-1 NOTE
r-release-macos-x86_64 0.4-1 NOTE
r-release-windows-ix86+x86_64 0.4-1 16.00 165.00 181.00 NOTE
r-oldrel-macos-x86_64 0.4-1 NOTE
r-oldrel-windows-ix86+x86_64 0.4-1 24.00 165.00 189.00 NOTE

Check Details

Version: 0.4-1
Check: R code for possible problems
Result: NOTE
    coalescentMCMC: no visible global function definition for
     'packageVersion'
    coalescentMCMC : getparams: no visible global function definition for
     'nlminb'
    sim.coalescent: no visible global function definition for 'segments'
    sim.coalescent: no visible global function definition for 'points'
    Undefined global functions or variables:
     nlminb packageVersion points segments
    Consider adding
     importFrom("graphics", "points", "segments")
     importFrom("stats", "nlminb")
     importFrom("utils", "packageVersion")
    to your NAMESPACE file.
Flavors: r-devel-linux-x86_64-debian-clang, r-devel-linux-x86_64-debian-gcc, r-devel-linux-x86_64-fedora-clang, r-devel-linux-x86_64-fedora-gcc, r-devel-windows-x86_64-new-UL, r-devel-windows-x86_64-new-TK, r-devel-windows-x86_64-old, r-patched-linux-x86_64, r-release-linux-x86_64, r-release-macos-arm64, r-release-macos-x86_64, r-release-windows-ix86+x86_64, r-oldrel-macos-x86_64, r-oldrel-windows-ix86+x86_64