CRAN Package Check Results for Package cmna

Last updated on 2024-07-13 03:49:10 CEST.

Flavor Version Tinstall Tcheck Ttotal Status Flags
r-devel-linux-x86_64-debian-clang 1.0.5 3.80 63.94 67.74 NOTE
r-devel-linux-x86_64-debian-gcc 1.0.5 3.24 46.96 50.20 NOTE
r-devel-linux-x86_64-fedora-clang 1.0.5 81.84 NOTE
r-devel-linux-x86_64-fedora-gcc 1.0.5 77.75 NOTE
r-devel-windows-x86_64 1.0.5 6.00 71.00 77.00 NOTE
r-patched-linux-x86_64 1.0.5 6.40 62.43 68.83 NOTE
r-release-linux-x86_64 1.0.5 4.62 55.27 59.89 NOTE
r-release-macos-arm64 1.0.5 23.00 NOTE
r-release-macos-x86_64 1.0.5 40.00 NOTE
r-release-windows-x86_64 1.0.5 5.00 73.00 78.00 NOTE
r-oldrel-macos-arm64 1.0.5 26.00 OK
r-oldrel-macos-x86_64 1.0.5 41.00 OK
r-oldrel-windows-x86_64 1.0.5 5.00 78.00 83.00 OK

Check Details

Version: 1.0.5
Check: Rd files
Result: NOTE checkRd: (-1) bvp.Rd:24: Lost braces 24 | differential equations. The code{midptivp} method solves initial | ^ checkRd: (-1) ivp.Rd:38: Lost braces 38 | differential equations. The code{midptivp} method solves initial | ^ checkRd: (-1) ivpsys.Rd:29: Lost braces 29 | differential equations. The code{midptivp} method solves initial | ^ Flavors: r-devel-linux-x86_64-debian-clang, r-devel-linux-x86_64-debian-gcc, r-devel-linux-x86_64-fedora-clang, r-devel-linux-x86_64-fedora-gcc, r-devel-windows-x86_64, r-patched-linux-x86_64, r-release-linux-x86_64, r-release-macos-arm64, r-release-macos-x86_64, r-release-windows-x86_64