CRAN Package Check Results for Package cmmr

Last updated on 2023-02-08 04:06:57 CET.

Flavor Version Tinstall Tcheck Ttotal Status Flags
r-devel-linux-x86_64-debian-clang 0.1.2 2.55 25.80 28.35 NOTE
r-devel-linux-x86_64-debian-gcc 0.1.2 1.66 19.74 21.40 NOTE
r-devel-linux-x86_64-fedora-clang 0.1.2 36.79 NOTE
r-devel-linux-x86_64-fedora-gcc 0.1.2 33.47 NOTE
r-devel-windows-x86_64 0.1.2 10.00 55.00 65.00 NOTE
r-patched-linux-x86_64 0.1.2 2.54 25.10 27.64 NOTE
r-release-linux-x86_64 0.1.2 1.78 25.84 27.62 NOTE
r-release-macos-arm64 0.1.2 17.00 NOTE
r-release-macos-x86_64 0.1.2 25.00 NOTE
r-release-windows-x86_64 0.1.2 11.00 59.00 70.00 NOTE
r-oldrel-macos-arm64 0.1.2 25.00 NOTE
r-oldrel-macos-x86_64 0.1.2 328.00 NOTE
r-oldrel-windows-ix86+x86_64 0.1.2 6.00 54.00 60.00 NOTE

Check Details

Version: 0.1.2
Check: LazyData
Result: NOTE
     'LazyData' is specified without a 'data' directory
Flavors: r-devel-linux-x86_64-debian-clang, r-devel-linux-x86_64-debian-gcc, r-devel-linux-x86_64-fedora-clang, r-devel-linux-x86_64-fedora-gcc, r-devel-windows-x86_64, r-patched-linux-x86_64, r-release-linux-x86_64, r-release-macos-arm64, r-release-macos-x86_64, r-release-windows-x86_64, r-oldrel-macos-arm64, r-oldrel-macos-x86_64, r-oldrel-windows-ix86+x86_64