Last updated on 2023-10-01 05:05:38 CEST.
Flavor | Version | Tinstall | Tcheck | Ttotal | Status | Flags |
---|---|---|---|---|---|---|
r-devel-linux-x86_64-debian-clang | 0.2.5 | 6.39 | 52.68 | 59.07 | OK | |
r-devel-linux-x86_64-debian-gcc | 0.2.5 | 4.84 | 39.98 | 44.82 | OK | |
r-devel-linux-x86_64-fedora-clang | 0.2.5 | 73.28 | NOTE | |||
r-devel-linux-x86_64-fedora-gcc | 0.2.5 | 82.83 | NOTE | |||
r-devel-windows-x86_64 | 0.2.5 | 8.00 | 65.00 | 73.00 | OK | |
r-patched-linux-x86_64 | 0.2.5 | 4.58 | 50.31 | 54.89 | OK | |
r-release-linux-x86_64 | 0.2.5 | 6.49 | 49.89 | 56.38 | OK | |
r-release-macos-arm64 | 0.2.5 | 33.00 | OK | |||
r-release-macos-x86_64 | 0.2.5 | 50.00 | OK | |||
r-release-windows-x86_64 | 0.2.5 | 10.00 | 69.00 | 79.00 | OK | |
r-oldrel-macos-arm64 | 0.2.5 | 33.00 | OK | |||
r-oldrel-macos-x86_64 | 0.2.5 | 38.00 | OK | |||
r-oldrel-windows-x86_64 | 0.2.5 | 10.00 | 76.00 | 86.00 | OK |
Version: 0.2.5
Check: data for non-ASCII characters
Result: NOTE
Note: found 4622 marked UTF-8 strings
Flavors: r-devel-linux-x86_64-fedora-clang, r-devel-linux-x86_64-fedora-gcc