CRAN Package Check Results for Package cmhc

Last updated on 2022-10-06 03:58:25 CEST.

Flavor Version Tinstall Tcheck Ttotal Status Flags
r-devel-linux-x86_64-debian-clang 0.2.1 7.30 58.57 65.87 OK
r-devel-linux-x86_64-debian-gcc 0.2.1 3.89 43.23 47.12 OK
r-devel-linux-x86_64-fedora-clang 0.2.1 92.65 NOTE
r-devel-linux-x86_64-fedora-gcc 0.2.1 83.84 NOTE
r-devel-windows-x86_64 0.2.1 15.00 93.00 108.00 OK
r-patched-linux-x86_64 0.2.1 6.29 53.49 59.78 OK
r-release-linux-x86_64 0.2.1 4.89 52.80 57.69 OK
r-release-macos-arm64 0.2.1 26.00 NOTE
r-release-macos-x86_64 0.2.1 39.00 NOTE
r-release-windows-x86_64 0.2.1 13.00 86.00 99.00 OK
r-oldrel-macos-arm64 0.2.1 27.00 NOTE
r-oldrel-macos-x86_64 0.2.1 41.00 NOTE
r-oldrel-windows-ix86+x86_64 0.2.1 16.00 77.00 93.00 OK

Check Details

Version: 0.2.1
Check: data for non-ASCII characters
Result: NOTE
     Note: found 4622 marked UTF-8 strings
Flavors: r-devel-linux-x86_64-fedora-clang, r-devel-linux-x86_64-fedora-gcc, r-release-macos-arm64, r-release-macos-x86_64, r-oldrel-macos-arm64, r-oldrel-macos-x86_64