CRAN Package Check Results for Package cmenet

Last updated on 2025-01-18 15:48:18 CET.

Flavor Version Tinstall Tcheck Ttotal Status Flags
r-devel-linux-x86_64-debian-clang 0.1.2 27.49 56.87 84.36 NOTE
r-devel-linux-x86_64-debian-gcc 0.1.2 18.97 42.27 61.24 NOTE
r-devel-linux-x86_64-fedora-clang 0.1.2 144.89 NOTE
r-devel-linux-x86_64-fedora-gcc 0.1.2 141.98 NOTE
r-devel-windows-x86_64 0.1.2 30.00 87.00 117.00 NOTE
r-patched-linux-x86_64 0.1.2 25.45 53.58 79.03 NOTE
r-release-linux-x86_64 0.1.2 24.43 53.12 77.55 NOTE
r-release-macos-arm64 0.1.2 44.00 NOTE
r-release-macos-x86_64 0.1.2 56.00 NOTE
r-release-windows-x86_64 0.1.2 32.00 87.00 119.00 NOTE
r-oldrel-macos-arm64 0.1.2 48.00 NOTE
r-oldrel-macos-x86_64 0.1.2 74.00 NOTE
r-oldrel-windows-x86_64 0.1.2 37.00 105.00 142.00 NOTE

Check Details

Version: 0.1.2
Check: C++ specification
Result: NOTE Specified C++11: please drop specification unless essential Flavors: r-devel-linux-x86_64-debian-clang, r-devel-linux-x86_64-debian-gcc, r-devel-linux-x86_64-fedora-clang, r-devel-linux-x86_64-fedora-gcc, r-devel-windows-x86_64, r-patched-linux-x86_64, r-release-linux-x86_64, r-release-macos-arm64, r-release-macos-x86_64, r-release-windows-x86_64, r-oldrel-macos-arm64, r-oldrel-macos-x86_64, r-oldrel-windows-x86_64

Version: 0.1.2
Check: dependencies in R code
Result: NOTE Namespace in Imports field not imported from: ‘MASS’ All declared Imports should be used. Flavors: r-devel-linux-x86_64-fedora-clang, r-devel-linux-x86_64-fedora-gcc