CRAN Package Check Results for Package cmenet

Last updated on 2024-06-22 03:49:29 CEST.

Flavor Version Tinstall Tcheck Ttotal Status Flags
r-devel-linux-x86_64-debian-clang 0.1.2 45.74 72.98 118.72 NOTE
r-devel-linux-x86_64-debian-gcc 0.1.2 28.73 54.66 83.39 NOTE
r-devel-linux-x86_64-fedora-clang 0.1.2 156.26 NOTE
r-devel-linux-x86_64-fedora-gcc 0.1.2 162.61 NOTE
r-devel-windows-x86_64 0.1.2 37.00 86.00 123.00 NOTE
r-patched-linux-x86_64 0.1.2 39.27 68.50 107.77 NOTE
r-release-linux-x86_64 0.1.2 38.84 69.33 108.17 NOTE
r-release-macos-arm64 0.1.2 44.00 NOTE
r-release-macos-x86_64 0.1.2 56.00 NOTE
r-release-windows-x86_64 0.1.2 38.00 88.00 126.00 NOTE
r-oldrel-macos-arm64 0.1.2 48.00 NOTE
r-oldrel-macos-x86_64 0.1.2 74.00 NOTE
r-oldrel-windows-x86_64 0.1.2 46.00 105.00 151.00 NOTE

Check Details

Version: 0.1.2
Check: C++ specification
Result: NOTE Specified C++11: please drop specification unless essential Flavors: r-devel-linux-x86_64-debian-clang, r-devel-linux-x86_64-debian-gcc, r-devel-linux-x86_64-fedora-clang, r-devel-linux-x86_64-fedora-gcc, r-devel-windows-x86_64, r-patched-linux-x86_64, r-release-linux-x86_64, r-release-macos-arm64, r-release-macos-x86_64, r-release-windows-x86_64, r-oldrel-macos-arm64, r-oldrel-macos-x86_64, r-oldrel-windows-x86_64

Version: 0.1.2
Check: dependencies in R code
Result: NOTE Namespace in Imports field not imported from: ‘MASS’ All declared Imports should be used. Flavors: r-devel-linux-x86_64-fedora-clang, r-devel-linux-x86_64-fedora-gcc