CRAN Package Check Results for Package cmenet

Last updated on 2022-01-28 15:53:06 CET.

Flavor Version Tinstall Tcheck Ttotal Status Flags
r-devel-linux-x86_64-debian-clang 0.1.1 40.51 76.64 117.15 OK
r-devel-linux-x86_64-debian-gcc 0.1.1 29.39 59.90 89.29 OK
r-devel-linux-x86_64-fedora-clang 0.1.1 157.10 NOTE
r-devel-linux-x86_64-fedora-gcc 0.1.1 139.28 NOTE
r-devel-windows-x86_64-new-UL 0.1.1 49.00 123.00 172.00 OK
r-devel-windows-x86_64-new-TK 0.1.1 NOTE
r-patched-linux-x86_64 0.1.1 35.44 70.07 105.51 OK
r-release-linux-x86_64 0.1.1 35.63 69.74 105.37 OK
r-release-macos-arm64 0.1.1 NOTE
r-release-macos-x86_64 0.1.1 NOTE
r-release-windows-ix86+x86_64 0.1.1 103.00 121.00 224.00 OK
r-oldrel-macos-x86_64 0.1.1 NOTE
r-oldrel-windows-ix86+x86_64 0.1.1 102.00 120.00 222.00 OK

Check Details

Version: 0.1.1
Check: dependencies in R code
Result: NOTE
    Namespace in Imports field not imported from: ‘MASS’
     All declared Imports should be used.
Flavors: r-devel-linux-x86_64-fedora-clang, r-devel-linux-x86_64-fedora-gcc, r-devel-windows-x86_64-new-TK, r-release-macos-arm64, r-release-macos-x86_64, r-oldrel-macos-x86_64