CRAN Package Check Results for Package clusternomics

Last updated on 2021-10-17 03:51:58 CEST.

Flavor Version Tinstall Tcheck Ttotal Status Flags
r-devel-linux-x86_64-debian-clang 0.1.1 4.24 832.88 837.12 NOTE
r-devel-linux-x86_64-debian-gcc 0.1.1 3.21 522.25 525.46 NOTE
r-devel-linux-x86_64-fedora-clang 0.1.1 951.73 NOTE
r-devel-linux-x86_64-fedora-gcc 0.1.1 782.48 NOTE
r-devel-windows-x86_64 0.1.1 6.00 46.00 52.00 NOTE --no-examples --no-tests --no-vignettes
r-devel-windows-x86_64-gcc10-UCRT 0.1.1 NOTE
r-patched-linux-x86_64 0.1.1 4.40 693.12 697.52 NOTE
r-patched-solaris-x86 0.1.1 904.50 NOTE
r-release-linux-x86_64 0.1.1 3.64 802.90 806.54 NOTE
r-release-macos-arm64 0.1.1 NOTE
r-release-macos-x86_64 0.1.1 NOTE
r-release-windows-ix86+x86_64 0.1.1 7.00 53.00 60.00 NOTE --no-examples --no-tests --no-vignettes
r-oldrel-macos-x86_64 0.1.1 OK
r-oldrel-windows-ix86+x86_64 0.1.1 9.00 52.00 61.00 OK --no-examples --no-tests --no-vignettes

Check Details

Version: 0.1.1
Check: LazyData
Result: NOTE
     'LazyData' is specified without a 'data' directory
Flavors: r-devel-linux-x86_64-debian-clang, r-devel-linux-x86_64-debian-gcc, r-devel-linux-x86_64-fedora-clang, r-devel-linux-x86_64-fedora-gcc, r-devel-windows-x86_64-gcc10-UCRT, r-patched-linux-x86_64, r-patched-solaris-x86, r-release-linux-x86_64, r-release-macos-arm64, r-release-macos-x86_64

Version: 0.1.1
Flags: --no-examples --no-tests --no-vignettes
Check: LazyData
Result: NOTE
     'LazyData' is specified without a 'data' directory
Flavors: r-devel-windows-x86_64, r-release-windows-ix86+x86_64