CRAN Package Check Results for Package clustermq

Last updated on 2022-01-21 16:50:47 CET.

Flavor Version Tinstall Tcheck Ttotal Status Flags
r-devel-linux-x86_64-debian-clang 0.8.95.2 39.56 65.33 104.89 OK
r-devel-linux-x86_64-debian-gcc 0.8.95.2 29.37 51.40 80.77 OK
r-devel-linux-x86_64-fedora-clang 0.8.95.2 145.20 NOTE
r-devel-linux-x86_64-fedora-gcc 0.8.95.2 129.74 NOTE
r-devel-windows-x86_64-new-UL 0.8.95.2 89.00 137.00 226.00 OK
r-devel-windows-x86_64-new-TK 0.8.95.2 NOTE
r-patched-linux-x86_64 0.8.95.2 40.52 66.42 106.94 OK
r-release-linux-x86_64 0.8.95.2 34.15 66.23 100.38 OK
r-release-macos-arm64 0.8.95.2 NOTE
r-release-macos-x86_64 0.8.95.2 NOTE
r-release-windows-ix86+x86_64 0.8.95.2 118.00 115.00 233.00 OK
r-oldrel-macos-x86_64 0.8.95.2 NOTE
r-oldrel-windows-ix86+x86_64 0.8.95.2 102.00 115.00 217.00 OK

Check Details

Version: 0.8.95.2
Check: dependencies in R code
Result: NOTE
    Namespaces in Imports field not imported from:
     ‘R6’ ‘methods’ ‘purrr’
     All declared Imports should be used.
Flavors: r-devel-linux-x86_64-fedora-clang, r-devel-linux-x86_64-fedora-gcc, r-devel-windows-x86_64-new-TK, r-release-macos-arm64, r-release-macos-x86_64, r-oldrel-macos-x86_64

Version: 0.8.95.2
Check: installed package size
Result: NOTE
     installed size is 16.3Mb
     sub-directories of 1Mb or more:
     libs 15.4Mb
Flavors: r-release-macos-arm64, r-release-macos-x86_64, r-oldrel-macos-x86_64