CRAN Package Check Results for Package clusterSim

Last updated on 2021-12-03 15:52:13 CET.

Flavor Version Tinstall Tcheck Ttotal Status Flags
r-devel-linux-x86_64-debian-clang 0.49-2 14.85 95.55 110.40 OK
r-devel-linux-x86_64-debian-gcc 0.49-2 11.46 60.23 71.69 ERROR
r-devel-linux-x86_64-fedora-clang 0.49-2 150.24 OK
r-devel-linux-x86_64-fedora-gcc 0.49-2 129.06 OK
r-devel-windows-x86_64-new-UL 0.49-2 28.00 141.00 169.00 OK
r-devel-windows-x86_64-new-TK 0.49-2 OK
r-devel-windows-x86_64-old 0.49-2 21.00 89.00 110.00 OK
r-patched-linux-x86_64 0.49-2 18.17 91.30 109.47 OK
r-release-linux-x86_64 0.49-2 12.44 92.46 104.90 OK
r-release-macos-arm64 0.49-2 OK
r-release-macos-x86_64 0.49-2 OK
r-release-windows-ix86+x86_64 0.49-2 25.00 157.00 182.00 OK
r-oldrel-macos-x86_64 0.49-2 OK
r-oldrel-windows-ix86+x86_64 0.49-2 24.00 159.00 183.00 OK

Check Details

Version: 0.49-2
Check: examples
Result: ERROR
    Running examples in ‘clusterSim-Ex.R’ failed
    The error most likely occurred in:
    
    > base::assign(".ptime", proc.time(), pos = "CheckExEnv")
    > ### Name: index.G1
    > ### Title: Calculates Calinski-Harabasz pseudo F-statistic
    > ### Aliases: index.G1
    > ### Keywords: cluster
    >
    > ### ** Examples
    >
    > # Example 1
    > library(clusterSim)
    > data(data_ratio)
    > c<- pam(data_ratio,10)
    > index.G1(data_ratio,c$clustering)
    Error in centers[i, ] <- x.k : incorrect number of subscripts on matrix
    Calls: index.G1
    Execution halted
Flavor: r-devel-linux-x86_64-debian-gcc