CRAN Package Check Results for Package clustEff

Last updated on 2021-06-17 03:50:53 CEST.

Flavor Version Tinstall Tcheck Ttotal Status Flags
r-devel-linux-x86_64-debian-clang 0.2.0 15.04 138.10 153.14 NOTE
r-devel-linux-x86_64-debian-gcc 0.2.0 11.90 100.05 111.95 NOTE
r-devel-linux-x86_64-fedora-clang 0.2.0 187.20 NOTE
r-devel-linux-x86_64-fedora-gcc 0.2.0 173.71 NOTE
r-devel-windows-x86_64 0.2.0 25.00 158.00 183.00 NOTE
r-devel-windows-x86_64-gcc10-UCRT 0.2.0 NOTE
r-patched-linux-x86_64 0.2.0 15.54 125.41 140.95 NOTE
r-patched-solaris-x86 0.2.0 254.00 NOTE
r-release-linux-x86_64 0.2.0 14.50 125.17 139.67 NOTE
r-release-macos-arm64 0.2.0 NOTE
r-release-macos-x86_64 0.2.0 NOTE
r-release-windows-ix86+x86_64 0.2.0 35.00 155.00 190.00 NOTE
r-oldrel-macos-x86_64 0.2.0 OK
r-oldrel-windows-ix86+x86_64 0.2.0 25.00 161.00 186.00 OK

Check Details

Version: 0.2.0
Check: LazyData
Result: NOTE
     'LazyData' is specified without a 'data' directory
Flavors: r-devel-linux-x86_64-debian-clang, r-devel-linux-x86_64-debian-gcc, r-devel-linux-x86_64-fedora-clang, r-devel-linux-x86_64-fedora-gcc, r-devel-windows-x86_64, r-devel-windows-x86_64-gcc10-UCRT, r-patched-linux-x86_64, r-patched-solaris-x86, r-release-linux-x86_64, r-release-macos-arm64, r-release-macos-x86_64, r-release-windows-ix86+x86_64