CRAN Package Check Results for Package clusEvol

Last updated on 2024-07-21 15:53:30 CEST.

Flavor Version Tinstall Tcheck Ttotal Status Flags
r-devel-linux-x86_64-debian-clang 1.0.0 14.73 100.80 115.53 OK
r-devel-linux-x86_64-debian-gcc 1.0.0 8.66 72.31 80.97 NOTE
r-devel-linux-x86_64-fedora-clang 1.0.0 147.92 NOTE
r-devel-linux-x86_64-fedora-gcc 1.0.0 134.04 NOTE
r-devel-windows-x86_64 1.0.0 13.00 83.00 96.00 NOTE
r-patched-linux-x86_64 1.0.0 13.54 94.90 108.44 OK
r-release-linux-x86_64 1.0.0 9.28 91.59 100.87 OK
r-release-macos-arm64 1.0.0 40.00 OK
r-release-macos-x86_64 1.0.0 61.00 OK
r-release-windows-x86_64 1.0.0 12.00 85.00 97.00 OK
r-oldrel-macos-arm64 1.0.0 45.00 OK
r-oldrel-macos-x86_64 1.0.0 102.00 OK
r-oldrel-windows-x86_64 1.0.0 15.00 97.00 112.00 OK

Check Details

Version: 1.0.0
Check: Rd cross-references
Result: NOTE Found the following Rd file(s) with Rd \link{} targets missing package anchors: plot.clusEvol.Rd: ggplot Please provide package anchors for all Rd \link{} targets not in the package itself and the base packages. Flavors: r-devel-linux-x86_64-debian-gcc, r-devel-windows-x86_64

Version: 1.0.0
Check: data for non-ASCII characters
Result: NOTE Note: found 949 marked UTF-8 strings Flavors: r-devel-linux-x86_64-fedora-clang, r-devel-linux-x86_64-fedora-gcc