CRAN Package Check Results for Package clue

Last updated on 2021-12-06 15:52:03 CET.

Flavor Version Tinstall Tcheck Ttotal Status Flags
r-devel-linux-x86_64-debian-clang 0.3-60 10.23 84.37 94.60 OK
r-devel-linux-x86_64-debian-gcc 0.3-60 8.47 64.78 73.25 OK
r-devel-linux-x86_64-fedora-clang 0.3-60 119.14 NOTE
r-devel-linux-x86_64-fedora-gcc 0.3-60 107.00 OK
r-devel-windows-x86_64-new-UL 0.3-60 30.00 154.00 184.00 OK
r-devel-windows-x86_64-new-TK 0.3-60 OK
r-devel-windows-x86_64-old 0.3-60 17.00 78.00 95.00 OK
r-patched-linux-x86_64 0.3-60 11.58 73.14 84.72 OK
r-release-linux-x86_64 0.3-60 9.80 82.17 91.97 OK
r-release-macos-arm64 0.3-60 OK
r-release-macos-x86_64 0.3-60 OK
r-release-windows-ix86+x86_64 0.3-60 23.00 122.00 145.00 OK
r-oldrel-macos-x86_64 0.3-60 OK
r-oldrel-windows-ix86+x86_64 0.3-60 36.00 127.00 163.00 OK

Check Details

Version: 0.3-60
Check: Rd cross-references
Result: NOTE
    Undeclared packages ‘mlbench’, ‘fpc’ in Rd xrefs
Flavor: r-devel-linux-x86_64-fedora-clang