CRAN Package Check Results for Package clintools

Last updated on 2022-01-28 04:00:43 CET.

Flavor Version Tinstall Tcheck Ttotal Status Flags
r-devel-linux-x86_64-debian-clang 0.9.2 9.41 95.32 104.73 OK
r-devel-linux-x86_64-debian-gcc 0.9.2 10.05 73.77 83.82 OK
r-devel-linux-x86_64-fedora-clang 0.9.2 128.40 OK
r-devel-linux-x86_64-fedora-gcc 0.9.2 120.82 OK
r-devel-windows-x86_64-new-UL 0.9.2 44.00 117.00 161.00 OK
r-devel-windows-x86_64-new-TK 0.9.2 ERROR
r-patched-linux-x86_64 0.9.2 10.26 87.33 97.59 OK
r-release-linux-x86_64 0.9.2 9.85 88.16 98.01 OK
r-release-macos-arm64 0.9.2 OK
r-release-macos-x86_64 0.9.2 OK
r-release-windows-ix86+x86_64 0.9.2 25.00 107.00 132.00 OK
r-oldrel-macos-x86_64 0.9.2 OK
r-oldrel-windows-ix86+x86_64 0.9.2 24.00 110.00 134.00 OK

Check Details

Version: 0.9.2
Check: package dependencies
Result: ERROR
    Package required but not available: 'lme4'
    
    See section 'The DESCRIPTION file' in the 'Writing R Extensions'
    manual.
Flavor: r-devel-windows-x86_64-new-TK