CRAN Package Check Results for Package clhs

Last updated on 2021-10-27 04:00:04 CEST.

Flavor Version Tinstall Tcheck Ttotal Status Flags
r-devel-linux-x86_64-debian-clang 0.9.0 54.04 358.27 412.31 OK
r-devel-linux-x86_64-debian-gcc 0.9.0 48.11 265.36 313.47 OK
r-devel-linux-x86_64-fedora-clang 0.9.0 508.56 NOTE
r-devel-linux-x86_64-fedora-gcc 0.9.0 499.12 NOTE
r-devel-windows-x86_64 0.9.0 81.00 407.00 488.00 OK
r-devel-windows-x86_64-gcc10-UCRT 0.9.0 NOTE
r-patched-linux-x86_64 0.9.0 58.06 341.18 399.24 OK
r-patched-solaris-x86 0.9.0 474.30 NOTE
r-release-linux-x86_64 0.9.0 56.16 344.18 400.34 OK
r-release-macos-arm64 0.9.0 NOTE
r-release-macos-x86_64 0.9.0 NOTE
r-release-windows-ix86+x86_64 0.9.0 106.00 577.00 683.00 OK
r-oldrel-macos-x86_64 0.9.0 NOTE
r-oldrel-windows-ix86+x86_64 0.9.0 107.00 435.00 542.00 OK

Check Details

Version: 0.9.0
Check: dependencies in R code
Result: NOTE
    Namespace in Imports field not imported from: ‘sp’
     All declared Imports should be used.
Flavors: r-devel-linux-x86_64-fedora-clang, r-devel-linux-x86_64-fedora-gcc, r-devel-windows-x86_64-gcc10-UCRT, r-patched-solaris-x86, r-release-macos-arm64, r-release-macos-x86_64, r-oldrel-macos-x86_64