CRAN Package Check Results for Package citation

Last updated on 2022-01-19 04:48:19 CET.

Flavor Version Tinstall Tcheck Ttotal Status Flags
r-devel-linux-x86_64-debian-clang 0.4.1 2.41 33.58 35.99 NOTE
r-devel-linux-x86_64-debian-gcc 0.4.1 1.56 26.78 28.34 NOTE
r-devel-linux-x86_64-fedora-clang 0.4.1 45.46 NOTE
r-devel-linux-x86_64-fedora-gcc 0.4.1 33.00 NOTE
r-devel-windows-x86_64-new-UL 0.4.1 26.00 53.00 79.00 NOTE
r-devel-windows-x86_64-new-TK 0.4.1 NOTE
r-patched-linux-x86_64 0.4.1 2.24 31.80 34.04 NOTE
r-release-linux-x86_64 0.4.1 NOTE
r-release-macos-arm64 0.4.1 NOTE
r-release-macos-x86_64 0.4.1 NOTE
r-release-windows-ix86+x86_64 0.4.1 7.00 40.00 47.00 NOTE
r-oldrel-macos-x86_64 0.4.1 OK
r-oldrel-windows-ix86+x86_64 0.4.1 6.00 40.00 46.00 OK

Check Details

Version: 0.4.1
Check: LazyData
Result: NOTE
     'LazyData' is specified without a 'data' directory
Flavors: r-devel-linux-x86_64-debian-clang, r-devel-linux-x86_64-debian-gcc, r-devel-linux-x86_64-fedora-clang, r-devel-linux-x86_64-fedora-gcc, r-devel-windows-x86_64-new-UL, r-devel-windows-x86_64-new-TK, r-patched-linux-x86_64, r-release-linux-x86_64, r-release-macos-arm64, r-release-macos-x86_64, r-release-windows-ix86+x86_64