CRAN Package Check Results for Package cifti

Last updated on 2022-01-24 15:54:06 CET.

Flavor Version Tinstall Tcheck Ttotal Status Flags
r-devel-linux-x86_64-debian-clang 0.4.5 4.78 64.15 68.93 NOTE
r-devel-linux-x86_64-debian-gcc 0.4.5 4.80 49.70 54.50 NOTE
r-devel-linux-x86_64-fedora-clang 0.4.5 87.14 NOTE
r-devel-linux-x86_64-fedora-gcc 0.4.5 77.84 NOTE
r-devel-windows-x86_64-new-UL 0.4.5 33.00 102.00 135.00 NOTE
r-devel-windows-x86_64-new-TK 0.4.5 NOTE
r-patched-linux-x86_64 0.4.5 5.82 61.36 67.18 NOTE
r-release-linux-x86_64 0.4.5 5.12 63.03 68.15 NOTE
r-release-macos-arm64 0.4.5 NOTE
r-release-macos-x86_64 0.4.5 NOTE
r-release-windows-ix86+x86_64 0.4.5 13.00 80.00 93.00 NOTE
r-oldrel-macos-x86_64 0.4.5 OK
r-oldrel-windows-ix86+x86_64 0.4.5 14.00 77.00 91.00 OK

Check Details

Version: 0.4.5
Check: LazyData
Result: NOTE
     'LazyData' is specified without a 'data' directory
Flavors: r-devel-linux-x86_64-debian-clang, r-devel-linux-x86_64-debian-gcc, r-devel-linux-x86_64-fedora-clang, r-devel-linux-x86_64-fedora-gcc, r-devel-windows-x86_64-new-UL, r-devel-windows-x86_64-new-TK, r-patched-linux-x86_64, r-release-linux-x86_64, r-release-macos-arm64, r-release-macos-x86_64, r-release-windows-ix86+x86_64