CRAN Package Check Results for Package cifti

Last updated on 2024-07-15 15:54:20 CEST.

Flavor Version Tinstall Tcheck Ttotal Status Flags
r-devel-linux-x86_64-debian-clang 0.4.5 7.34 70.84 78.18 NOTE
r-devel-linux-x86_64-debian-gcc 0.4.5 5.36 51.68 57.04 NOTE
r-devel-linux-x86_64-fedora-clang 0.4.5 96.55 NOTE
r-devel-linux-x86_64-fedora-gcc 0.4.5 103.48 NOTE
r-devel-windows-x86_64 0.4.5 7.00 72.00 79.00 NOTE
r-patched-linux-x86_64 0.4.5 5.87 68.16 74.03 NOTE
r-release-linux-x86_64 0.4.5 6.31 66.38 72.69 NOTE
r-release-macos-arm64 0.4.5 37.00 NOTE
r-release-macos-x86_64 0.4.5 54.00 NOTE
r-release-windows-x86_64 0.4.5 6.00 70.00 76.00 NOTE
r-oldrel-macos-arm64 0.4.5 34.00 NOTE
r-oldrel-macos-x86_64 0.4.5 51.00 NOTE
r-oldrel-windows-x86_64 0.4.5 9.00 78.00 87.00 NOTE

Check Details

Version: 0.4.5
Check: LazyData
Result: NOTE 'LazyData' is specified without a 'data' directory Flavors: r-devel-linux-x86_64-debian-clang, r-devel-linux-x86_64-debian-gcc, r-devel-linux-x86_64-fedora-clang, r-devel-linux-x86_64-fedora-gcc, r-devel-windows-x86_64, r-patched-linux-x86_64, r-release-linux-x86_64, r-release-macos-arm64, r-release-macos-x86_64, r-release-windows-x86_64, r-oldrel-macos-arm64, r-oldrel-macos-x86_64, r-oldrel-windows-x86_64