CRAN Package Check Results for Package chronicle

Last updated on 2021-10-26 15:51:06 CEST.

Flavor Version Tinstall Tcheck Ttotal Status Flags
r-devel-linux-x86_64-debian-clang 0.3 5.92 63.26 69.18 OK
r-devel-linux-x86_64-debian-gcc 0.3 3.24 46.38 49.62 OK
r-devel-linux-x86_64-fedora-clang 0.3 92.20 NOTE
r-devel-linux-x86_64-fedora-gcc 0.3 79.24 NOTE
r-devel-windows-x86_64 0.3 9.00 94.00 103.00 OK
r-devel-windows-x86_64-gcc10-UCRT 0.3 NOTE
r-patched-linux-x86_64 0.3 6.44 58.52 64.96 OK
r-patched-solaris-x86 0.3 98.00 NOTE
r-release-linux-x86_64 0.3 4.96 58.40 63.36 OK
r-release-macos-arm64 0.3 NOTE
r-release-macos-x86_64 0.3 WARN
r-release-windows-ix86+x86_64 0.3 7.00 95.00 102.00 OK
r-oldrel-macos-x86_64 0.3 WARN
r-oldrel-windows-ix86+x86_64 0.3 10.00 95.00 105.00 OK

Check Details

Version: 0.3
Check: dependencies in R code
Result: NOTE
    Namespaces in Imports field not imported from:
     ‘DT’ ‘dplyr’ ‘prettydoc’ ‘rmdformats’ ‘skimr’
     All declared Imports should be used.
Flavors: r-devel-linux-x86_64-fedora-clang, r-devel-linux-x86_64-fedora-gcc, r-devel-windows-x86_64-gcc10-UCRT, r-patched-solaris-x86, r-release-macos-arm64, r-release-macos-x86_64, r-oldrel-macos-x86_64

Version: 0.3
Check: re-building of vignette outputs
Result: WARN
    Error(s) in re-building vignettes:
     ...
    --- re-building ‘chronicle.Rmd’ using rmarkdown
    Warning in engine$weave(file, quiet = quiet, encoding = enc) :
     Pandoc (>= 1.12.3) not available. Falling back to R Markdown v1.
    Loading required package: magrittr
    Quitting from lines 38-67 (chronicle.Rmd)
    Error: processing vignette 'chronicle.Rmd' failed with diagnostics:
    pandoc version 1.12.3 or higher is required and was not found (see the help page ?rmarkdown::pandoc_available).
    --- failed re-building ‘chronicle.Rmd’
    
    SUMMARY: processing the following file failed:
     ‘chronicle.Rmd’
    
    Error: Vignette re-building failed.
    Execution halted
Flavors: r-release-macos-x86_64, r-oldrel-macos-x86_64