CRAN Package Check Results for Package chromatographR

Last updated on 2022-09-25 03:54:26 CEST.

Flavor Version Tinstall Tcheck Ttotal Status Flags
r-devel-linux-x86_64-debian-clang 0.4.4 16.94 184.38 201.32 ERROR
r-devel-linux-x86_64-debian-gcc 0.4.4 14.50 134.86 149.36 OK
r-devel-linux-x86_64-fedora-clang 0.4.4 251.26 OK
r-devel-linux-x86_64-fedora-gcc 0.4.4 242.50 OK
r-devel-windows-x86_64 0.4.4 88.00 210.00 298.00 OK
r-patched-linux-x86_64 0.4.4 17.56 173.10 190.66 OK
r-release-linux-x86_64 0.4.4 11.06 172.50 183.56 OK
r-release-macos-arm64 0.4.4 55.00 OK
r-release-macos-x86_64 0.4.4 91.00 OK
r-release-windows-x86_64 0.4.4 41.00 199.00 240.00 OK
r-oldrel-macos-arm64 0.4.4 55.00 OK
r-oldrel-macos-x86_64 0.4.4 91.00 OK
r-oldrel-windows-ix86+x86_64 0.4.4 35.00 208.00 243.00 OK

Check Details

Version: 0.4.4
Check: tests
Result: ERROR
     Running 'spelling.R' [0s/1s]
     Running 'testthat.R' [40s/44s]
    Running the tests in 'tests/testthat.R' failed.
    Complete output:
     > library(testthat)
     > library(chromatographR)
     >
     > test_check("chromatographR")
     Removed 22 peaks from peak table.
     Bootstrap (r = 0.5)... Done.
     Bootstrap (r = 0.6)... Done.
     Bootstrap (r = 0.7)... Done.
     Bootstrap (r = 0.8)... Done.
     Bootstrap (r = 0.9)... Done.
     Bootstrap (r = 1.0)... Done.
     Bootstrap (r = 1.1)... Done.
     Bootstrap (r = 1.2)... Done.
     Bootstrap (r = 1.3)... Done.
     Bootstrap (r = 1.4)... Done.
     [ FAIL 1 | WARN 0 | SKIP 0 | PASS 72 ]
    
     == Failed tests ================================================================
     -- Error (test-pipeline.R:189:1): (code run outside of `test_that()`) ----------
     Error in `names(sub) <- paste0("c", seq_along(sub))`: 'names' attribute [1] must be the same length as the vector [0]
     Backtrace:
     x
     1. +-base::suppressWarnings(...) at test-pipeline.R:189:0
     2. | \-base::withCallingHandlers(...)
     3. \-chromatographR::cluster_spectra(...)
    
     [ FAIL 1 | WARN 0 | SKIP 0 | PASS 72 ]
     Deleting unused snapshots:
     * pipeline/mirror1.svg
     * pipeline/plot-all-spectra.svg
     * pipeline/plot-peak-list.svg
     * pipeline/plot-peak-table.svg
     * pipeline/plot-spectrum.svg
     Error: Test failures
     Execution halted
Flavor: r-devel-linux-x86_64-debian-clang