CRAN Package Check Results for Package chromConverter

Last updated on 2022-12-04 15:53:35 CET.

Flavor Version Tinstall Tcheck Ttotal Status Flags
r-devel-linux-x86_64-debian-clang 0.2.1 10.93 104.79 115.72 NOTE
r-devel-linux-x86_64-debian-gcc 0.2.1 10.07 79.65 89.72 NOTE
r-devel-linux-x86_64-fedora-clang 0.2.1 162.06 NOTE
r-devel-linux-x86_64-fedora-gcc 0.2.1 163.32 NOTE
r-devel-windows-x86_64 0.2.1 69.00 131.00 200.00 NOTE
r-patched-linux-x86_64 0.2.1 12.35 99.62 111.97 NOTE
r-release-linux-x86_64 0.2.1 10.05 98.32 108.37 NOTE
r-release-macos-arm64 0.2.1 41.00 NOTE
r-release-macos-x86_64 0.2.1 60.00 NOTE
r-release-windows-x86_64 0.2.1 59.00 140.00 199.00 NOTE
r-oldrel-macos-arm64 0.2.1 44.00 NOTE
r-oldrel-macos-x86_64 0.2.1 61.00 NOTE
r-oldrel-windows-ix86+x86_64 0.2.1 28.00 128.00 156.00 NOTE

Check Details

Version: 0.2.1
Check: package dependencies
Result: NOTE
    Package suggested but not available for checking: 'entab'
Flavors: r-devel-linux-x86_64-debian-clang, r-devel-linux-x86_64-debian-gcc, r-devel-linux-x86_64-fedora-clang, r-devel-linux-x86_64-fedora-gcc, r-devel-windows-x86_64, r-patched-linux-x86_64, r-release-linux-x86_64, r-release-macos-arm64, r-release-macos-x86_64, r-release-windows-x86_64, r-oldrel-macos-arm64, r-oldrel-macos-x86_64, r-oldrel-windows-ix86+x86_64

Version: 0.2.1
Check: dependencies in R code
Result: NOTE
    Namespace in Imports field not imported from: ‘readr’
     All declared Imports should be used.
Flavors: r-devel-linux-x86_64-fedora-clang, r-devel-linux-x86_64-fedora-gcc, r-release-macos-arm64, r-release-macos-x86_64, r-oldrel-macos-arm64, r-oldrel-macos-x86_64