CRAN Package Check Results for Package chorrrds

Last updated on 2021-10-16 15:50:40 CEST.

Flavor Version Tinstall Tcheck Ttotal Status Flags
r-devel-linux-x86_64-debian-clang 0.1.9.5 7.35 45.69 53.04 OK
r-devel-linux-x86_64-debian-gcc 0.1.9.5 6.77 37.58 44.35 OK
r-devel-linux-x86_64-fedora-clang 0.1.9.5 75.48 NOTE
r-devel-linux-x86_64-fedora-gcc 0.1.9.5 65.70 NOTE
r-devel-windows-x86_64 0.1.9.5 12.00 52.00 64.00 OK
r-devel-windows-x86_64-gcc10-UCRT 0.1.9.5 NOTE
r-patched-linux-x86_64 0.1.9.5 8.02 43.81 51.83 OK
r-patched-solaris-x86 0.1.9.5 109.10 NOTE
r-release-linux-x86_64 0.1.9.5 7.48 44.44 51.92 OK
r-release-macos-arm64 0.1.9.5 NOTE
r-release-macos-x86_64 0.1.9.5 NOTE
r-release-windows-ix86+x86_64 0.1.9.5 16.00 68.00 84.00 OK
r-oldrel-macos-x86_64 0.1.9.5 NOTE
r-oldrel-windows-ix86+x86_64 0.1.9.5 17.00 71.00 88.00 OK

Check Details

Version: 0.1.9.5
Check: dependencies in R code
Result: NOTE
    Namespace in Imports field not imported from: ‘forcats’
     All declared Imports should be used.
Flavors: r-devel-linux-x86_64-fedora-clang, r-devel-linux-x86_64-fedora-gcc, r-devel-windows-x86_64-gcc10-UCRT, r-patched-solaris-x86, r-release-macos-arm64, r-release-macos-x86_64, r-oldrel-macos-x86_64

Version: 0.1.9.5
Check: data for non-ASCII characters
Result: NOTE
     Note: found 4004 marked UTF-8 strings
Flavors: r-devel-linux-x86_64-fedora-clang, r-devel-linux-x86_64-fedora-gcc, r-devel-windows-x86_64-gcc10-UCRT, r-patched-solaris-x86, r-release-macos-arm64, r-release-macos-x86_64, r-oldrel-macos-x86_64