CRAN Package Check Results for Package choroplethrAdmin1

Last updated on 2021-10-16 15:50:40 CEST.

Flavor Version Tinstall Tcheck Ttotal Status Flags
r-devel-linux-x86_64-debian-clang 1.1.1 5.30 53.14 58.44 OK
r-devel-linux-x86_64-debian-gcc 1.1.1 4.30 40.67 44.97 OK
r-devel-linux-x86_64-fedora-clang 1.1.1 77.00 NOTE
r-devel-linux-x86_64-fedora-gcc 1.1.1 65.18 OK
r-devel-windows-x86_64 1.1.1 9.00 53.00 62.00 NOTE
r-devel-windows-x86_64-gcc10-UCRT 1.1.1 OK
r-patched-linux-x86_64 1.1.1 5.13 49.26 54.39 OK
r-patched-solaris-x86 1.1.1 105.90 NOTE
r-release-linux-x86_64 1.1.1 4.93 49.34 54.27 OK
r-release-macos-arm64 1.1.1 NOTE
r-release-macos-x86_64 1.1.1 NOTE
r-release-windows-ix86+x86_64 1.1.1 13.00 75.00 88.00 NOTE
r-oldrel-macos-x86_64 1.1.1 NOTE
r-oldrel-windows-ix86+x86_64 1.1.1 14.00 76.00 90.00 NOTE

Check Details

Version: 1.1.1
Check: installed package size
Result: NOTE
     installed size is 18.0Mb
     sub-directories of 1Mb or more:
     data 17.9Mb
Flavors: r-devel-linux-x86_64-fedora-clang, r-devel-windows-x86_64, r-patched-solaris-x86, r-release-macos-arm64, r-release-macos-x86_64, r-release-windows-ix86+x86_64, r-oldrel-macos-x86_64, r-oldrel-windows-ix86+x86_64