CRAN Package Check Results for Package choroplethr

Last updated on 2021-10-27 15:51:46 CEST.

Flavor Version Tinstall Tcheck Ttotal Status Flags
r-devel-linux-x86_64-debian-clang 3.7.0 27.12 156.97 184.09 OK
r-devel-linux-x86_64-debian-gcc 3.7.0 21.08 117.72 138.80 OK
r-devel-linux-x86_64-fedora-clang 3.7.0 228.22 NOTE
r-devel-linux-x86_64-fedora-gcc 3.7.0 218.08 NOTE
r-devel-windows-x86_64 3.7.0 43.00 216.00 259.00 OK
r-devel-windows-x86_64-gcc10-UCRT 3.7.0 NOTE
r-patched-linux-x86_64 3.7.0 24.18 147.06 171.24 OK
r-patched-solaris-x86 3.7.0 319.80 NOTE
r-release-linux-x86_64 3.7.0 22.64 146.99 169.63 OK
r-release-macos-arm64 3.7.0 NOTE
r-release-macos-x86_64 3.7.0 NOTE
r-release-windows-ix86+x86_64 3.7.0 43.00 195.00 238.00 OK
r-oldrel-macos-x86_64 3.7.0 NOTE
r-oldrel-windows-ix86+x86_64 3.7.0 61.00 222.00 283.00 OK

Check Details

Version: 3.7.0
Check: data for non-ASCII characters
Result: NOTE
     Note: found 10 marked UTF-8 strings
Flavors: r-devel-linux-x86_64-fedora-clang, r-devel-linux-x86_64-fedora-gcc, r-devel-windows-x86_64-gcc10-UCRT, r-patched-solaris-x86, r-release-macos-arm64, r-release-macos-x86_64, r-oldrel-macos-x86_64