Last updated on 2025-01-13 04:49:39 CET.
Flavor | Version | Tinstall | Tcheck | Ttotal | Status | Flags |
---|---|---|---|---|---|---|
r-devel-linux-x86_64-debian-clang | 1.0-2 | 16.43 | 121.42 | 137.85 | NOTE | |
r-devel-linux-x86_64-debian-gcc | 1.0-2 | 10.71 | 84.56 | 95.27 | NOTE | |
r-devel-linux-x86_64-fedora-clang | 1.0-2 | 225.34 | NOTE | |||
r-devel-linux-x86_64-fedora-gcc | 1.0-2 | 227.77 | NOTE | |||
r-devel-windows-x86_64 | 1.0-2 | 16.00 | 164.00 | 180.00 | NOTE | |
r-patched-linux-x86_64 | 1.0-2 | 16.36 | 114.70 | 131.06 | NOTE | |
r-release-linux-x86_64 | 1.0-2 | 15.00 | 114.39 | 129.39 | NOTE | |
r-release-macos-arm64 | 1.0-2 | 62.00 | NOTE | |||
r-release-macos-x86_64 | 1.0-2 | 102.00 | NOTE | |||
r-release-windows-x86_64 | 1.0-2 | 16.00 | 156.00 | 172.00 | NOTE | |
r-oldrel-macos-arm64 | 1.0-2 | 73.00 | OK | |||
r-oldrel-macos-x86_64 | 1.0-2 | 124.00 | NOTE | |||
r-oldrel-windows-x86_64 | 1.0-2 | 21.00 | 187.00 | 208.00 | OK |
Version: 1.0-2
Check: Rd files
Result: NOTE
checkRd: (-1) C316.amp.Rd:28-32: Lost braces
28 | 40 x {
| ^
checkRd: (-1) C317.amp.Rd:28-32: Lost braces
28 | 40 x {
| ^
checkRd: (-1) C60.amp.Rd:63-67: Lost braces
63 | 40 x {
| ^
Flavors: r-devel-linux-x86_64-debian-clang, r-devel-linux-x86_64-debian-gcc, r-devel-linux-x86_64-fedora-clang, r-devel-linux-x86_64-fedora-gcc, r-devel-windows-x86_64, r-patched-linux-x86_64, r-release-linux-x86_64, r-release-macos-arm64, r-release-macos-x86_64, r-release-windows-x86_64
Version: 1.0-2
Check: package dependencies
Result: NOTE
Packages suggested but not available for checking: 'drc', 'qpcR'
Flavor: r-oldrel-macos-x86_64
Version: 1.0-2
Check: Rd cross-references
Result: NOTE
Package unavailable to check Rd xrefs: ‘qpcR’
Flavor: r-oldrel-macos-x86_64